-- Table structure for table `wp_layerslider_revisions`
--

CREATE TABLE `wp_layerslider_revisions` (
  `id` int(10) NOT NULL AUTO_INCREMENT,
  `slider_id` int(10) NOT NULL,
  `author` int(10) NOT NULL DEFAULT '0',
  `data` mediumtext COLLATE utf8mb4_unicode_520_ci NOT NULL,
  `date_c` int(10) NOT NULL,
  PRIMARY KEY (`id`)
) ENGINE=InnoDB DEFAULT CHARSET=utf8mb4 COLLATE=utf8mb4_unicode_520_ci;

--
-- Dumping data for table `wp_layerslider_revisions`
--


--
-- Table structure for table `wp_learndash_user_activity`
--

CREATE TABLE `wp_learndash_user_activity` (
  `activity_id` bigint(20) unsigned NOT NULL AUTO_INCREMENT,
  `user_id` bigint(20) unsigned NOT NULL DEFAULT '0',
  `post_id` bigint(20) unsigned NOT NULL DEFAULT '0',
  `activity_type` varchar(50) COLLATE utf8mb4_unicode_ci DEFAULT NULL,
  `activity_status` tinyint(1) unsigned DEFAULT NULL,
  `activity_started` int(11) unsigned DEFAULT NULL,
  `activity_completed` int(11) unsigned DEFAULT NULL,
  `activity_updated` int(11) unsigned DEFAULT NULL,
  `course_id` bigint(20) unsigned NOT NULL DEFAULT '0',
  PRIMARY KEY (`activity_id`),
  KEY `user_id` (`user_id`),
  KEY `post_id` (`post_id`),
  KEY `activity_status` (`activity_status`),
  KEY `activity_type` (`activity_type`),
  KEY `activity_started` (`activity_started`),
  KEY `activity_completed` (`activity_completed`),
  KEY `activity_updated` (`activity_updated`),
  KEY `course_id` (`course_id`)
) ENGINE=MyISAM AUTO_INCREMENT=104 DEFAULT CHARSET=utf8mb4 COLLATE=utf8mb4_unicode_ci;

--
-- Dumping data for table `wp_learndash_user_activity`
--

INSERT INTO `wp_learndash_user_activity` VALUES (103,2,47221,'lesson',0,1510932018,NULL,1510932018,0),(102,2,47223,'topic',0,1510932012,NULL,1510932012,0),(101,2,47217,'topic',0,1510421825,NULL,1510421825,0),(100,2,48288,'lesson',0,1510421677,NULL,1510421677,0),(99,2,47478,'lesson',0,1510172450,NULL,1510172450,0),(98,2,47475,'lesson',0,1510169631,NULL,1510169631,0),(97,2,47477,'lesson',0,1510169426,NULL,1510169426,0),(96,2,47476,'lesson',0,1510147302,NULL,1510147302,0),(95,2,47471,'course',0,1510147302,NULL,1510147302,0),(94,335,47476,'lesson',0,1510146863,NULL,1510146863,0),(92,2,47203,'course',0,1510421676,NULL,1510421676,0),(93,335,47471,'course',0,1510146863,NULL,1510146863,0),(91,335,47203,'course',0,NULL,NULL,1510146224,0),(90,335,47213,'topic',1,NULL,NULL,1510146224,0);

--
-- Table structure for table `wp_learndash_user_activity_meta`
--

CREATE TABLE `wp_learndash_user_activity_meta` (
  `activity_meta_id` bigint(20) unsigned NOT NULL AUTO_INCREMENT,
  `activity_id` bigint(20) unsigned NOT NULL DEFAULT '0',
  `activity_meta_key` varchar(255) COLLATE utf8mb4_unicode_ci DEFAULT NULL,
  `activity_meta_value` mediumtext COLLATE utf8mb4_unicode_ci,
  PRIMARY KEY (`activity_meta_id`),
  KEY `activity_id` (`activity_id`),
  KEY `activity_meta_key` (`activity_meta_key`(191))
) ENGINE=MyISAM AUTO_INCREMENT=218 DEFAULT CHARSET=utf8mb4 COLLATE=utf8mb4_unicode_ci;

--
-- Dumping data for table `wp_learndash_user_activity_meta`
--

INSERT INTO `wp_learndash_user_activity_meta` VALUES (217,103,'steps_completed','0'),(216,103,'steps_total','38'),(215,102,'steps_completed','0'),(214,102,'steps_total','38'),(213,101,'steps_completed','0'),(212,101,'steps_total','38'),(211,100,'steps_completed','0'),(210,100,'steps_total','38'),(209,99,'steps_completed','0'),(208,99,'steps_total','9'),(207,98,'steps_completed','0'),(206,98,'steps_total','9'),(205,97,'steps_completed','0'),(204,97,'steps_total','9'),(203,96,'steps_completed','0'),(202,96,'steps_total','9'),(201,95,'steps_last_id','47476'),(200,95,'steps_completed','0'),(199,95,'steps_total','9'),(198,94,'steps_completed','0'),(197,94,'steps_total','9'),(196,93,'steps_last_id','47476'),(194,93,'steps_total','9'),(195,93,'steps_completed','0'),(193,92,'steps_last_id','48288'),(191,92,'steps_total','38'),(192,92,'steps_completed','0'),(190,91,'steps_last_id','47213'),(189,91,'steps_completed','1'),(188,91,'steps_total','80');

--
-- Table structure for table `wp_links`
--

CREATE TABLE `wp_links` (
  `link_id` bigint(20) unsigned NOT NULL AUTO_INCREMENT,
  `link_url` varchar(255) COLLATE utf8mb4_unicode_ci NOT NULL DEFAULT '',
  `link_name` varchar(255) COLLATE utf8mb4_unicode_ci NOT NULL DEFAULT '',
  `link_image` varchar(255) COLLATE utf8mb4_unicode_ci NOT NULL DEFAULT '',
  `link_target` varchar(25) COLLATE utf8mb4_unicode_ci NOT NULL DEFAULT '',
  `link_description` varchar(255) COLLATE utf8mb4_unicode_ci NOT NULL DEFAULT '',
  `link_visible` varchar(20) COLLATE utf8mb4_unicode_ci NOT NULL DEFAULT 'Y',
  `link_owner` bigint(20) unsigned NOT NULL DEFAULT '1',
  `link_rating` int(11) NOT NULL DEFAULT '0',
  `link_updated` datetime NOT NULL DEFAULT '0000-00-00 00:00:00',
  `link_rel` varchar(255) COLLATE utf8mb4_unicode_ci NOT NULL DEFAULT '',
  `link_notes` longtext COLLATE utf8mb4_unicode_ci NOT NULL,
  `link_rss` varchar(255) COLLATE utf8mb4_unicode_ci NOT NULL DEFAULT '',
  PRIMARY KEY (`link_id`),
  KEY `link_visible` (`link_visible`)
) ENGINE=InnoDB DEFAULT CHARSET=utf8mb4 COLLATE=utf8mb4_unicode_ci;

--
-- Dumping data for table `wp_links`
--


--
-- Table structure for table `wp_ms_snippets`
--

CREATE TABLE `wp_ms_snippets` (
  `id` bigint(20) NOT NULL AUTO_INCREMENT,
  `name` tinytext COLLATE utf8mb4_unicode_520_ci NOT NULL,
  `description` text COLLATE utf8mb4_unicode_520_ci NOT NULL,
  `code` longtext COLLATE utf8mb4_unicode_520_ci NOT NULL,
  `tags` longtext COLLATE utf8mb4_unicode_520_ci NOT NULL,
  `scope` varchar(15) COLLATE utf8mb4_unicode_520_ci NOT NULL DEFAULT 'global',
  `priority` smallint(6) NOT NULL DEFAULT '10',
  `active` tinyint(1) NOT NULL DEFAULT '0',
  `modified` datetime NOT NULL DEFAULT '0000-00-00 00:00:00',
  PRIMARY KEY (`id`)
) ENGINE=InnoDB DEFAULT CHARSET=utf8mb4 COLLATE=utf8mb4_unicode_520_ci;

--
-- Dumping data for table `wp_ms_snippets`
--


--
-- Table structure for table `wp_optimizepress_assets`
--

CREATE TABLE `wp_optimizepress_assets` (
  `id` bigint(20) unsigned NOT NULL AUTO_INCREMENT,
  `name` varchar(64) COLLATE latin1_general_ci NOT NULL DEFAULT '0',
  `title` varchar(150) COLLATE latin1_general_ci NOT NULL DEFAULT '',
  `settings` varchar(1) COLLATE latin1_general_ci NOT NULL DEFAULT 'N',
  PRIMARY KEY (`id`)
) ENGINE=MyISAM DEFAULT CHARSET=latin1 COLLATE=latin1_general_ci;

--
-- Dumping data for table `wp_optimizepress_assets`
--


--
-- Table structure for table `wp_optimizepress_launchfunnels`
--

CREATE TABLE `wp_optimizepress_launchfunnels` (
  `id` bigint(20) unsigned NOT NULL AUTO_INCREMENT,
  `title` varchar(254) COLLATE latin1_general_ci NOT NULL DEFAULT '',
  PRIMARY KEY (`id`)
) ENGINE=MyISAM DEFAULT CHARSET=latin1 COLLATE=latin1_general_ci;

--
-- Dumping data for table `wp_optimizepress_launchfunnels`
--


--
-- Table structure for table `wp_optimizepress_launchfunnels_pages`
--

CREATE TABLE `wp_optimizepress_launchfunnels_pages` (
  `funnel_id` bigint(20) unsigned NOT NULL,
  `page_id` bigint(20) unsigned NOT NULL,
  `step` int(10) unsigned NOT NULL
) ENGINE=MyISAM DEFAULT CHARSET=latin1 COLLATE=latin1_general_ci;

--
-- Dumping data for table `wp_optimizepress_launchfunnels_pages`
--


--
-- Table structure for table `wp_optimizepress_layout_categories`
--

CREATE TABLE `wp_optimizepress_layout_categories` (
  `id` int(10) unsigned NOT NULL AUTO_INCREMENT,
  `name` varchar(255) COLLATE latin1_general_ci NOT NULL,
  PRIMARY KEY (`id`)
) ENGINE=MyISAM AUTO_INCREMENT=6 DEFAULT CHARSET=latin1 COLLATE=latin1_general_ci;

--
-- Dumping data for table `wp_optimizepress_layout_categories`
--

INSERT INTO `wp_optimizepress_layout_categories` VALUES (1,'Opt-In Pages'),(2,'Thank You Pages'),(3,'Launch Pages'),(4,'Sales Pages'),(5,'Membership Pages');

--
-- Table structure for table `wp_optimizepress_pb_products`
--

CREATE TABLE `wp_optimizepress_pb_products` (
  `id` bigint(20) unsigned NOT NULL AUTO_INCREMENT,
  `post_id` bigint(20) unsigned NOT NULL,
  `parent_id` bigint(20) unsigned NOT NULL,
  `type` varchar(50) COLLATE latin1_general_ci NOT NULL DEFAULT '',
  PRIMARY KEY (`id`)
) ENGINE=MyISAM DEFAULT CHARSET=latin1 COLLATE=latin1_general_ci;

--
-- Dumping data for table `wp_optimizepress_pb_products`
--


--
-- Table structure for table `wp_optimizepress_post_layouts`
--

CREATE TABLE `wp_optimizepress_post_layouts` (
  `id` bigint(20) unsigned NOT NULL AUTO_INCREMENT,
  `post_id` bigint(20) unsigned NOT NULL,
  `type` varchar(255) COLLATE latin1_general_ci NOT NULL,
  `layout` longtext COLLATE latin1_general_ci NOT NULL,
  `status` varchar(20) COLLATE latin1_general_ci NOT NULL DEFAULT 'publish',
  `modified` datetime DEFAULT NULL,
  PRIMARY KEY (`id`)
) ENGINE=MyISAM AUTO_INCREMENT=674 DEFAULT CHARSET=latin1 COLLATE=latin1_general_ci;

--
-- Dumping data for table `wp_optimizepress_post_layouts`
--

INSERT INTO `wp_optimizepress_post_layouts` VALUES (607,1213,'body','[encoded data, 18468 characters]','publish','2017-08-17 13:32:28'),(28,1213,'body','[encoded data, 21408 characters]','revision','2017-06-16 11:41:30'),(29,1213,'body','[encoded data, 7972 characters]','revision','2017-06-16 11:41:58'),(569,1213,'body','[encoded data, 37420 characters]','revision','2017-08-09 12:37:26'),(58,1213,'body','[encoded data, 11384 characters]','revision','2017-06-20 20:00:16'),(572,1213,'body','[encoded data, 18468 characters]','revision','2017-08-09 12:47:45'),(571,1213,'body','[encoded data, 21984 characters]','revision','2017-08-09 12:44:27'),(570,1213,'body','[encoded data, 11452 characters]','revision','2017-08-09 12:41:15'),(585,1213,'body','[encoded data, 21984 characters]','revision','2017-08-13 16:54:37'),(596,1213,'body','[encoded data, 7452 characters]','revision','2017-08-15 20:19:07'),(606,1213,'body','[encoded data, 21984 characters]','revision','2017-08-17 13:29:59');

--
-- Table structure for table `wp_optimizepress_predefined_layouts`
--

CREATE TABLE `wp_optimizepress_predefined_layouts` (
  `id` bigint(20) unsigned NOT NULL AUTO_INCREMENT,
  `name` varchar(100) COLLATE latin1_general_ci NOT NULL DEFAULT '',
  `category` int(10) unsigned NOT NULL,
  `description` text COLLATE latin1_general_ci NOT NULL,
  `preview_ext` varchar(4) COLLATE latin1_general_ci NOT NULL DEFAULT '',
  `layouts` longtext COLLATE latin1_general_ci NOT NULL,
  `settings` longtext COLLATE latin1_general_ci NOT NULL,
  PRIMARY KEY (`id`)
) ENGINE=MyISAM AUTO_INCREMENT=37 DEFAULT CHARSET=latin1 COLLATE=latin1_general_ci;

--
-- Dumping data for table `wp_optimizepress_predefined_layouts`
--

INSERT INTO `wp_optimizepress_predefined_layouts` VALUES (19,'BACKDROP Box-Left',1,'Full background landing page with opt-in form aligned left|http://myhappymind.org/wp-content/uploads/2017/06/template_tn9-2.jpg','jpg','[encoded data, 10044 characters]','[encoded data, 19156 characters]'),(20,'BACKDROP Box-Right',1,'Full background landing page with opt-in form aligned right.|http://myhappymind.org/wp-content/uploads/2017/06/template_tn8-2.jpg','jpg','[encoded data, 10020 characters]','[encoded data, 19372 characters]'),(21,'Bold Template',1,'Bold headline template with email opt-in form|http://myhappymind.org/wp-content/uploads/2017/06/Window_and_JD-2.jpg','jpg','[encoded data, 4724 characters]','[encoded data, 9564 characters]'),(22,'Book Launch Landing Page',1,'Perfect landing page for any kind of product or book launch|http://myhappymind.org/wp-content/uploads/2017/06/tn1-2.jpg','jpg','[encoded data, 37444 characters]','[encoded data, 28360 characters]'),(23,'Book Launch Thank You Page',2,'Thank you page for launch of your book or product|http://myhappymind.org/wp-content/uploads/2017/06/template_tn1-2.jpg','jpg','[encoded data, 17608 characters]','[encoded data, 27376 characters]'),(24,'Book Launch Video Page',3,'Video content or launch content page for your product or book launch|http://myhappymind.org/wp-content/uploads/2017/06/template_tn2-2.jpg','jpg','[encoded data, 11472 characters]','[encoded data, 26572 characters]'),(25,'Book Sales Page',4,'Sales page for book or ebook, includes features and testimonial|http://myhappymind.org/wp-content/uploads/2017/06/sales_booksales-2.jpg','jpg','[encoded data, 9072 characters]','[encoded data, 14264 characters]'),(26,'Clean Style Free Report Opt-in Page',1,'Classy, clean design for giving away a free ebook or report|http://myhappymind.org/wp-content/uploads/2017/06/clean-landingpage_12-2.jpg','jpg','[encoded data, 6664 characters]','[encoded data, 14748 characters]'),(27,'Clean Video Landing Page',1,'Simple landing page with clean headline and video|http://myhappymind.org/wp-content/uploads/2017/06/template_lp1-2.jpg','jpg','[encoded data, 7992 characters]','[encoded data, 9592 characters]'),