-- Table structure for table `wp_woocommerce_order_items`
--

CREATE TABLE `wp_woocommerce_order_items` (
  `order_item_id` bigint(20) unsigned NOT NULL AUTO_INCREMENT,
  `order_item_name` text COLLATE utf8mb4_unicode_520_ci NOT NULL,
  `order_item_type` varchar(200) COLLATE utf8mb4_unicode_520_ci NOT NULL DEFAULT '',
  `order_id` bigint(20) unsigned NOT NULL,
  PRIMARY KEY (`order_item_id`),
  KEY `order_id` (`order_id`)
) ENGINE=InnoDB AUTO_INCREMENT=1098 DEFAULT CHARSET=utf8mb4 COLLATE=utf8mb4_unicode_520_ci;

--
-- Dumping data for table `wp_woocommerce_order_items`
--

INSERT INTO `wp_woocommerce_order_items` VALUES (70,'myHappymind story books','line_item',83259),(71,'UK shipping','shipping',83259),(72,'GB-VAT-1','tax',83259),(73,'myHappymind story books','line_item',83260),(74,'UK shipping','shipping',83260),(75,'GB-VAT-1','tax',83260),(76,'spring20','coupon',83260),(77,'myHappymind story books','line_item',83261),(78,'UK shipping','shipping',83261),(79,'GB-VAT-1','tax',83261),(80,'spring20','coupon',83261),(81,'myHappymind story books','line_item',83262),(82,'UK shipping','shipping',83262),(83,'GB-VAT-1','tax',83262),(84,'mhm15','coupon',83262),(85,'myHappymind conversation cards','line_item',83263),(86,'UK shipping','shipping',83263),(87,'GB-VAT-1','tax',83263),(88,'myHappymind conversation cards','line_item',83273),(89,'UK shipping','shipping',83273),(90,'GB-VAT-1','tax',83273),(91,'myHappymind big bundle!','line_item',83274),(92,'myHappymind cuddly toys','line_item',83274),(93,'myHappymind story books','line_item',83274),(94,'myHappymind conversation cards','line_item',83274),(95,'UK shipping','shipping',83274),(96,'MIXED SUPPLY RATE-1','tax',83274),(97,'GB-VAT-1','tax',83274),(98,'mhm15','coupon',83274),(99,'myHappymind conversation cards','line_item',83276),(100,'UK shipping','shipping',83276),(101,'GB-VAT-1','tax',83276),(102,'mhm15','coupon',83276),(103,'myHappymind conversation cards','line_item',83277),(104,'UK shipping','shipping',83277),(105,'GB-VAT-1','tax',83277),(106,'myHappymind conversation cards','line_item',83278),(107,'UK shipping','shipping',83278),(108,'GB-VAT-1','tax',83278),(109,'myHappymind story books','line_item',83291),(110,'UK shipping','shipping',83291),(111,'GB-VAT-1','tax',83291),(112,'mhm15','coupon',83291),(113,'myHappymind conversation cards','line_item',83292),(114,'UK shipping','shipping',83292),(115,'GB-VAT-1','tax',83292),(116,'myHappymind conversation cards','line_item',83293),(117,'UK shipping','shipping',83293),(118,'GB-VAT-1','tax',83293),(119,'myHappymind conversation cards','line_item',83294),(120,'UK shipping','shipping',83294),(121,'GB-VAT-1','tax',83294),(122,'mhm15','coupon',83294),(123,'myHappymind story books','line_item',83574),(124,'UK shipping','shipping',83574),(125,'GB-VAT-1','tax',83574),(126,'myHappymind conversation cards','line_item',83575),(127,'UK shipping','shipping',83575),(128,'GB-VAT-1','tax',83575),(129,'myHappymind conversation cards','line_item',83578),(130,'UK shipping','shipping',83578),(131,'GB-VAT-1','tax',83578),(132,'myHappymind conversation cards','line_item',83579),(133,'myHappymind story books','line_item',83579),(134,'UK shipping','shipping',83579),(135,'GB-VAT-1','tax',83579),(136,'mhm15','coupon',83579),(137,'myHappymind conversation cards','line_item',83580),(138,'UK shipping','shipping',83580),(139,'GB-VAT-1','tax',83580),(140,'mhm15','coupon',83580),(141,'myHappymind conversation cards','line_item',83581),(142,'UK shipping','shipping',83581),(143,'GB-VAT-1','tax',83581),(144,'mhm15','coupon',83581),(145,'myHappymind conversation cards','line_item',83586),(146,'UK shipping','shipping',83586),(147,'GB-VAT-1','tax',83586),(148,'mhm15','coupon',83586),(149,'myHappymind conversation cards','line_item',83587),(150,'UK shipping','shipping',83587),(151,'GB-VAT-1','tax',83587),(152,'mhm15','coupon',83587),(153,'myHappymind conversation cards','line_item',83588),(154,'UK shipping','shipping',83588),(155,'GB-VAT-1','tax',83588),(156,'mhm15','coupon',83588),(157,'myHappymind conversation cards','line_item',83589),(158,'UK shipping','shipping',83589),(159,'GB-VAT-1','tax',83589),(160,'mhm15','coupon',83589),(161,'myHappymind conversation cards','line_item',83590),(162,'UK shipping','shipping',83590),(163,'GB-VAT-1','tax',83590),(164,'mhm15','coupon',83590),(165,'myHappymind conversation cards','line_item',83591),(166,'UK shipping','shipping',83591),(167,'GB-VAT-1','tax',83591),(168,'mhm15','coupon',83591),(169,'myHappymind conversation cards','line_item',83592),(170,'UK shipping','shipping',83592),(171,'GB-VAT-1','tax',83592),(175,'myHappymind cuddly toys','line_item',83596),(176,'UK shipping','shipping',83596),(177,'GB-VAT-1','tax',83596),(178,'myHappymind conversation cards','line_item',83597),(179,'UK shipping','shipping',83597),(180,'GB-VAT-1','tax',83597),(181,'myHappymind story books','line_item',83598),(182,'UK shipping','shipping',83598),(183,'GB-VAT-1','tax',83598),(184,'myHappymind conversation cards','line_item',83599),(185,'UK shipping','shipping',83599),(186,'GB-VAT-1','tax',83599),(187,'myHappymind story books','line_item',83600),(188,'UK shipping','shipping',83600),(189,'GB-VAT-1','tax',83600),(190,'myHappymind story books','line_item',83601),(191,'UK shipping','shipping',83601),(192,'GB-VAT-1','tax',83601),(193,'myHappymind story books','line_item',83602),(194,'UK shipping','shipping',83602),(195,'GB-VAT-1','tax',83602),(196,'myHappymind conversation cards','line_item',83603),(197,'UK shipping','shipping',83603),(198,'GB-VAT-1','tax',83603),(199,'myHappymind conversation cards','line_item',83604),(200,'myHappymind story books','line_item',83604),(201,'UK shipping','shipping',83604),(202,'GB-VAT-1','tax',83604),(203,'myHappymind conversation cards','line_item',83605),(204,'myHappymind story books','line_item',83605),(205,'UK shipping','shipping',83605),(206,'GB-VAT-1','tax',83605),(207,'myHappymind conversation cards','line_item',83606),(208,'myHappymind story books','line_item',83606),(209,'UK shipping','shipping',83606),(210,'GB-VAT-1','tax',83606),(215,'myHappymind conversation cards','line_item',83607),(216,'myHappymind story books','line_item',83607),(217,'UK shipping','shipping',83607),(218,'GB-VAT-1','tax',83607),(219,'myHappymind conversation cards','line_item',83609),(220,'UK shipping','shipping',83609),(221,'GB-VAT-1','tax',83609),(222,'myHappymind cuddly toys','line_item',83634),(223,'UK shipping','shipping',83634),(224,'GB-VAT-1','tax',83634),(225,'spring20','coupon',83634),(226,'myHappymind cuddly toys','line_item',83653),(227,'UK shipping','shipping',83653),(228,'GB-VAT-1','tax',83653),(229,'spring20','coupon',83653),(230,'myHappymind story books','line_item',83654),(231,'UK shipping','shipping',83654),(232,'GB-VAT-1','tax',83654),(233,'myHappymind cuddly toys','line_item',83656),(234,'UK shipping','shipping',83656),(235,'GB-VAT-1','tax',83656),(236,'spring20','coupon',83656),(237,'myHappymind story books','line_item',83657),(238,'UK shipping','shipping',83657),(239,'GB-VAT-1','tax',83657),(240,'insider','coupon',83657),(241,'myHappymind story books','line_item',83658),(242,'UK shipping','shipping',83658),(243,'GB-VAT-1','tax',83658),(244,'myHappymind cuddly toys','line_item',83659),(245,'UK shipping','shipping',83659),(246,'GB-VAT-1','tax',83659),(247,'spring20','coupon',83659),(248,'myHappymind cuddly toys','line_item',83660),(249,'UK shipping','shipping',83660),(250,'GB-VAT-1','tax',83660),(251,'spring20','coupon',83660),(252,'myHappymind big bundle!','line_item',83666),(253,'myHappymind cuddly toys','line_item',83666),(254,'myHappymind story books','line_item',83666),(255,'myHappymind conversation cards','line_item',83666),(256,'UK shipping','shipping',83666),(257,'MIXED SUPPLY RATE-1','tax',83666),(258,'GB-VAT-1','tax',83666),(259,'myHappymind conversation cards','line_item',83667),(260,'UK shipping','shipping',83667),(261,'GB-VAT-1','tax',83667),(262,'myHappymind conversation cards','line_item',83668),(263,'UK shipping','shipping',83668),(264,'GB-VAT-1','tax',83668),(268,'myHappymind conversation cards','line_item',83669),(269,'UK shipping','shipping',83669),(270,'GB-VAT-1','tax',83669),(271,'myHappymind story books','line_item',83671),(272,'myHappymind conversation cards','line_item',83671),(273,'UK shipping','shipping',83671),(274,'GB-VAT-1','tax',83671),(275,'myHappymind big bundle!','line_item',83672),(276,'myHappymind cuddly toys','line_item',83672),(277,'myHappymind story books','line_item',83672),(278,'myHappymind conversation cards','line_item',83672),(279,'UK shipping','shipping',83672),(280,'MIXED SUPPLY RATE-1','tax',83672),(281,'GB-VAT-1','tax',83672),(282,'myHappymind conversation cards','line_item',83673),(283,'UK shipping','shipping',83673),(284,'GB-VAT-1','tax',83673),(285,'myHappymind conversation cards','line_item',83674),(286,'UK shipping','shipping',83674),(287,'GB-VAT-1','tax',83674),(288,'myHappymind story books','line_item',83675),(289,'UK shipping','shipping',83675),(290,'GB-VAT-1','tax',83675),(293,'myHappymind story books','line_item',83683),(294,'UK shipping','shipping',83683),(295,'GB-VAT-1','tax',83683),(299,'myHappymind cuddly toys £34.99 post free','line_item',83687),(300,'GB-VAT-1','tax',83687),(301,'myHappymind big bundle!','line_item',83688),(302,'myHappymind cuddly toys','line_item',83688),(303,'myHappymind story books','line_item',83688),(304,'myHappymind conversation cards','line_item',83688),(305,'UK shipping','shipping',83688),(306,'MIXED SUPPLY RATE-1','tax',83688),(307,'GB-VAT-1','tax',83688),(308,'myHappymind conversation cards','line_item',83689),(309,'UK shipping','shipping',83689),(310,'GB-VAT-1','tax',83689),(311,'myHappymind conversation cards','line_item',83690),(312,'UK shipping','shipping',83690),(313,'GB-VAT-1','tax',83690),(314,'myHappymind big bundle!','line_item',83691),(315,'myHappymind cuddly toys','line_item',83691),(316,'myHappymind story books','line_item',83691),(317,'myHappymind conversation cards','line_item',83691),(318,'UK shipping','shipping',83691),(319,'MIXED SUPPLY RATE-1','tax',83691),(320,'GB-VAT-1','tax',83691),(321,'myHappymind conversation cards','line_item',83692),(322,'UK shipping','shipping',83692),(323,'GB-VAT-1','tax',83692),(324,'myHappymind conversation cards','line_item',83693),(325,'myHappymind story books','line_item',83693),(326,'UK shipping','shipping',83693),(327,'GB-VAT-1','tax',83693),(328,'myHappymind story books','line_item',83694),(329,'UK shipping','shipping',83694),(330,'GB-VAT-1','tax',83694),(331,'myHappymind conversation cards','line_item',83695),(332,'myHappymind story books','line_item',83695),(333,'UK shipping','shipping',83695),(334,'GB-VAT-1','tax',83695),(335,'myHappymind conversation cards','line_item',83696),(336,'UK shipping','shipping',83696),(337,'GB-VAT-1','tax',83696),(338,'myHappymind conversation cards','line_item',83697),(339,'myHappymind story books','line_item',83697),(340,'UK shipping','shipping',83697),(341,'GB-VAT-1','tax',83697),(342,'myHappymind cuddly toys £34.99 post free','line_item',83699),(343,'GB-VAT-1','tax',83699),(344,'myHappymind cuddly toys','line_item',83700),(345,'UK shipping','shipping',83700),(346,'GB-VAT-1','tax',83700),(347,'summer15','coupon',83700),(348,'myHappymind cuddly toys £34.99 post free','line_item',83701),(349,'GB-VAT-1','tax',83701),(350,'myHappymind cuddly toys','line_item',83702),(351,'UK shipping','shipping',83702),(352,'GB-VAT-1','tax',83702),(353,'summer15','coupon',83702),(354,'myHappymind cuddly toys','line_item',83703),(355,'UK shipping','shipping',83703),(356,'GB-VAT-1','tax',83703),(357,'summer15','coupon',83703),(358,'myHappymind conversation cards','line_item',83708),(359,'UK shipping','shipping',83708),(360,'GB-VAT-1','tax',83708),(361,'myHappymind cuddly toys','line_item',83709),(362,'UK shipping','shipping',83709),(363,'GB-VAT-1','tax',83709),(364,'summer15','coupon',83709),(365,'myHappymind story books','line_item',83718),(366,'UK shipping','shipping',83718),(367,'GB-VAT-1','tax',83718),(368,'myHappymind conversation cards','line_item',83719),(369,'UK shipping','shipping',83719),(370,'GB-VAT-1','tax',83719),(371,'myHappymind big bundle!','line_item',83726),(372,'myHappymind cuddly toys','line_item',83726),(373,'myHappymind story books','line_item',83726),(374,'myHappymind conversation cards','line_item',83726),(375,'UK shipping','shipping',83726),(376,'MIXED SUPPLY RATE-1','tax',83726),(377,'GB-VAT-1','tax',83726),(378,'myHappymind conversation cards','line_item',83728),(379,'UK shipping','shipping',83728),(380,'GB-VAT-1','tax',83728),(381,'myHappymind cuddly toys','line_item',83734),(382,'UK shipping','shipping',83734),(383,'GB-VAT-1','tax',83734),(384,'summer15','coupon',83734),(385,'myHappymind conversation cards','line_item',83736),(386,'UK shipping','shipping',83736),(387,'GB-VAT-1','tax',83736),(388,'myHappymind conversation cards','line_item',83739),(389,'UK shipping','shipping',83739),(390,'GB-VAT-1','tax',83739),(391,'myHappymind conversation cards','line_item',83742),(392,'UK shipping','shipping',83742),(393,'GB-VAT-1','tax',83742),(394,'myHappymind conversation cards','line_item',83743),(395,'UK shipping','shipping',83743),(396,'GB-VAT-1','tax',83743),(397,'myHappymind conversation cards','line_item',83745),(398,'UK shipping','shipping',83745),(399,'GB-VAT-1','tax',83745),(400,'myHappymind story books','line_item',83746),(401,'UK shipping','shipping',83746),(402,'GB-VAT-1','tax',83746),(403,'myHappymind big bundle!','line_item',83758),(404,'myHappymind cuddly toys','line_item',83758),(405,'myHappymind story books','line_item',83758),(406,'myHappymind conversation cards','line_item',83758),(407,'UK shipping','shipping',83758),(408,'MIXED SUPPLY RATE-1','tax',83758),(409,'GB-VAT-1','tax',83758),(410,'myHappymind cuddly toys','line_item',83768),(411,'UK shipping','shipping',83768),(412,'GB-VAT-1','tax',83768),(413,'myHappymind conversation cards','line_item',83770),(414,'UK shipping','shipping',83770),(415,'GB-VAT-1','tax',83770),(416,'myHappymind conversation cards','line_item',83773),(417,'UK shipping','shipping',83773),(418,'GB-VAT-1','tax',83773),(419,'myHappymind conversation cards','line_item',83774),(420,'UK shipping','shipping',83774),(421,'GB-VAT-1','tax',83774),(422,'myHappymind story books','line_item',83775),(423,'myHappymind conversation cards','line_item',83775),(424,'UK shipping','shipping',83775),(425,'GB-VAT-1','tax',83775),(426,'myHappymind conversation cards','line_item',83776),(427,'UK shipping','shipping',83776),(428,'GB-VAT-1','tax',83776),(429,'myHappymind story books','line_item',83777),(430,'myHappymind conversation cards','line_item',83777),(431,'UK shipping','shipping',83777),(432,'GB-VAT-1','tax',83777),(433,'myHappymind conversation cards','line_item',83779),(434,'UK shipping','shipping',83779),(435,'GB-VAT-1','tax',83779),(436,'myHappymind conversation cards','line_item',83780),(437,'UK shipping','shipping',83780),(438,'GB-VAT-1','tax',83780),(439,'myHappymind cuddly toys','line_item',83781),(440,'Free shipping','shipping',83781),(441,'GB-VAT-1','tax',83781),(442,'familyteds','coupon',83781),(443,'myHappymind cuddly toys','line_item',83782),(444,'Free shipping','shipping',83782),(445,'GB-VAT-1','tax',83782),(446,'familyteds','coupon',83782),(447,'myHappymind cuddly toys','line_item',83783),(448,'Free shipping','shipping',83783),(449,'GB-VAT-1','tax',83783),(450,'familyteds','coupon',83783),(451,'myHappymind cuddly toys','line_item',83784),(452,'Free shipping','shipping',83784),(453,'GB-VAT-1','tax',83784),(454,'familyteds','coupon',83784),(455,'myHappymind conversation cards','line_item',83785),(456,'UK shipping','shipping',83785),(457,'GB-VAT-1','tax',83785),(458,'myHappymind cuddly toys','line_item',83786),(459,'Free shipping','shipping',83786),(460,'GB-VAT-1','tax',83786),(461,'familyteds','coupon',83786),(462,'myHappymind big bundle!','line_item',83787),(463,'myHappymind cuddly toys','line_item',83787),(464,'myHappymind story books','line_item',83787),(465,'myHappymind conversation cards','line_item',83787),(466,'UK shipping','shipping',83787),(467,'MIXED SUPPLY RATE-1','tax',83787),(468,'GB-VAT-1','tax',83787),(469,'myHappymind cuddly toys','line_item',83788),(470,'Free shipping','shipping',83788),(471,'GB-VAT-1','tax',83788),(472,'familyteds','coupon',83788),(473,'myHappymind cuddly toys','line_item',83789),(474,'Free shipping','shipping',83789),(475,'GB-VAT-1','tax',83789),(476,'familyteds','coupon',83789),(477,'myHappymind conversation cards','line_item',83790),(478,'myHappymind story books','line_item',83790),(479,'UK shipping','shipping',83790),(480,'GB-VAT-1','tax',83790),(481,'myHappymind conversation cards','line_item',83791),(482,'UK shipping','shipping',83791),(483,'GB-VAT-1','tax',83791),(484,'myHappymind conversation cards','line_item',83792),(485,'UK shipping','shipping',83792),(486,'GB-VAT-1','tax',83792),(487,'myHappymind story books','line_item',83793),(488,'myHappymind conversation cards','line_item',83793),(489,'UK shipping','shipping',83793),(490,'GB-VAT-1','tax',83793),(491,'myHappymind conversation cards','line_item',83794),(492,'Worldwide zone 1 shipping','shipping',83794),(493,'VAT-1','tax',83794),(494,'myHappymind conversation cards','line_item',83795),(495,'UK shipping','shipping',83795),(496,'GB-VAT-1','tax',83795),(497,'myHappymind conversation cards','line_item',83796),(498,'myHappymind story books','line_item',83796),(499,'UK shipping','shipping',83796),(500,'GB-VAT-1','tax',83796),(501,'myHappymind story books','line_item',83797),(502,'UK shipping','shipping',83797),(503,'GB-VAT-1','tax',83797),(504,'myHappymind conversation cards','line_item',83798),(505,'UK shipping','shipping',83798),(506,'GB-VAT-1','tax',83798),(507,'myHappymind cuddly toys','line_item',83799),(508,'Free shipping','shipping',83799),(509,'GB-VAT-1','tax',83799),(510,'familyteds','coupon',83799),(511,'myHappymind conversation cards','line_item',83800),(512,'UK shipping','shipping',83800),(513,'GB-VAT-1','tax',83800),(514,'myHappymind story books','line_item',83801),(515,'UK shipping','shipping',83801),(516,'GB-VAT-1','tax',83801),(517,'myHappymind cuddly toys','line_item',83802),(518,'Free shipping','shipping',83802),(519,'GB-VAT-1','tax',83802),(520,'familyteds','coupon',83802),(521,'myHappymind cuddly toys','line_item',83803),(522,'Free shipping','shipping',83803),(523,'VAT-1','tax',83803),(524,'familyteds','coupon',83803),(525,'myHappymind conversation cards','line_item',83804),(526,'UK shipping','shipping',83804),(527,'GB-VAT-1','tax',83804),(528,'myHappymind cuddly toys','line_item',83805),(529,'Free shipping','shipping',83805),(530,'GB-VAT-1','tax',83805),(531,'familyteds','coupon',83805),(532,'myHappymind big bundle!','line_item',83806),(533,'myHappymind cuddly toys','line_item',83806),(534,'myHappymind story books','line_item',83806),(535,'myHappymind conversation cards','line_item',83806),(536,'UK shipping','shipping',83806),(537,'MIXED SUPPLY RATE-1','tax',83806),(538,'GB-VAT-1','tax',83806),(539,'myHappymind conversation cards','line_item',83807),(540,'UK shipping','shipping',83807),(541,'GB-VAT-1','tax',83807),(542,'myHappymind story books','line_item',83810),(543,'myHappymind big bundle!','line_item',83812),(544,'myHappymind cuddly toys','line_item',83812),(545,'myHappymind story books','line_item',83812),(546,'myHappymind conversation cards','line_item',83812),(547,'UK shipping','shipping',83812),(548,'MIXED SUPPLY RATE-1','tax',83812),(549,'GB-VAT-1','tax',83812),(550,'family15','coupon',83812),(551,'myHappymind conversation cards','line_item',83813),(552,'UK shipping','shipping',83813),(553,'GB-VAT-1','tax',83813),(554,'myHappymind story books','line_item',83814),(555,'UK shipping','shipping',83814),(556,'GB-VAT-1','tax',83814),(557,'family15','coupon',83814),(558,'myHappymind conversation cards','line_item',83816),(559,'UK shipping','shipping',83816),(560,'GB-VAT-1','tax',83816),(561,'myHappymind cuddly toys','line_item',83817),(562,'UK shipping','shipping',83817),(563,'GB-VAT-1','tax',83817),(564,'myHappymind conversation cards','line_item',83818),(565,'UK shipping','shipping',83818),(566,'GB-VAT-1','tax',83818),(567,'myHappymind conversation cards','line_item',83820),(568,'UK shipping','shipping',83820),(569,'GB-VAT-1','tax',83820),(570,'family15','coupon',83820),(571,'myHappymind big bundle!','line_item',83821),(572,'myHappymind cuddly toys','line_item',83821),(573,'myHappymind story books','line_item',83821),(574,'myHappymind conversation cards','line_item',83821),(575,'UK shipping','shipping',83821),(576,'MIXED SUPPLY RATE-1','tax',83821),(577,'GB-VAT-1','tax',83821),(578,'family15','coupon',83821),(579,'myHappymind cuddly toys','line_item',83823),(580,'UK shipping','shipping',83823),(581,'GB-VAT-1','tax',83823),(582,'myHappymind conversation cards','line_item',83826),(583,'UK shipping','shipping',83826),(584,'GB-VAT-1','tax',83826),(585,'myHappymind big bundle!','line_item',83827),(586,'myHappymind cuddly toys','line_item',83827),(587,'myHappymind story books','line_item',83827),(588,'myHappymind conversation cards','line_item',83827),(589,'Worldwide zone 2 shipping','shipping',83827),(590,'MIXED SUPPLY RATE-1','tax',83827),(591,'VAT-1','tax',83827),(592,'family15','coupon',83827),(593,'myHappymind conversation cards','line_item',83828),(594,'UK shipping','shipping',83828),(595,'GB-VAT-1','tax',83828),(596,'myHappymind conversation cards','line_item',83829),(597,'UK shipping','shipping',83829),(598,'GB-VAT-1','tax',83829),(599,'myHappymind story books','line_item',83831),(600,'UK shipping','shipping',83831),(601,'GB-VAT-1','tax',83831),(602,'family15','coupon',83831),(603,'myHappymind conversation cards','line_item',83832),(604,'UK shipping','shipping',83832),(605,'GB-VAT-1','tax',83832),(606,'myHappymind conversation cards','line_item',83857),(607,'UK shipping','shipping',83857),(608,'GB-VAT-1','tax',83857),(609,'myHappymind conversation cards','line_item',83858),(610,'myHappymind story books','line_item',83858),(611,'UK shipping','shipping',83858),(612,'GB-VAT-1','tax',83858),(613,'myHappymind conversation cards','line_item',83865),(614,'UK shipping','shipping',83865),(615,'GB-VAT-1','tax',83865),(616,'myHappymind conversation cards','line_item',83866),(617,'UK shipping','shipping',83866),(618,'GB-VAT-1','tax',83866),(619,'myHappymind conversation cards','line_item',83868),(620,'myHappymind story books','line_item',83868),(621,'UK shipping','shipping',83868),(622,'GB-VAT-1','tax',83868),(623,'myHappymind conversation cards','line_item',83869),(624,'UK shipping','shipping',83869),(625,'GB-VAT-1','tax',83869),(626,'myHappymind conversation cards','line_item',83874),(627,'UK shipping','shipping',83874),(628,'GB-VAT-1','tax',83874),(629,'myHappymind conversation cards','line_item',83875),(630,'Worldwide zone 2 shipping','shipping',83875),(631,'VAT-1','tax',83875),(632,'myHappymind story books','line_item',83877),(633,'UK shipping','shipping',83877),(634,'GB-VAT-1','tax',83877),(635,'myHappymind conversation cards','line_item',83878),(636,'myHappymind story books','line_item',83878),(637,'UK shipping','shipping',83878),(638,'GB-VAT-1','tax',83878),(639,'myHappymind conversation cards','line_item',83880),(640,'UK shipping','shipping',83880),(641,'GB-VAT-1','tax',83880),(642,'myHappymind conversation cards','line_item',83881),(643,'UK shipping','shipping',83881),(644,'GB-VAT-1','tax',83881),(645,'myHappymind conversation cards','line_item',83882),(646,'UK shipping','shipping',83882),(647,'GB-VAT-1','tax',83882),(648,'myHappymind conversation cards','line_item',83888),(649,'UK shipping','shipping',83888),(650,'GB-VAT-1','tax',83888),(651,'myHappymind conversation cards','line_item',83889),(652,'UK shipping','shipping',83889),(653,'GB-VAT-1','tax',83889),(654,'myHappymind conversation cards','line_item',83891),(655,'UK shipping','shipping',83891),(656,'GB-VAT-1','tax',83891),(657,'myHappymind story books','line_item',83892),(658,'UK shipping','shipping',83892),(659,'GB-VAT-1','tax',83892),(660,'myHappymind big bundle!','line_item',83897),(661,'myHappymind cuddly toys','line_item',83897),(662,'myHappymind story books','line_item',83897),(663,'myHappymind conversation cards','line_item',83897),(664,'UK shipping','shipping',83897),(665,'MIXED SUPPLY RATE-1','tax',83897),(666,'GB-VAT-1','tax',83897),(667,'myHappymind story books','line_item',83898),(668,'myHappymind cuddly toys','line_item',83898),(669,'UK shipping','shipping',83898),(670,'GB-VAT-1','tax',83898),(671,'myHappymind story books','line_item',83899),(672,'UK shipping','shipping',83899),(673,'GB-VAT-1','tax',83899),(674,'myHappymind conversation cards','line_item',83920),(675,'UK shipping','shipping',83920),(676,'GB-VAT-1','tax',83920),(677,'myHappymind big bundle!','line_item',83927),(678,'myHappymind cuddly toys','line_item',83927),(679,'myHappymind story books','line_item',83927),(680,'myHappymind conversation cards','line_item',83927),(681,'UK shipping','shipping',83927),(682,'MIXED SUPPLY RATE-1','tax',83927),(683,'GB-VAT-1','tax',83927),(684,'myHappymind big bundle!','line_item',83928),(685,'myHappymind cuddly toys','line_item',83928),(686,'myHappymind story books','line_item',83928),(687,'myHappymind conversation cards','line_item',83928),(688,'UK shipping','shipping',83928),(689,'MIXED SUPPLY RATE-1','tax',83928),(690,'GB-VAT-1','tax',83928),(691,'myHappymind conversation cards','line_item',83929),(692,'UK shipping','shipping',83929),(693,'GB-VAT-1','tax',83929),(694,'myHappymind big bundle!','line_item',83931),(695,'myHappymind cuddly toys','line_item',83931),(696,'myHappymind story books','line_item',83931),(697,'myHappymind conversation cards','line_item',83931),(698,'UK shipping','shipping',83931),(699,'MIXED SUPPLY RATE-1','tax',83931),(700,'GB-VAT-1','tax',83931),(701,'myHappymind big bundle!','line_item',83932),(702,'myHappymind cuddly toys','line_item',83932),(703,'myHappymind story books','line_item',83932),(704,'myHappymind conversation cards','line_item',83932),(705,'UK shipping','shipping',83932),(706,'MIXED SUPPLY RATE-1','tax',83932),(707,'GB-VAT-1','tax',83932),(708,'myHappymind big bundle!','line_item',83935),(709,'myHappymind cuddly toys','line_item',83935),(710,'myHappymind story books','line_item',83935),(711,'myHappymind conversation cards','line_item',83935),(712,'UK shipping','shipping',83935),(713,'MIXED SUPPLY RATE-1','tax',83935),(714,'GB-VAT-1','tax',83935),(715,'myHappymind conversation cards','line_item',83939),(716,'UK shipping','shipping',83939),(717,'GB-VAT-1','tax',83939),(718,'myHappymind conversation cards','line_item',83956),(719,'UK shipping','shipping',83956),(720,'GB-VAT-1','tax',83956),(721,'myHappymind big bundle!','line_item',83957),(722,'myHappymind cuddly toys','line_item',83957),(723,'myHappymind story books','line_item',83957),(724,'myHappymind conversation cards','line_item',83957),(725,'UK shipping','shipping',83957),(726,'MIXED SUPPLY RATE-1','tax',83957),(727,'GB-VAT-1','tax',83957),(728,'myHappymind big bundle!','line_item',83958),(729,'myHappymind cuddly toys','line_item',83958),(730,'myHappymind story books','line_item',83958),(731,'myHappymind conversation cards','line_item',83958),(732,'UK shipping','shipping',83958),(733,'MIXED SUPPLY RATE-1','tax',83958),(734,'GB-VAT-1','tax',83958),(735,'myHappymind story books','line_item',83999),(736,'UK shipping','shipping',83999),(737,'GB-VAT-1','tax',83999),(738,'myHappymind conversation cards','line_item',84000),(739,'UK shipping','shipping',84000),(740,'GB-VAT-1','tax',84000),(741,'myHappymind conversation cards','line_item',84001),(742,'myHappymind story books','line_item',84001),(743,'UK shipping','shipping',84001),(744,'GB-VAT-1','tax',84001),(745,'myHappymind conversation cards','line_item',84003),(746,'UK shipping','shipping',84003),(747,'GB-VAT-1','tax',84003),(748,'myHappymind conversation cards','line_item',84004),(749,'UK shipping','shipping',84004),(750,'GB-VAT-1','tax',84004),(751,'myHappymind conversation cards','line_item',84005),(752,'UK shipping','shipping',84005),(753,'GB-VAT-1','tax',84005),(754,'myHappymind story books','line_item',84006),(755,'myHappymind conversation cards','line_item',84006),(756,'UK shipping','shipping',84006),(757,'GB-VAT-1','tax',84006),(758,'myHappymind cuddly toys','line_item',84007),(759,'UK shipping','shipping',84007),(760,'GB-VAT-1','tax',84007),(761,'myHappymind conversation cards','line_item',84010),(762,'UK shipping','shipping',84010),(763,'GB-VAT-1','tax',84010),(764,'myHappymind cuddly toys','line_item',84011),(765,'UK shipping','shipping',84011),(766,'GB-VAT-1','tax',84011),(767,'myHappymind conversation cards','line_item',84012),(768,'UK shipping','shipping',84012),(769,'GB-VAT-1','tax',84012),(770,'myHappymind conversation cards','line_item',84013),(771,'myHappymind story books','line_item',84013),(772,'UK shipping','shipping',84013),(773,'GB-VAT-1','tax',84013),(774,'myHappymind big bundle!','line_item',84014),(775,'myHappymind cuddly toys','line_item',84014),(776,'myHappymind story books','line_item',84014),(777,'myHappymind conversation cards','line_item',84014),(778,'UK shipping','shipping',84014),(779,'MIXED SUPPLY RATE-1','tax',84014),(780,'GB-VAT-1','tax',84014),(781,'myHappymind conversation cards','line_item',84021),(782,'UK shipping','shipping',84021),(783,'GB-VAT-1','tax',84021),(784,'myHappymind cuddly toys','line_item',84023),(785,'UK shipping','shipping',84023),(786,'GB-VAT-1','tax',84023),(787,'myHappymind big bundle!','line_item',84051),(788,'myHappymind cuddly toys','line_item',84051),(789,'myHappymind story books','line_item',84051),(790,'myHappymind conversation cards','line_item',84051),(791,'UK shipping','shipping',84051),(792,'GB-VAT-1','tax',84051),(793,'myHappymind conversation cards','line_item',84053),(794,'UK shipping','shipping',84053),(795,'GB-VAT-1','tax',84053),(796,'myHappymind story books','line_item',84056),(797,'Worldwide zone 2 shipping','shipping',84056),(798,'VAT-1','tax',84056),(799,'myHappymind story books','line_item',84137),(800,'myHappymind conversation cards','line_item',84137),(801,'UK shipping','shipping',84137),(802,'GB-VAT-1','tax',84137),(803,'myHappymind story books','line_item',84141),(804,'myHappymind conversation cards','line_item',84141),(805,'UK shipping','shipping',84141),(806,'GB-VAT-1','tax',84141),(807,'myHappymind conversation cards','line_item',84142),(808,'UK shipping','shipping',84142),(809,'GB-VAT-1','tax',84142),(810,'myHappymind conversation cards','line_item',84143),(811,'UK shipping','shipping',84143),(812,'GB-VAT-1','tax',84143),(813,'myHappymind conversation cards','line_item',84144),(814,'UK shipping','shipping',84144),(815,'GB-VAT-1','tax',84144),(816,'myHappymind conversation cards','line_item',84145),(817,'UK shipping','shipping',84145),(818,'GB-VAT-1','tax',84145),(819,'myHappymind conversation cards','line_item',84146),(820,'UK shipping','shipping',84146),(821,'GB-VAT-1','tax',84146),(822,'myHappymind story books','line_item',84147),(823,'myHappymind conversation cards','line_item',84147),(824,'UK shipping','shipping',84147),(825,'GB-VAT-1','tax',84147),(826,'myHappymind conversation cards','line_item',84151),(827,'UK shipping','shipping',84151),(828,'GB-VAT-1','tax',84151),(829,'myHappymind conversation cards','line_item',84152),(830,'UK shipping','shipping',84152),(831,'GB-VAT-1','tax',84152),(832,'myHappymind conversation cards','line_item',84153),(833,'UK shipping','shipping',84153),(834,'GB-VAT-1','tax',84153),(835,'myHappymind conversation cards','line_item',84154),(836,'UK shipping','shipping',84154),(837,'GB-VAT-1','tax',84154),(838,'myHappymind conversation cards','line_item',84155),(839,'UK shipping','shipping',84155),(840,'GB-VAT-1','tax',84155),(841,'myHappymind conversation cards','line_item',84156),(842,'UK shipping','shipping',84156),(843,'GB-VAT-1','tax',84156),(844,'myHappymind conversation cards','line_item',84157),(845,'UK shipping','shipping',84157),(846,'GB-VAT-1','tax',84157),(847,'myHappymind conversation cards','line_item',84158),(848,'UK shipping','shipping',84158),(849,'GB-VAT-1','tax',84158),(850,'myHappymind conversation cards','line_item',84159),(851,'UK shipping','shipping',84159),(852,'GB-VAT-1','tax',84159),(853,'myHappymind conversation cards','line_item',84160),(854,'UK shipping','shipping',84160),(855,'GB-VAT-1','tax',84160),(856,'myHappymind conversation cards','line_item',84161),(857,'UK shipping','shipping',84161),(858,'GB-VAT-1','tax',84161),(859,'myHappymind story books','line_item',84163),(860,'myHappymind conversation cards','line_item',84163),(861,'UK shipping','shipping',84163),(862,'GB-VAT-1','tax',84163),(863,'myHappymind story books','line_item',84175),(864,'UK shipping','shipping',84175),(865,'GB-VAT-1','tax',84175),(866,'myHappymind conversation cards','line_item',84188),(867,'UK shipping','shipping',84188),(868,'GB-VAT-1','tax',84188),(869,'myHappymind big bundle!','line_item',84189),(870,'myHappymind cuddly toys','line_item',84189),(871,'myHappymind story books','line_item',84189),(872,'myHappymind conversation cards','line_item',84189),(873,'UK shipping','shipping',84189),(874,'MIXED SUPPLY RATE-1','tax',84189),(875,'GB-VAT-1','tax',84189),(876,'myHappymind story books','line_item',84190),(877,'myHappymind conversation cards','line_item',84190),(878,'UK shipping','shipping',84190),(879,'GB-VAT-1','tax',84190),(880,'myHappymind big bundle!','line_item',84197),(881,'myHappymind cuddly toys','line_item',84197),(882,'myHappymind story books','line_item',84197),(883,'myHappymind conversation cards','line_item',84197),(884,'Before going further, please email hello@myhappymind.org for a custom shipping quote','shipping',84197),(885,'MIXED SUPPLY RATE-1','tax',84197),(886,'GB-VAT-1','tax',84197),(887,'myHappymind conversation cards','line_item',84204),(888,'UK shipping','shipping',84204),(889,'GB-VAT-1','tax',84204),(890,'new15','coupon',84204),(891,'myHappymind conversation cards','line_item',84205),(892,'UK shipping','shipping',84205),(893,'GB-VAT-1','tax',84205),(894,'new15','coupon',84205),(895,'myHappymind conversation cards','line_item',84206),(896,'UK shipping','shipping',84206),(897,'GB-VAT-1','tax',84206),(898,'new15','coupon',84206),(899,'myHappymind conversation cards','line_item',84207),(900,'UK shipping','shipping',84207),(901,'GB-VAT-1','tax',84207),(902,'new15','coupon',84207),(903,'myHappymind conversation cards','line_item',84208),(904,'UK shipping','shipping',84208),(905,'GB-VAT-1','tax',84208),(906,'new15','coupon',84208),(907,'myHappymind conversation cards','line_item',84210),(908,'UK shipping','shipping',84210),(909,'GB-VAT-1','tax',84210),(910,'new15','coupon',84210),(911,'myHappymind conversation cards','line_item',84211),(912,'UK shipping','shipping',84211),(913,'GB-VAT-1','tax',84211),(914,'new15','coupon',84211),(915,'myHappymind conversation cards','line_item',84213),(916,'UK shipping','shipping',84213),(917,'GB-VAT-1','tax',84213),(918,'new15','coupon',84213),(919,'myHappymind big bundle!','line_item',84214),(920,'myHappymind cuddly toys','line_item',84214),(921,'myHappymind story books','line_item',84214),(922,'myHappymind conversation cards','line_item',84214),(923,'UK shipping','shipping',84214),(924,'MIXED SUPPLY RATE-1','tax',84214),(925,'GB-VAT-1','tax',84214),(926,'myHappymind conversation cards','line_item',84215),(927,'UK shipping','shipping',84215),(928,'GB-VAT-1','tax',84215),(929,'new15','coupon',84215),(930,'myHappymind conversation cards','line_item',84216),(931,'UK shipping','shipping',84216),(932,'GB-VAT-1','tax',84216),(933,'new15','coupon',84216),(934,'myHappymind story books','line_item',84217),(935,'UK shipping','shipping',84217),(936,'GB-VAT-1','tax',84217),(937,'new15','coupon',84217),(938,'myHappymind conversation cards','line_item',84218),(939,'UK shipping','shipping',84218),(940,'GB-VAT-1','tax',84218),(941,'myHappymind conversation cards','line_item',84233),(942,'myHappymind story books','line_item',84233),(943,'UK shipping','shipping',84233),(944,'GB-VAT-1','tax',84233),(945,'new15','coupon',84233),(946,'myHappymind big bundle!','line_item',84241),(947,'myHappymind cuddly toys','line_item',84241),(948,'myHappymind story books','line_item',84241),(949,'myHappymind conversation cards','line_item',84241),(950,'UK shipping','shipping',84241),(951,'MIXED SUPPLY RATE-1','tax',84241),(952,'GB-VAT-1','tax',84241),(953,'myHappymind conversation cards','line_item',84242),(954,'UK shipping','shipping',84242),(955,'GB-VAT-1','tax',84242),(956,'myHappymind big bundle!','line_item',84243),(957,'myHappymind cuddly toys','line_item',84243),(958,'myHappymind story books','line_item',84243),(959,'myHappymind conversation cards','line_item',84243),(960,'UK shipping','shipping',84243),(961,'MIXED SUPPLY RATE-1','tax',84243),(962,'GB-VAT-1','tax',84243),(963,'new15','coupon',84243),(964,'myHappymind conversation cards','line_item',84244),(965,'myHappymind story books','line_item',84244),(966,'UK shipping','shipping',84244),(967,'GB-VAT-1','tax',84244),(968,'new15','coupon',84244),(969,'myHappymind conversation cards','line_item',84263),(970,'UK shipping','shipping',84263),(971,'GB-VAT-1','tax',84263),(972,'myHappymind story books','line_item',84264),(973,'myHappymind conversation cards','line_item',84264),(974,'UK shipping','shipping',84264),(975,'GB-VAT-1','tax',84264),(976,'myHappymind conversation cards','line_item',84266),(977,'UK shipping','shipping',84266),(978,'GB-VAT-1','tax',84266),(979,'myHappymind cuddly toys','line_item',84267),(980,'myHappymind story books','line_item',84267),(981,'UK shipping','shipping',84267),(982,'GB-VAT-1','tax',84267),(983,'new15','coupon',84267),(984,'myHappymind conversation cards','line_item',84268),(985,'UK shipping','shipping',84268),(986,'GB-VAT-1','tax',84268),(987,'myHappymind cuddly toys','line_item',84269),(988,'UK shipping','shipping',84269),(989,'GB-VAT-1','tax',84269),(990,'new15','coupon',84269),(991,'myHappymind big bundle!','line_item',84271),(992,'myHappymind cuddly toys','line_item',84271),(993,'myHappymind story books','line_item',84271),(994,'myHappymind conversation cards','line_item',84271),(995,'UK shipping','shipping',84271),(996,'MIXED SUPPLY RATE-1','tax',84271),(997,'GB-VAT-1','tax',84271),(998,'myHappymind cuddly toys','line_item',84275),(999,'UK shipping','shipping',84275),(1000,'GB-VAT-1','tax',84275),(1001,'myHappymind big bundle!','line_item',84278),(1002,'myHappymind cuddly toys','line_item',84278),(1003,'myHappymind story books','line_item',84278),(1004,'myHappymind conversation cards','line_item',84278),(1005,'UK shipping','shipping',84278),(1006,'MIXED SUPPLY RATE-1','tax',84278),(1007,'GB-VAT-1','tax',84278),(1008,'new15','coupon',84278),(1017,'myHappymind big bundle!','line_item',84279),(1018,'myHappymind cuddly toys','line_item',84279),(1019,'myHappymind story books','line_item',84279),(1020,'myHappymind conversation cards','line_item',84279),(1021,'UK shipping','shipping',84279),(1022,'MIXED SUPPLY RATE-1','tax',84279),(1023,'GB-VAT-1','tax',84279),(1024,'new15','coupon',84279),(1025,'myHappymind cuddly toys','line_item',84280),(1026,'UK shipping','shipping',84280),(1027,'GB-VAT-1','tax',84280),(1028,'Laser printouts of the myHappymind 6-11 printable sheets.','fee',84283),(1029,'GB-VAT-1','tax',84283),(1030,'Shipping','shipping',84283),(1031,'myHappymind big bundle!','line_item',84284),(1032,'myHappymind cuddly toys','line_item',84284),(1033,'myHappymind story books','line_item',84284),(1034,'myHappymind conversation cards','line_item',84284),(1035,'myHappymind cuddly toys','line_item',84284),(1036,'Before going further, please email hello@myhappymind.org for a custom shipping quote','shipping',84284),(1037,'MIXED SUPPLY RATE-1','tax',84284),(1038,'GB-VAT-1','tax',84284),(1039,'new15','coupon',84284),(1040,'myHappymind story books','line_item',84285),(1041,'UK shipping','shipping',84285),(1042,'GB-VAT-1','tax',84285),(1043,'myHappymind story books','line_item',84286),(1044,'Europe shipping','shipping',84286),(1045,'VAT-1','tax',84286),(1046,'myHappymind big bundle!','line_item',84294),(1047,'myHappymind cuddly toys','line_item',84294),(1048,'myHappymind story books','line_item',84294),(1049,'myHappymind conversation cards','line_item',84294),(1050,'UK shipping','shipping',84294),(1051,'MIXED SUPPLY RATE-1','tax',84294),(1052,'GB-VAT-1','tax',84294),(1053,'myHappymind conversation cards','line_item',84297),(1054,'myHappymind story books','line_item',84297),(1055,'UK shipping','shipping',84297),(1056,'GB-VAT-1','tax',84297),(1057,'myHappymind story books','line_item',84298),(1058,'UK shipping','shipping',84298),(1059,'GB-VAT-1','tax',84298),(1060,'new15','coupon',84298),(1061,'myHappymind conversation cards','line_item',84301),(1062,'UK shipping','shipping',84301),(1063,'GB-VAT-1','tax',84301),(1064,'myHappymind conversation cards','line_item',84306),(1065,'UK shipping','shipping',84306),(1066,'GB-VAT-1','tax',84306),(1067,'myHappymind conversation cards','line_item',84308),(1068,'UK shipping','shipping',84308),(1069,'GB-VAT-1','tax',84308),(1070,'myHappymind conversation cards','line_item',84310),(1071,'UK shipping','shipping',84310),(1072,'GB-VAT-1','tax',84310),(1073,'myHappymind conversation cards','line_item',84324),(1074,'UK shipping','shipping',84324),(1075,'GB-VAT-1','tax',84324),(1076,'myHappymind conversation cards','line_item',84340),(1077,'UK shipping','shipping',84340),(1078,'GB-VAT-1','tax',84340),(1079,'myHappymind conversation cards','line_item',84353),(1080,'UK shipping','shipping',84353),(1081,'GB-VAT-1','tax',84353),(1082,'myHappymind conversation cards','line_item',84354),(1083,'UK shipping','shipping',84354),(1084,'GB-VAT-1','tax',84354),(1085,'myHappymind big bundle!','line_item',84356),(1086,'myHappymind cuddly toys','line_item',84356),(1087,'myHappymind story books','line_item',84356),(1088,'myHappymind conversation cards','line_item',84356),(1089,'UK shipping','shipping',84356),(1090,'MIXED SUPPLY RATE-1','tax',84356),(1091,'GB-VAT-1','tax',84356),(1092,'myHappymind story books','line_item',84357),(1093,'UK shipping','shipping',84357),(1094,'GB-VAT-1','tax',84357),(1095,'myHappymind cuddly toys','line_item',84358),(1096,'UK shipping','shipping',84358),(1097,'GB-VAT-1','tax',84358);

--
-- Table structure for table `wp_woocommerce_payment_tokenmeta`
--

CREATE TABLE `wp_woocommerce_payment_tokenmeta` (
  `meta_id` bigint(20) unsigned NOT NULL AUTO_INCREMENT,
  `payment_token_id` bigint(20) unsigned NOT NULL,
  `meta_key` varchar(255) COLLATE utf8mb4_unicode_520_ci DEFAULT NULL,
  `meta_value` longtext COLLATE utf8mb4_unicode_520_ci,
  PRIMARY KEY (`meta_id`),
  KEY `payment_token_id` (`payment_token_id`),
  KEY `meta_key` (`meta_key`(32))
) ENGINE=InnoDB DEFAULT CHARSET=utf8mb4 COLLATE=utf8mb4_unicode_520_ci;

--
-- Dumping data for table `wp_woocommerce_payment_tokenmeta`
--


--
-- Table structure for table `wp_woocommerce_payment_tokens`
--

CREATE TABLE `wp_woocommerce_payment_tokens` (
  `token_id` bigint(20) unsigned NOT NULL AUTO_INCREMENT,
  `gateway_id` varchar(200) COLLATE utf8mb4_unicode_520_ci NOT NULL,
  `token` text COLLATE utf8mb4_unicode_520_ci NOT NULL,
  `user_id` bigint(20) unsigned NOT NULL DEFAULT '0',
  `type` varchar(200) COLLATE utf8mb4_unicode_520_ci NOT NULL,
  `is_default` tinyint(1) NOT NULL DEFAULT '0',
  PRIMARY KEY (`token_id`),
  KEY `user_id` (`user_id`)
) ENGINE=InnoDB DEFAULT CHARSET=utf8mb4 COLLATE=utf8mb4_unicode_520_ci;

--
-- Dumping data for table `wp_woocommerce_payment_tokens`
--


--
-- Table structure for table `wp_woocommerce_sessions`
--

CREATE TABLE `wp_woocommerce_sessions` (
  `session_id` bigint(20) unsigned NOT NULL AUTO_INCREMENT,
  `session_key` char(32) COLLATE utf8mb4_unicode_520_ci NOT NULL,
  `session_value` longtext COLLATE utf8mb4_unicode_520_ci NOT NULL,
  `session_expiry` bigint(20) unsigned NOT NULL,
  PRIMARY KEY (`session_id`),
  UNIQUE KEY `session_key` (`session_key`)
) ENGINE=InnoDB AUTO_INCREMENT=120960 DEFAULT CHARSET=utf8mb4 COLLATE=utf8mb4_unicode_520_ci;

--
-- Dumping data for table `wp_woocommerce_sessions`
--

INSERT INTO `wp_woocommerce_sessions` VALUES (120916,'6022c441170081564454640356cb9072','a:7:{s:4:\"cart\";s:6:\"a:0:{}\";s:11:\"cart_totals\";s:367:\"a:15:{s:8:\"subtotal\";i:0;s:12:\"subtotal_tax\";i:0;s:14:\"shipping_total\";i:0;s:12:\"shipping_tax\";i:0;s:14:\"shipping_taxes\";a:0:{}s:14:\"discount_total\";i:0;s:12:\"discount_tax\";i:0;s:19:\"cart_contents_total\";i:0;s:17:\"cart_contents_tax\";i:0;s:19:\"cart_contents_taxes\";a:0:{}s:9:\"fee_total\";i:0;s:7:\"fee_tax\";i:0;s:9:\"fee_taxes\";a:0:{}s:5:\"total\";i:0;s:9:\"total_tax\";i:0;}\";s:15:\"applied_coupons\";s:6:\"a:0:{}\";s:22:\"coupon_discount_totals\";s:6:\"a:0:{}\";s:26:\"coupon_discount_tax_totals\";s:6:\"a:0:{}\";s:21:\"removed_cart_contents\";s:6:\"a:0:{}\";s:8:\"customer\";s:687:\"a:26:{s:2:\"id\";s:1:\"0\";s:13:\"date_modified\";s:0:\"\";s:8:\"postcode\";s:0:\"\";s:4:\"city\";s:0:\"\";s:9:\"address_1\";s:0:\"\";s:7:\"address\";s:0:\"\";s:9:\"address_2\";s:0:\"\";s:5:\"state\";s:0:\"\";s:7:\"country\";s:2:\"GB\";s:17:\"shipping_postcode\";s:0:\"\";s:13:\"shipping_city\";s:0:\"\";s:18:\"shipping_address_1\";s:0:\"\";s:16:\"shipping_address\";s:0:\"\";s:18:\"shipping_address_2\";s:0:\"\";s:14:\"shipping_state\";s:0:\"\";s:16:\"shipping_country\";s:2:\"GB\";s:13:\"is_vat_exempt\";s:0:\"\";s:19:\"calculated_shipping\";s:0:\"\";s:10:\"first_name\";s:0:\"\";s:9:\"last_name\";s:0:\"\";s:7:\"company\";s:0:\"\";s:5:\"phone\";s:0:\"\";s:5:\"email\";s:0:\"\";s:19:\"shipping_first_name\";s:0:\"\";s:18:\"shipping_last_name\";s:0:\"\";s:16:\"shipping_company\";s:0:\"\";}\";}',1630345905),(120917,'83f2c582fe5e4d0d6a82aa1b1e967a3a','a:7:{s:4:\"cart\";s:6:\"a:0:{}\";s:11:\"cart_totals\";s:367:\"a:15:{s:8:\"subtotal\";i:0;s:12:\"subtotal_tax\";i:0;s:14:\"shipping_total\";i:0;s:12:\"shipping_tax\";i:0;s:14:\"shipping_taxes\";a:0:{}s:14:\"discount_total\";i:0;s:12:\"discount_tax\";i:0;s:19:\"cart_contents_total\";i:0;s:17:\"cart_contents_tax\";i:0;s:19:\"cart_contents_taxes\";a:0:{}s:9:\"fee_total\";i:0;s:7:\"fee_tax\";i:0;s:9:\"fee_taxes\";a:0:{}s:5:\"total\";i:0;s:9:\"total_tax\";i:0;}\";s:15:\"applied_coupons\";s:6:\"a:0:{}\";s:22:\"coupon_discount_totals\";s:6:\"a:0:{}\";s:26:\"coupon_discount_tax_totals\";s:6:\"a:0:{}\";s:21:\"removed_cart_contents\";s:6:\"a:0:{}\";s:8:\"customer\";s:687:\"a:26:{s:2:\"id\";s:1:\"0\";s:13:\"date_modified\";s:0:\"\";s:8:\"postcode\";s:0:\"\";s:4:\"city\";s:0:\"\";s:9:\"address_1\";s:0:\"\";s:7:\"address\";s:0:\"\";s:9:\"address_2\";s:0:\"\";s:5:\"state\";s:0:\"\";s:7:\"country\";s:2:\"GB\";s:17:\"shipping_postcode\";s:0:\"\";s:13:\"shipping_city\";s:0:\"\";s:18:\"shipping_address_1\";s:0:\"\";s:16:\"shipping_address\";s:0:\"\";s:18:\"shipping_address_2\";s:0:\"\";s:14:\"shipping_state\";s:0:\"\";s:16:\"shipping_country\";s:2:\"GB\";s:13:\"is_vat_exempt\";s:0:\"\";s:19:\"calculated_shipping\";s:0:\"\";s:10:\"first_name\";s:0:\"\";s:9:\"last_name\";s:0:\"\";s:7:\"company\";s:0:\"\";s:5:\"phone\";s:0:\"\";s:5:\"email\";s:0:\"\";s:19:\"shipping_first_name\";s:0:\"\";s:18:\"shipping_last_name\";s:0:\"\";s:16:\"shipping_company\";s:0:\"\";}\";}',1630349007),(120918,'6ffeedab18759b64f5162a4d6ec2eaca','a:7:{s:4:\"cart\";s:6:\"a:0:{}\";s:11:\"cart_totals\";s:367:\"a:15:{s:8:\"subtotal\";i:0;s:12:\"subtotal_tax\";i:0;s:14:\"shipping_total\";i:0;s:12:\"shipping_tax\";i:0;s:14:\"shipping_taxes\";a:0:{}s:14:\"discount_total\";i:0;s:12:\"discount_tax\";i:0;s:19:\"cart_contents_total\";i:0;s:17:\"cart_contents_tax\";i:0;s:19:\"cart_contents_taxes\";a:0:{}s:9:\"fee_total\";i:0;s:7:\"fee_tax\";i:0;s:9:\"fee_taxes\";a:0:{}s:5:\"total\";i:0;s:9:\"total_tax\";i:0;}\";s:15:\"applied_coupons\";s:6:\"a:0:{}\";s:22:\"coupon_discount_totals\";s:6:\"a:0:{}\";s:26:\"coupon_discount_tax_totals\";s:6:\"a:0:{}\";s:21:\"removed_cart_contents\";s:6:\"a:0:{}\";s:8:\"customer\";s:687:\"a:26:{s:2:\"id\";s:1:\"0\";s:13:\"date_modified\";s:0:\"\";s:8:\"postcode\";s:0:\"\";s:4:\"city\";s:0:\"\";s:9:\"address_1\";s:0:\"\";s:7:\"address\";s:0:\"\";s:9:\"address_2\";s:0:\"\";s:5:\"state\";s:0:\"\";s:7:\"country\";s:2:\"GB\";s:17:\"shipping_postcode\";s:0:\"\";s:13:\"shipping_city\";s:0:\"\";s:18:\"shipping_address_1\";s:0:\"\";s:16:\"shipping_address\";s:0:\"\";s:18:\"shipping_address_2\";s:0:\"\";s:14:\"shipping_state\";s:0:\"\";s:16:\"shipping_country\";s:2:\"GB\";s:13:\"is_vat_exempt\";s:0:\"\";s:19:\"calculated_shipping\";s:0:\"\";s:10:\"first_name\";s:0:\"\";s:9:\"last_name\";s:0:\"\";s:7:\"company\";s:0:\"\";s:5:\"phone\";s:0:\"\";s:5:\"email\";s:0:\"\";s:19:\"shipping_first_name\";s:0:\"\";s:18:\"shipping_last_name\";s:0:\"\";s:16:\"shipping_company\";s:0:\"\";}\";}',1630349306),(120919,'960bb987363793943e3d90ad9751d25d','a:7:{s:4:\"cart\";s:6:\"a:0:{}\";s:11:\"cart_totals\";s:367:\"a:15:{s:8:\"subtotal\";i:0;s:12:\"subtotal_tax\";i:0;s:14:\"shipping_total\";i:0;s:12:\"shipping_tax\";i:0;s:14:\"shipping_taxes\";a:0:{}s:14:\"discount_total\";i:0;s:12:\"discount_tax\";i:0;s:19:\"cart_contents_total\";i:0;s:17:\"cart_contents_tax\";i:0;s:19:\"cart_contents_taxes\";a:0:{}s:9:\"fee_total\";i:0;s:7:\"fee_tax\";i:0;s:9:\"fee_taxes\";a:0:{}s:5:\"total\";i:0;s:9:\"total_tax\";i:0;}\";s:15:\"applied_coupons\";s:6:\"a:0:{}\";s:22:\"coupon_discount_totals\";s:6:\"a:0:{}\";s:26:\"coupon_discount_tax_totals\";s:6:\"a:0:{}\";s:21:\"removed_cart_contents\";s:6:\"a:0:{}\";s:8:\"customer\";s:687:\"a:26:{s:2:\"id\";s:1:\"0\";s:13:\"date_modified\";s:0:\"\";s:8:\"postcode\";s:0:\"\";s:4:\"city\";s:0:\"\";s:9:\"address_1\";s:0:\"\";s:7:\"address\";s:0:\"\";s:9:\"address_2\";s:0:\"\";s:5:\"state\";s:0:\"\";s:7:\"country\";s:2:\"GB\";s:17:\"shipping_postcode\";s:0:\"\";s:13:\"shipping_city\";s:0:\"\";s:18:\"shipping_address_1\";s:0:\"\";s:16:\"shipping_address\";s:0:\"\";s:18:\"shipping_address_2\";s:0:\"\";s:14:\"shipping_state\";s:0:\"\";s:16:\"shipping_country\";s:2:\"GB\";s:13:\"is_vat_exempt\";s:0:\"\";s:19:\"calculated_shipping\";s:0:\"\";s:10:\"first_name\";s:0:\"\";s:9:\"last_name\";s:0:\"\";s:7:\"company\";s:0:\"\";s:5:\"phone\";s:0:\"\";s:5:\"email\";s:0:\"\";s:19:\"shipping_first_name\";s:0:\"\";s:18:\"shipping_last_name\";s:0:\"\";s:16:\"shipping_company\";s:0:\"\";}\";}',1630352376),(120920,'3351654e2d9365bb973bbb96821d9c77','a:7:{s:4:\"cart\";s:6:\"a:0:{}\";s:11:\"cart_totals\";s:367:\"a:15:{s:8:\"subtotal\";i:0;s:12:\"subtotal_tax\";i:0;s:14:\"shipping_total\";i:0;s:12:\"shipping_tax\";i:0;s:14:\"shipping_taxes\";a:0:{}s:14:\"discount_total\";i:0;s:12:\"discount_tax\";i:0;s:19:\"cart_contents_total\";i:0;s:17:\"cart_contents_tax\";i:0;s:19:\"cart_contents_taxes\";a:0:{}s:9:\"fee_total\";i:0;s:7:\"fee_tax\";i:0;s:9:\"fee_taxes\";a:0:{}s:5:\"total\";i:0;s:9:\"total_tax\";i:0;}\";s:15:\"applied_coupons\";s:6:\"a:0:{}\";s:22:\"coupon_discount_totals\";s:6:\"a:0:{}\";s:26:\"coupon_discount_tax_totals\";s:6:\"a:0:{}\";s:21:\"removed_cart_contents\";s:6:\"a:0:{}\";s:8:\"customer\";s:687:\"a:26:{s:2:\"id\";s:1:\"0\";s:13:\"date_modified\";s:0:\"\";s:8:\"postcode\";s:0:\"\";s:4:\"city\";s:0:\"\";s:9:\"address_1\";s:0:\"\";s:7:\"address\";s:0:\"\";s:9:\"address_2\";s:0:\"\";s:5:\"state\";s:0:\"\";s:7:\"country\";s:2:\"GB\";s:17:\"shipping_postcode\";s:0:\"\";s:13:\"shipping_city\";s:0:\"\";s:18:\"shipping_address_1\";s:0:\"\";s:16:\"shipping_address\";s:0:\"\";s:18:\"shipping_address_2\";s:0:\"\";s:14:\"shipping_state\";s:0:\"\";s:16:\"shipping_country\";s:2:\"GB\";s:13:\"is_vat_exempt\";s:0:\"\";s:19:\"calculated_shipping\";s:0:\"\";s:10:\"first_name\";s:0:\"\";s:9:\"last_name\";s:0:\"\";s:7:\"company\";s:0:\"\";s:5:\"phone\";s:0:\"\";s:5:\"email\";s:0:\"\";s:19:\"shipping_first_name\";s:0:\"\";s:18:\"shipping_last_name\";s:0:\"\";s:16:\"shipping_company\";s:0:\"\";}\";}',1630352627),(120921,'abc7c61fd14e3a5748908074382e7703','a:7:{s:4:\"cart\";s:6:\"a:0:{}\";s:11:\"cart_totals\";s:367:\"a:15:{s:8:\"subtotal\";i:0;s:12:\"subtotal_tax\";i:0;s:14:\"shipping_total\";i:0;s:12:\"shipping_tax\";i:0;s:14:\"shipping_taxes\";a:0:{}s:14:\"discount_total\";i:0;s:12:\"discount_tax\";i:0;s:19:\"cart_contents_total\";i:0;s:17:\"cart_contents_tax\";i:0;s:19:\"cart_contents_taxes\";a:0:{}s:9:\"fee_total\";i:0;s:7:\"fee_tax\";i:0;s:9:\"fee_taxes\";a:0:{}s:5:\"total\";i:0;s:9:\"total_tax\";i:0;}\";s:15:\"applied_coupons\";s:6:\"a:0:{}\";s:22:\"coupon_discount_totals\";s:6:\"a:0:{}\";s:26:\"coupon_discount_tax_totals\";s:6:\"a:0:{}\";s:21:\"removed_cart_contents\";s:6:\"a:0:{}\";s:8:\"customer\";s:687:\"a:26:{s:2:\"id\";s:1:\"0\";s:13:\"date_modified\";s:0:\"\";s:8:\"postcode\";s:0:\"\";s:4:\"city\";s:0:\"\";s:9:\"address_1\";s:0:\"\";s:7:\"address\";s:0:\"\";s:9:\"address_2\";s:0:\"\";s:5:\"state\";s:0:\"\";s:7:\"country\";s:2:\"GB\";s:17:\"shipping_postcode\";s:0:\"\";s:13:\"shipping_city\";s:0:\"\";s:18:\"shipping_address_1\";s:0:\"\";s:16:\"shipping_address\";s:0:\"\";s:18:\"shipping_address_2\";s:0:\"\";s:14:\"shipping_state\";s:0:\"\";s:16:\"shipping_country\";s:2:\"GB\";s:13:\"is_vat_exempt\";s:0:\"\";s:19:\"calculated_shipping\";s:0:\"\";s:10:\"first_name\";s:0:\"\";s:9:\"last_name\";s:0:\"\";s:7:\"company\";s:0:\"\";s:5:\"phone\";s:0:\"\";s:5:\"email\";s:0:\"\";s:19:\"shipping_first_name\";s:0:\"\";s:18:\"shipping_last_name\";s:0:\"\";s:16:\"shipping_company\";s:0:\"\";}\";}',1630361742),(120922,'7db9783ee45399af0a970ce3f458fb0c','a:7:{s:4:\"cart\";s:6:\"a:0:{}\";s:11:\"cart_totals\";s:367:\"a:15:{s:8:\"subtotal\";i:0;s:12:\"subtotal_tax\";i:0;s:14:\"shipping_total\";i:0;s:12:\"shipping_tax\";i:0;s:14:\"shipping_taxes\";a:0:{}s:14:\"discount_total\";i:0;s:12:\"discount_tax\";i:0;s:19:\"cart_contents_total\";i:0;s:17:\"cart_contents_tax\";i:0;s:19:\"cart_contents_taxes\";a:0:{}s:9:\"fee_total\";i:0;s:7:\"fee_tax\";i:0;s:9:\"fee_taxes\";a:0:{}s:5:\"total\";i:0;s:9:\"total_tax\";i:0;}\";s:15:\"applied_coupons\";s:6:\"a:0:{}\";s:22:\"coupon_discount_totals\";s:6:\"a:0:{}\";s:26:\"coupon_discount_tax_totals\";s:6:\"a:0:{}\";s:21:\"removed_cart_contents\";s:6:\"a:0:{}\";s:8:\"customer\";s:687:\"a:26:{s:2:\"id\";s:1:\"0\";s:13:\"date_modified\";s:0:\"\";s:8:\"postcode\";s:0:\"\";s:4:\"city\";s:0:\"\";s:9:\"address_1\";s:0:\"\";s:7:\"address\";s:0:\"\";s:9:\"address_2\";s:0:\"\";s:5:\"state\";s:0:\"\";s:7:\"country\";s:2:\"GB\";s:17:\"shipping_postcode\";s:0:\"\";s:13:\"shipping_city\";s:0:\"\";s:18:\"shipping_address_1\";s:0:\"\";s:16:\"shipping_address\";s:0:\"\";s:18:\"shipping_address_2\";s:0:\"\";s:14:\"shipping_state\";s:0:\"\";s:16:\"shipping_country\";s:2:\"GB\";s:13:\"is_vat_exempt\";s:0:\"\";s:19:\"calculated_shipping\";s:0:\"\";s:10:\"first_name\";s:0:\"\";s:9:\"last_name\";s:0:\"\";s:7:\"company\";s:0:\"\";s:5:\"phone\";s:0:\"\";s:5:\"email\";s:0:\"\";s:19:\"shipping_first_name\";s:0:\"\";s:18:\"shipping_last_name\";s:0:\"\";s:16:\"shipping_company\";s:0:\"\";}\";}',1630362947),(120923,'3a8dcb509d0e69c5d5b267827bd9ec13','a:7:{s:4:\"cart\";s:6:\"a:0:{}\";s:11:\"cart_totals\";s:367:\"a:15:{s:8:\"subtotal\";i:0;s:12:\"subtotal_tax\";i:0;s:14:\"shipping_total\";i:0;s:12:\"shipping_tax\";i:0;s:14:\"shipping_taxes\";a:0:{}s:14:\"discount_total\";i:0;s:12:\"discount_tax\";i:0;s:19:\"cart_contents_total\";i:0;s:17:\"cart_contents_tax\";i:0;s:19:\"cart_contents_taxes\";a:0:{}s:9:\"fee_total\";i:0;s:7:\"fee_tax\";i:0;s:9:\"fee_taxes\";a:0:{}s:5:\"total\";i:0;s:9:\"total_tax\";i:0;}\";s:15:\"applied_coupons\";s:6:\"a:0:{}\";s:22:\"coupon_discount_totals\";s:6:\"a:0:{}\";s:26:\"coupon_discount_tax_totals\";s:6:\"a:0:{}\";s:21:\"removed_cart_contents\";s:6:\"a:0:{}\";s:8:\"customer\";s:687:\"a:26:{s:2:\"id\";s:1:\"0\";s:13:\"date_modified\";s:0:\"\";s:8:\"postcode\";s:0:\"\";s:4:\"city\";s:0:\"\";s:9:\"address_1\";s:0:\"\";s:7:\"address\";s:0:\"\";s:9:\"address_2\";s:0:\"\";s:5:\"state\";s:0:\"\";s:7:\"country\";s:2:\"GB\";s:17:\"shipping_postcode\";s:0:\"\";s:13:\"shipping_city\";s:0:\"\";s:18:\"shipping_address_1\";s:0:\"\";s:16:\"shipping_address\";s:0:\"\";s:18:\"shipping_address_2\";s:0:\"\";s:14:\"shipping_state\";s:0:\"\";s:16:\"shipping_country\";s:2:\"GB\";s:13:\"is_vat_exempt\";s:0:\"\";s:19:\"calculated_shipping\";s:0:\"\";s:10:\"first_name\";s:0:\"\";s:9:\"last_name\";s:0:\"\";s:7:\"company\";s:0:\"\";s:5:\"phone\";s:0:\"\";s:5:\"email\";s:0:\"\";s:19:\"shipping_first_name\";s:0:\"\";s:18:\"shipping_last_name\";s:0:\"\";s:16:\"shipping_company\";s:0:\"\";}\";}',1630365385),(120924,'02cb8831566c05717fe26c5834f90834','a:9:{s:4:\"cart\";s:419:\"a:1:{s:32:\"f2e01c29e33e5b99af2a0e11a9970f73\";a:11:{s:3:\"key\";s:32:\"f2e01c29e33e5b99af2a0e11a9970f73\";s:10:\"product_id\";i:82002;s:12:\"variation_id\";i:0;s:9:\"variation\";a:0:{}s:8:\"quantity\";i:1;s:9:\"data_hash\";s:32:\"b5c1d5ca8bae6d4896cf1807cdf763f0\";s:13:\"line_tax_data\";a:2:{s:8:\"subtotal\";a:0:{}s:5:\"total\";a:0:{}}s:13:\"line_subtotal\";d:19.99;s:17:\"line_subtotal_tax\";i:0;s:10:\"line_total\";d:19.99;s:8:\"line_tax\";i:0;}}\";s:11:\"cart_totals\";s:405:\"a:15:{s:8:\"subtotal\";s:5:\"19.99\";s:12:\"subtotal_tax\";d:0;s:14:\"shipping_total\";s:4:\"0.00\";s:12:\"shipping_tax\";i:0;s:14:\"shipping_taxes\";a:0:{}s:14:\"discount_total\";i:0;s:12:\"discount_tax\";i:0;s:19:\"cart_contents_total\";s:5:\"19.99\";s:17:\"cart_contents_tax\";i:0;s:19:\"cart_contents_taxes\";a:0:{}s:9:\"fee_total\";s:4:\"0.00\";s:7:\"fee_tax\";i:0;s:9:\"fee_taxes\";a:0:{}s:5:\"total\";s:5:\"19.99\";s:9:\"total_tax\";d:0;}\";s:15:\"applied_coupons\";s:6:\"a:0:{}\";s:22:\"coupon_discount_totals\";s:6:\"a:0:{}\";s:26:\"coupon_discount_tax_totals\";s:6:\"a:0:{}\";s:21:\"removed_cart_contents\";s:6:\"a:0:{}\";s:16:\"wca_session_data\";s:0:\"\";s:10:\"wc_notices\";N;s:8:\"customer\";s:687:\"a:26:{s:2:\"id\";s:1:\"0\";s:13:\"date_modified\";s:0:\"\";s:8:\"postcode\";s:0:\"\";s:4:\"city\";s:0:\"\";s:9:\"address_1\";s:0:\"\";s:7:\"address\";s:0:\"\";s:9:\"address_2\";s:0:\"\";s:5:\"state\";s:0:\"\";s:7:\"country\";s:2:\"GB\";s:17:\"shipping_postcode\";s:0:\"\";s:13:\"shipping_city\";s:0:\"\";s:18:\"shipping_address_1\";s:0:\"\";s:16:\"shipping_address\";s:0:\"\";s:18:\"shipping_address_2\";s:0:\"\";s:14:\"shipping_state\";s:0:\"\";s:16:\"shipping_country\";s:2:\"GB\";s:13:\"is_vat_exempt\";s:0:\"\";s:19:\"calculated_shipping\";s:0:\"\";s:10:\"first_name\";s:0:\"\";s:9:\"last_name\";s:0:\"\";s:7:\"company\";s:0:\"\";s:5:\"phone\";s:0:\"\";s:5:\"email\";s:0:\"\";s:19:\"shipping_first_name\";s:0:\"\";s:18:\"shipping_last_name\";s:0:\"\";s:16:\"shipping_company\";s:0:\"\";}\";}',1630367159),(120925,'164797f2225d4adb536194a57d73b0b2','a:7:{s:4:\"cart\";s:6:\"a:0:{}\";s:11:\"cart_totals\";s:367:\"a:15:{s:8:\"subtotal\";i:0;s:12:\"subtotal_tax\";i:0;s:14:\"shipping_total\";i:0;s:12:\"shipping_tax\";i:0;s:14:\"shipping_taxes\";a:0:{}s:14:\"discount_total\";i:0;s:12:\"discount_tax\";i:0;s:19:\"cart_contents_total\";i:0;s:17:\"cart_contents_tax\";i:0;s:19:\"cart_contents_taxes\";a:0:{}s:9:\"fee_total\";i:0;s:7:\"fee_tax\";i:0;s:9:\"fee_taxes\";a:0:{}s:5:\"total\";i:0;s:9:\"total_tax\";i:0;}\";s:15:\"applied_coupons\";s:6:\"a:0:{}\";s:22:\"coupon_discount_totals\";s:6:\"a:0:{}\";s:26:\"coupon_discount_tax_totals\";s:6:\"a:0:{}\";s:21:\"removed_cart_contents\";s:6:\"a:0:{}\";s:8:\"customer\";s:687:\"a:26:{s:2:\"id\";s:1:\"0\";s:13:\"date_modified\";s:0:\"\";s:8:\"postcode\";s:0:\"\";s:4:\"city\";s:0:\"\";s:9:\"address_1\";s:0:\"\";s:7:\"address\";s:0:\"\";s:9:\"address_2\";s:0:\"\";s:5:\"state\";s:0:\"\";s:7:\"country\";s:2:\"GB\";s:17:\"shipping_postcode\";s:0:\"\";s:13:\"shipping_city\";s:0:\"\";s:18:\"shipping_address_1\";s:0:\"\";s:16:\"shipping_address\";s:0:\"\";s:18:\"shipping_address_2\";s:0:\"\";s:14:\"shipping_state\";s:0:\"\";s:16:\"shipping_country\";s:2:\"GB\";s:13:\"is_vat_exempt\";s:0:\"\";s:19:\"calculated_shipping\";s:0:\"\";s:10:\"first_name\";s:0:\"\";s:9:\"last_name\";s:0:\"\";s:7:\"company\";s:0:\"\";s:5:\"phone\";s:0:\"\";s:5:\"email\";s:0:\"\";s:19:\"shipping_first_name\";s:0:\"\";s:18:\"shipping_last_name\";s:0:\"\";s:16:\"shipping_company\";s:0:\"\";}\";}',1630368801),(120926,'243022f168497c8b103803cd06eebc53','a:7:{s:4:\"cart\";s:6:\"a:0:{}\";s:11:\"cart_totals\";s:367:\"a:15:{s:8:\"subtotal\";i:0;s:12:\"subtotal_tax\";i:0;s:14:\"shipping_total\";i:0;s:12:\"shipping_tax\";i:0;s:14:\"shipping_taxes\";a:0:{}s:14:\"discount_total\";i:0;s:12:\"discount_tax\";i:0;s:19:\"cart_contents_total\";i:0;s:17:\"cart_contents_tax\";i:0;s:19:\"cart_contents_taxes\";a:0:{}s:9:\"fee_total\";i:0;s:7:\"fee_tax\";i:0;s:9:\"fee_taxes\";a:0:{}s:5:\"total\";i:0;s:9:\"total_tax\";i:0;}\";s:15:\"applied_coupons\";s:6:\"a:0:{}\";s:22:\"coupon_discount_totals\";s:6:\"a:0:{}\";s:26:\"coupon_discount_tax_totals\";s:6:\"a:0:{}\";s:21:\"removed_cart_contents\";s:6:\"a:0:{}\";s:8:\"customer\";s:687:\"a:26:{s:2:\"id\";s:1:\"0\";s:13:\"date_modified\";s:0:\"\";s:8:\"postcode\";s:0:\"\";s:4:\"city\";s:0:\"\";s:9:\"address_1\";s:0:\"\";s:7:\"address\";s:0:\"\";s:9:\"address_2\";s:0:\"\";s:5:\"state\";s:0:\"\";s:7:\"country\";s:2:\"GB\";s:17:\"shipping_postcode\";s:0:\"\";s:13:\"shipping_city\";s:0:\"\";s:18:\"shipping_address_1\";s:0:\"\";s:16:\"shipping_address\";s:0:\"\";s:18:\"shipping_address_2\";s:0:\"\";s:14:\"shipping_state\";s:0:\"\";s:16:\"shipping_country\";s:2:\"GB\";s:13:\"is_vat_exempt\";s:0:\"\";s:19:\"calculated_shipping\";s:0:\"\";s:10:\"first_name\";s:0:\"\";s:9:\"last_name\";s:0:\"\";s:7:\"company\";s:0:\"\";s:5:\"phone\";s:0:\"\";s:5:\"email\";s:0:\"\";s:19:\"shipping_first_name\";s:0:\"\";s:18:\"shipping_last_name\";s:0:\"\";s:16:\"shipping_company\";s:0:\"\";}\";}',1630394424),(120927,'18c07d6ed7fb786657f23ee8eae0022b','a:7:{s:4:\"cart\";s:6:\"a:0:{}\";s:11:\"cart_totals\";s:367:\"a:15:{s:8:\"subtotal\";i:0;s:12:\"subtotal_tax\";i:0;s:14:\"shipping_total\";i:0;s:12:\"shipping_tax\";i:0;s:14:\"shipping_taxes\";a:0:{}s:14:\"discount_total\";i:0;s:12:\"discount_tax\";i:0;s:19:\"cart_contents_total\";i:0;s:17:\"cart_contents_tax\";i:0;s:19:\"cart_contents_taxes\";a:0:{}s:9:\"fee_total\";i:0;s:7:\"fee_tax\";i:0;s:9:\"fee_taxes\";a:0:{}s:5:\"total\";i:0;s:9:\"total_tax\";i:0;}\";s:15:\"applied_coupons\";s:6:\"a:0:{}\";s:22:\"coupon_discount_totals\";s:6:\"a:0:{}\";s:26:\"coupon_discount_tax_totals\";s:6:\"a:0:{}\";s:21:\"removed_cart_contents\";s:6:\"a:0:{}\";s:8:\"customer\";s:687:\"a:26:{s:2:\"id\";s:1:\"0\";s:13:\"date_modified\";s:0:\"\";s:8:\"postcode\";s:0:\"\";s:4:\"city\";s:0:\"\";s:9:\"address_1\";s:0:\"\";s:7:\"address\";s:0:\"\";s:9:\"address_2\";s:0:\"\";s:5:\"state\";s:0:\"\";s:7:\"country\";s:2:\"GB\";s:17:\"shipping_postcode\";s:0:\"\";s:13:\"shipping_city\";s:0:\"\";s:18:\"shipping_address_1\";s:0:\"\";s:16:\"shipping_address\";s:0:\"\";s:18:\"shipping_address_2\";s:0:\"\";s:14:\"shipping_state\";s:0:\"\";s:16:\"shipping_country\";s:2:\"GB\";s:13:\"is_vat_exempt\";s:0:\"\";s:19:\"calculated_shipping\";s:0:\"\";s:10:\"first_name\";s:0:\"\";s:9:\"last_name\";s:0:\"\";s:7:\"company\";s:0:\"\";s:5:\"phone\";s:0:\"\";s:5:\"email\";s:0:\"\";s:19:\"shipping_first_name\";s:0:\"\";s:18:\"shipping_last_name\";s:0:\"\";s:16:\"shipping_company\";s:0:\"\";}\";}',1630406028),(120928,'a2e2e59999c40e55191a31a1175e7e6a','a:7:{s:4:\"cart\";s:6:\"a:0:{}\";s:11:\"cart_totals\";s:367:\"a:15:{s:8:\"subtotal\";i:0;s:12:\"subtotal_tax\";i:0;s:14:\"shipping_total\";i:0;s:12:\"shipping_tax\";i:0;s:14:\"shipping_taxes\";a:0:{}s:14:\"discount_total\";i:0;s:12:\"discount_tax\";i:0;s:19:\"cart_contents_total\";i:0;s:17:\"cart_contents_tax\";i:0;s:19:\"cart_contents_taxes\";a:0:{}s:9:\"fee_total\";i:0;s:7:\"fee_tax\";i:0;s:9:\"fee_taxes\";a:0:{}s:5:\"total\";i:0;s:9:\"total_tax\";i:0;}\";s:15:\"applied_coupons\";s:6:\"a:0:{}\";s:22:\"coupon_discount_totals\";s:6:\"a:0:{}\";s:26:\"coupon_discount_tax_totals\";s:6:\"a:0:{}\";s:21:\"removed_cart_contents\";s:6:\"a:0:{}\";s:8:\"customer\";s:687:\"a:26:{s:2:\"id\";s:1:\"0\";s:13:\"date_modified\";s:0:\"\";s:8:\"postcode\";s:0:\"\";s:4:\"city\";s:0:\"\";s:9:\"address_1\";s:0:\"\";s:7:\"address\";s:0:\"\";s:9:\"address_2\";s:0:\"\";s:5:\"state\";s:0:\"\";s:7:\"country\";s:2:\"GB\";s:17:\"shipping_postcode\";s:0:\"\";s:13:\"shipping_city\";s:0:\"\";s:18:\"shipping_address_1\";s:0:\"\";s:16:\"shipping_address\";s:0:\"\";s:18:\"shipping_address_2\";s:0:\"\";s:14:\"shipping_state\";s:0:\"\";s:16:\"shipping_country\";s:2:\"GB\";s:13:\"is_vat_exempt\";s:0:\"\";s:19:\"calculated_shipping\";s:0:\"\";s:10:\"first_name\";s:0:\"\";s:9:\"last_name\";s:0:\"\";s:7:\"company\";s:0:\"\";s:5:\"phone\";s:0:\"\";s:5:\"email\";s:0:\"\";s:19:\"shipping_first_name\";s:0:\"\";s:18:\"shipping_last_name\";s:0:\"\";s:16:\"shipping_company\";s:0:\"\";}\";}',1630408676),(120929,'899b98296c4a832be2516a8ddcc1f23f','a:9:{s:4:\"cart\";s:451:\"a:1:{s:32:\"98470000dfdbcbccf2c7cd42d80955ae\";a:11:{s:3:\"key\";s:32:\"98470000dfdbcbccf2c7cd42d80955ae\";s:10:\"product_id\";i:81998;s:12:\"variation_id\";i:0;s:9:\"variation\";a:0:{}s:8:\"quantity\";i:1;s:9:\"data_hash\";s:32:\"b5c1d5ca8bae6d4896cf1807cdf763f0\";s:13:\"line_tax_data\";a:2:{s:8:\"subtotal\";a:1:{i:1;d:2.165;}s:5:\"total\";a:1:{i:1;d:2.165;}}s:13:\"line_subtotal\";d:10.825;s:17:\"line_subtotal_tax\";d:2.16;s:10:\"line_total\";d:10.825;s:8:\"line_tax\";d:2.16;}}\";s:11:\"cart_totals\";s:425:\"a:15:{s:8:\"subtotal\";s:5:\"10.83\";s:12:\"subtotal_tax\";d:2.16;s:14:\"shipping_total\";s:4:\"0.00\";s:12:\"shipping_tax\";i:0;s:14:\"shipping_taxes\";a:0:{}s:14:\"discount_total\";i:0;s:12:\"discount_tax\";i:0;s:19:\"cart_contents_total\";s:5:\"10.83\";s:17:\"cart_contents_tax\";d:2.16;s:19:\"cart_contents_taxes\";a:1:{i:1;d:2.16;}s:9:\"fee_total\";s:4:\"0.00\";s:7:\"fee_tax\";i:0;s:9:\"fee_taxes\";a:0:{}s:5:\"total\";s:5:\"12.99\";s:9:\"total_tax\";d:2.16;}\";s:15:\"applied_coupons\";s:6:\"a:0:{}\";s:22:\"coupon_discount_totals\";s:6:\"a:0:{}\";s:26:\"coupon_discount_tax_totals\";s:6:\"a:0:{}\";s:21:\"removed_cart_contents\";s:6:\"a:0:{}\";s:16:\"wca_session_data\";s:0:\"\";s:10:\"wc_notices\";N;s:8:\"customer\";s:687:\"a:26:{s:2:\"id\";s:1:\"0\";s:13:\"date_modified\";s:0:\"\";s:8:\"postcode\";s:0:\"\";s:4:\"city\";s:0:\"\";s:9:\"address_1\";s:0:\"\";s:7:\"address\";s:0:\"\";s:9:\"address_2\";s:0:\"\";s:5:\"state\";s:0:\"\";s:7:\"country\";s:2:\"GB\";s:17:\"shipping_postcode\";s:0:\"\";s:13:\"shipping_city\";s:0:\"\";s:18:\"shipping_address_1\";s:0:\"\";s:16:\"shipping_address\";s:0:\"\";s:18:\"shipping_address_2\";s:0:\"\";s:14:\"shipping_state\";s:0:\"\";s:16:\"shipping_country\";s:2:\"GB\";s:13:\"is_vat_exempt\";s:0:\"\";s:19:\"calculated_shipping\";s:0:\"\";s:10:\"first_name\";s:0:\"\";s:9:\"last_name\";s:0:\"\";s:7:\"company\";s:0:\"\";s:5:\"phone\";s:0:\"\";s:5:\"email\";s:0:\"\";s:19:\"shipping_first_name\";s:0:\"\";s:18:\"shipping_last_name\";s:0:\"\";s:16:\"shipping_company\";s:0:\"\";}\";}',1630409188),(120930,'244c0e49277736b79a8c72685e134e99','a:7:{s:4:\"cart\";s:6:\"a:0:{}\";s:11:\"cart_totals\";s:367:\"a:15:{s:8:\"subtotal\";i:0;s:12:\"subtotal_tax\";i:0;s:14:\"shipping_total\";i:0;s:12:\"shipping_tax\";i:0;s:14:\"shipping_taxes\";a:0:{}s:14:\"discount_total\";i:0;s:12:\"discount_tax\";i:0;s:19:\"cart_contents_total\";i:0;s:17:\"cart_contents_tax\";i:0;s:19:\"cart_contents_taxes\";a:0:{}s:9:\"fee_total\";i:0;s:7:\"fee_tax\";i:0;s:9:\"fee_taxes\";a:0:{}s:5:\"total\";i:0;s:9:\"total_tax\";i:0;}\";s:15:\"applied_coupons\";s:6:\"a:0:{}\";s:22:\"coupon_discount_totals\";s:6:\"a:0:{}\";s:26:\"coupon_discount_tax_totals\";s:6:\"a:0:{}\";s:21:\"removed_cart_contents\";s:6:\"a:0:{}\";s:8:\"customer\";s:687:\"a:26:{s:2:\"id\";s:1:\"0\";s:13:\"date_modified\";s:0:\"\";s:8:\"postcode\";s:0:\"\";s:4:\"city\";s:0:\"\";s:9:\"address_1\";s:0:\"\";s:7:\"address\";s:0:\"\";s:9:\"address_2\";s:0:\"\";s:5:\"state\";s:0:\"\";s:7:\"country\";s:2:\"GB\";s:17:\"shipping_postcode\";s:0:\"\";s:13:\"shipping_city\";s:0:\"\";s:18:\"shipping_address_1\";s:0:\"\";s:16:\"shipping_address\";s:0:\"\";s:18:\"shipping_address_2\";s:0:\"\";s:14:\"shipping_state\";s:0:\"\";s:16:\"shipping_country\";s:2:\"GB\";s:13:\"is_vat_exempt\";s:0:\"\";s:19:\"calculated_shipping\";s:0:\"\";s:10:\"first_name\";s:0:\"\";s:9:\"last_name\";s:0:\"\";s:7:\"company\";s:0:\"\";s:5:\"phone\";s:0:\"\";s:5:\"email\";s:0:\"\";s:19:\"shipping_first_name\";s:0:\"\";s:18:\"shipping_last_name\";s:0:\"\";s:16:\"shipping_company\";s:0:\"\";}\";}',1630410678),(120931,'8d15846f9d237da68d6334d52757a011','a:9:{s:4:\"cart\";s:451:\"a:1:{s:32:\"98470000dfdbcbccf2c7cd42d80955ae\";a:11:{s:3:\"key\";s:32:\"98470000dfdbcbccf2c7cd42d80955ae\";s:10:\"product_id\";i:81998;s:12:\"variation_id\";i:0;s:9:\"variation\";a:0:{}s:8:\"quantity\";i:1;s:9:\"data_hash\";s:32:\"b5c1d5ca8bae6d4896cf1807cdf763f0\";s:13:\"line_tax_data\";a:2:{s:8:\"subtotal\";a:1:{i:1;d:2.165;}s:5:\"total\";a:1:{i:1;d:2.165;}}s:13:\"line_subtotal\";d:10.825;s:17:\"line_subtotal_tax\";d:2.16;s:10:\"line_total\";d:10.825;s:8:\"line_tax\";d:2.16;}}\";s:11:\"cart_totals\";s:425:\"a:15:{s:8:\"subtotal\";s:5:\"10.83\";s:12:\"subtotal_tax\";d:2.16;s:14:\"shipping_total\";s:4:\"0.00\";s:12:\"shipping_tax\";i:0;s:14:\"shipping_taxes\";a:0:{}s:14:\"discount_total\";i:0;s:12:\"discount_tax\";i:0;s:19:\"cart_contents_total\";s:5:\"10.83\";s:17:\"cart_contents_tax\";d:2.16;s:19:\"cart_contents_taxes\";a:1:{i:1;d:2.16;}s:9:\"fee_total\";s:4:\"0.00\";s:7:\"fee_tax\";i:0;s:9:\"fee_taxes\";a:0:{}s:5:\"total\";s:5:\"12.99\";s:9:\"total_tax\";d:2.16;}\";s:15:\"applied_coupons\";s:6:\"a:0:{}\";s:22:\"coupon_discount_totals\";s:6:\"a:0:{}\";s:26:\"coupon_discount_tax_totals\";s:6:\"a:0:{}\";s:21:\"removed_cart_contents\";s:6:\"a:0:{}\";s:16:\"wca_session_data\";s:0:\"\";s:10:\"wc_notices\";N;s:8:\"customer\";s:687:\"a:26:{s:2:\"id\";s:1:\"0\";s:13:\"date_modified\";s:0:\"\";s:8:\"postcode\";s:0:\"\";s:4:\"city\";s:0:\"\";s:9:\"address_1\";s:0:\"\";s:7:\"address\";s:0:\"\";s:9:\"address_2\";s:0:\"\";s:5:\"state\";s:0:\"\";s:7:\"country\";s:2:\"GB\";s:17:\"shipping_postcode\";s:0:\"\";s:13:\"shipping_city\";s:0:\"\";s:18:\"shipping_address_1\";s:0:\"\";s:16:\"shipping_address\";s:0:\"\";s:18:\"shipping_address_2\";s:0:\"\";s:14:\"shipping_state\";s:0:\"\";s:16:\"shipping_country\";s:2:\"GB\";s:13:\"is_vat_exempt\";s:0:\"\";s:19:\"calculated_shipping\";s:0:\"\";s:10:\"first_name\";s:0:\"\";s:9:\"last_name\";s:0:\"\";s:7:\"company\";s:0:\"\";s:5:\"phone\";s:0:\"\";s:5:\"email\";s:0:\"\";s:19:\"shipping_first_name\";s:0:\"\";s:18:\"shipping_last_name\";s:0:\"\";s:16:\"shipping_company\";s:0:\"\";}\";}',1630410988),(120932,'ba194b53978694c2a916b559fb07d30b','a:9:{s:4:\"cart\";s:419:\"a:1:{s:32:\"f2e01c29e33e5b99af2a0e11a9970f73\";a:11:{s:3:\"key\";s:32:\"f2e01c29e33e5b99af2a0e11a9970f73\";s:10:\"product_id\";i:82002;s:12:\"variation_id\";i:0;s:9:\"variation\";a:0:{}s:8:\"quantity\";i:1;s:9:\"data_hash\";s:32:\"b5c1d5ca8bae6d4896cf1807cdf763f0\";s:13:\"line_tax_data\";a:2:{s:8:\"subtotal\";a:0:{}s:5:\"total\";a:0:{}}s:13:\"line_subtotal\";d:19.99;s:17:\"line_subtotal_tax\";i:0;s:10:\"line_total\";d:19.99;s:8:\"line_tax\";i:0;}}\";s:11:\"cart_totals\";s:405:\"a:15:{s:8:\"subtotal\";s:5:\"19.99\";s:12:\"subtotal_tax\";d:0;s:14:\"shipping_total\";s:4:\"0.00\";s:12:\"shipping_tax\";i:0;s:14:\"shipping_taxes\";a:0:{}s:14:\"discount_total\";i:0;s:12:\"discount_tax\";i:0;s:19:\"cart_contents_total\";s:5:\"19.99\";s:17:\"cart_contents_tax\";i:0;s:19:\"cart_contents_taxes\";a:0:{}s:9:\"fee_total\";s:4:\"0.00\";s:7:\"fee_tax\";i:0;s:9:\"fee_taxes\";a:0:{}s:5:\"total\";s:5:\"19.99\";s:9:\"total_tax\";d:0;}\";s:15:\"applied_coupons\";s:6:\"a:0:{}\";s:22:\"coupon_discount_totals\";s:6:\"a:0:{}\";s:26:\"coupon_discount_tax_totals\";s:6:\"a:0:{}\";s:21:\"removed_cart_contents\";s:6:\"a:0:{}\";s:16:\"wca_session_data\";s:0:\"\";s:10:\"wc_notices\";N;s:8:\"customer\";s:687:\"a:26:{s:2:\"id\";s:1:\"0\";s:13:\"date_modified\";s:0:\"\";s:8:\"postcode\";s:0:\"\";s:4:\"city\";s:0:\"\";s:9:\"address_1\";s:0:\"\";s:7:\"address\";s:0:\"\";s:9:\"address_2\";s:0:\"\";s:5:\"state\";s:0:\"\";s:7:\"country\";s:2:\"GB\";s:17:\"shipping_postcode\";s:0:\"\";s:13:\"shipping_city\";s:0:\"\";s:18:\"shipping_address_1\";s:0:\"\";s:16:\"shipping_address\";s:0:\"\";s:18:\"shipping_address_2\";s:0:\"\";s:14:\"shipping_state\";s:0:\"\";s:16:\"shipping_country\";s:2:\"GB\";s:13:\"is_vat_exempt\";s:0:\"\";s:19:\"calculated_shipping\";s:0:\"\";s:10:\"first_name\";s:0:\"\";s:9:\"last_name\";s:0:\"\";s:7:\"company\";s:0:\"\";s:5:\"phone\";s:0:\"\";s:5:\"email\";s:0:\"\";s:19:\"shipping_first_name\";s:0:\"\";s:18:\"shipping_last_name\";s:0:\"\";s:16:\"shipping_company\";s:0:\"\";}\";}',1630418292),(120933,'4e4c880294c7636398cbd200dc31f9a5','a:9:{s:4:\"cart\";s:419:\"a:1:{s:32:\"f2e01c29e33e5b99af2a0e11a9970f73\";a:11:{s:3:\"key\";s:32:\"f2e01c29e33e5b99af2a0e11a9970f73\";s:10:\"product_id\";i:82002;s:12:\"variation_id\";i:0;s:9:\"variation\";a:0:{}s:8:\"quantity\";i:1;s:9:\"data_hash\";s:32:\"b5c1d5ca8bae6d4896cf1807cdf763f0\";s:13:\"line_tax_data\";a:2:{s:8:\"subtotal\";a:0:{}s:5:\"total\";a:0:{}}s:13:\"line_subtotal\";d:19.99;s:17:\"line_subtotal_tax\";i:0;s:10:\"line_total\";d:19.99;s:8:\"line_tax\";i:0;}}\";s:11:\"cart_totals\";s:405:\"a:15:{s:8:\"subtotal\";s:5:\"19.99\";s:12:\"subtotal_tax\";d:0;s:14:\"shipping_total\";s:4:\"0.00\";s:12:\"shipping_tax\";i:0;s:14:\"shipping_taxes\";a:0:{}s:14:\"discount_total\";i:0;s:12:\"discount_tax\";i:0;s:19:\"cart_contents_total\";s:5:\"19.99\";s:17:\"cart_contents_tax\";i:0;s:19:\"cart_contents_taxes\";a:0:{}s:9:\"fee_total\";s:4:\"0.00\";s:7:\"fee_tax\";i:0;s:9:\"fee_taxes\";a:0:{}s:5:\"total\";s:5:\"19.99\";s:9:\"total_tax\";d:0;}\";s:15:\"applied_coupons\";s:6:\"a:0:{}\";s:22:\"coupon_discount_totals\";s:6:\"a:0:{}\";s:26:\"coupon_discount_tax_totals\";s:6:\"a:0:{}\";s:21:\"removed_cart_contents\";s:6:\"a:0:{}\";s:16:\"wca_session_data\";s:0:\"\";s:10:\"wc_notices\";N;s:8:\"customer\";s:687:\"a:26:{s:2:\"id\";s:1:\"0\";s:13:\"date_modified\";s:0:\"\";s:8:\"postcode\";s:0:\"\";s:4:\"city\";s:0:\"\";s:9:\"address_1\";s:0:\"\";s:7:\"address\";s:0:\"\";s:9:\"address_2\";s:0:\"\";s:5:\"state\";s:0:\"\";s:7:\"country\";s:2:\"GB\";s:17:\"shipping_postcode\";s:0:\"\";s:13:\"shipping_city\";s:0:\"\";s:18:\"shipping_address_1\";s:0:\"\";s:16:\"shipping_address\";s:0:\"\";s:18:\"shipping_address_2\";s:0:\"\";s:14:\"shipping_state\";s:0:\"\";s:16:\"shipping_country\";s:2:\"GB\";s:13:\"is_vat_exempt\";s:0:\"\";s:19:\"calculated_shipping\";s:0:\"\";s:10:\"first_name\";s:0:\"\";s:9:\"last_name\";s:0:\"\";s:7:\"company\";s:0:\"\";s:5:\"phone\";s:0:\"\";s:5:\"email\";s:0:\"\";s:19:\"shipping_first_name\";s:0:\"\";s:18:\"shipping_last_name\";s:0:\"\";s:16:\"shipping_company\";s:0:\"\";}\";}',1630420092),(120934,'b1541da0bedd4a1e92036553d17c649d','a:7:{s:4:\"cart\";s:6:\"a:0:{}\";s:11:\"cart_totals\";s:367:\"a:15:{s:8:\"subtotal\";i:0;s:12:\"subtotal_tax\";i:0;s:14:\"shipping_total\";i:0;s:12:\"shipping_tax\";i:0;s:14:\"shipping_taxes\";a:0:{}s:14:\"discount_total\";i:0;s:12:\"discount_tax\";i:0;s:19:\"cart_contents_total\";i:0;s:17:\"cart_contents_tax\";i:0;s:19:\"cart_contents_taxes\";a:0:{}s:9:\"fee_total\";i:0;s:7:\"fee_tax\";i:0;s:9:\"fee_taxes\";a:0:{}s:5:\"total\";i:0;s:9:\"total_tax\";i:0;}\";s:15:\"applied_coupons\";s:6:\"a:0:{}\";s:22:\"coupon_discount_totals\";s:6:\"a:0:{}\";s:26:\"coupon_discount_tax_totals\";s:6:\"a:0:{}\";s:21:\"removed_cart_contents\";s:6:\"a:0:{}\";s:8:\"customer\";s:687:\"a:26:{s:2:\"id\";s:1:\"0\";s:13:\"date_modified\";s:0:\"\";s:8:\"postcode\";s:0:\"\";s:4:\"city\";s:0:\"\";s:9:\"address_1\";s:0:\"\";s:7:\"address\";s:0:\"\";s:9:\"address_2\";s:0:\"\";s:5:\"state\";s:0:\"\";s:7:\"country\";s:2:\"GB\";s:17:\"shipping_postcode\";s:0:\"\";s:13:\"shipping_city\";s:0:\"\";s:18:\"shipping_address_1\";s:0:\"\";s:16:\"shipping_address\";s:0:\"\";s:18:\"shipping_address_2\";s:0:\"\";s:14:\"shipping_state\";s:0:\"\";s:16:\"shipping_country\";s:2:\"GB\";s:13:\"is_vat_exempt\";s:0:\"\";s:19:\"calculated_shipping\";s:0:\"\";s:10:\"first_name\";s:0:\"\";s:9:\"last_name\";s:0:\"\";s:7:\"company\";s:0:\"\";s:5:\"phone\";s:0:\"\";s:5:\"email\";s:0:\"\";s:19:\"shipping_first_name\";s:0:\"\";s:18:\"shipping_last_name\";s:0:\"\";s:16:\"shipping_company\";s:0:\"\";}\";}',1630432987),(120935,'fa6762f7836787a5e4c806996cfc0845','a:7:{s:4:\"cart\";s:6:\"a:0:{}\";s:11:\"cart_totals\";s:367:\"a:15:{s:8:\"subtotal\";i:0;s:12:\"subtotal_tax\";i:0;s:14:\"shipping_total\";i:0;s:12:\"shipping_tax\";i:0;s:14:\"shipping_taxes\";a:0:{}s:14:\"discount_total\";i:0;s:12:\"discount_tax\";i:0;s:19:\"cart_contents_total\";i:0;s:17:\"cart_contents_tax\";i:0;s:19:\"cart_contents_taxes\";a:0:{}s:9:\"fee_total\";i:0;s:7:\"fee_tax\";i:0;s:9:\"fee_taxes\";a:0:{}s:5:\"total\";i:0;s:9:\"total_tax\";i:0;}\";s:15:\"applied_coupons\";s:6:\"a:0:{}\";s:22:\"coupon_discount_totals\";s:6:\"a:0:{}\";s:26:\"coupon_discount_tax_totals\";s:6:\"a:0:{}\";s:21:\"removed_cart_contents\";s:6:\"a:0:{}\";s:8:\"customer\";s:687:\"a:26:{s:2:\"id\";s:1:\"0\";s:13:\"date_modified\";s:0:\"\";s:8:\"postcode\";s:0:\"\";s:4:\"city\";s:0:\"\";s:9:\"address_1\";s:0:\"\";s:7:\"address\";s:0:\"\";s:9:\"address_2\";s:0:\"\";s:5:\"state\";s:0:\"\";s:7:\"country\";s:2:\"GB\";s:17:\"shipping_postcode\";s:0:\"\";s:13:\"shipping_city\";s:0:\"\";s:18:\"shipping_address_1\";s:0:\"\";s:16:\"shipping_address\";s:0:\"\";s:18:\"shipping_address_2\";s:0:\"\";s:14:\"shipping_state\";s:0:\"\";s:16:\"shipping_country\";s:2:\"GB\";s:13:\"is_vat_exempt\";s:0:\"\";s:19:\"calculated_shipping\";s:0:\"\";s:10:\"first_name\";s:0:\"\";s:9:\"last_name\";s:0:\"\";s:7:\"company\";s:0:\"\";s:5:\"phone\";s:0:\"\";s:5:\"email\";s:0:\"\";s:19:\"shipping_first_name\";s:0:\"\";s:18:\"shipping_last_name\";s:0:\"\";s:16:\"shipping_company\";s:0:\"\";}\";}',1630440020),(120936,'aa7f329fed0e138a36918c383f45bf31','a:7:{s:4:\"cart\";s:6:\"a:0:{}\";s:11:\"cart_totals\";s:367:\"a:15:{s:8:\"subtotal\";i:0;s:12:\"subtotal_tax\";i:0;s:14:\"shipping_total\";i:0;s:12:\"shipping_tax\";i:0;s:14:\"shipping_taxes\";a:0:{}s:14:\"discount_total\";i:0;s:12:\"discount_tax\";i:0;s:19:\"cart_contents_total\";i:0;s:17:\"cart_contents_tax\";i:0;s:19:\"cart_contents_taxes\";a:0:{}s:9:\"fee_total\";i:0;s:7:\"fee_tax\";i:0;s:9:\"fee_taxes\";a:0:{}s:5:\"total\";i:0;s:9:\"total_tax\";i:0;}\";s:15:\"applied_coupons\";s:6:\"a:0:{}\";s:22:\"coupon_discount_totals\";s:6:\"a:0:{}\";s:26:\"coupon_discount_tax_totals\";s:6:\"a:0:{}\";s:21:\"removed_cart_contents\";s:6:\"a:0:{}\";s:8:\"customer\";s:687:\"a:26:{s:2:\"id\";s:1:\"0\";s:13:\"date_modified\";s:0:\"\";s:8:\"postcode\";s:0:\"\";s:4:\"city\";s:0:\"\";s:9:\"address_1\";s:0:\"\";s:7:\"address\";s:0:\"\";s:9:\"address_2\";s:0:\"\";s:5:\"state\";s:0:\"\";s:7:\"country\";s:2:\"GB\";s:17:\"shipping_postcode\";s:0:\"\";s:13:\"shipping_city\";s:0:\"\";s:18:\"shipping_address_1\";s:0:\"\";s:16:\"shipping_address\";s:0:\"\";s:18:\"shipping_address_2\";s:0:\"\";s:14:\"shipping_state\";s:0:\"\";s:16:\"shipping_country\";s:2:\"GB\";s:13:\"is_vat_exempt\";s:0:\"\";s:19:\"calculated_shipping\";s:0:\"\";s:10:\"first_name\";s:0:\"\";s:9:\"last_name\";s:0:\"\";s:7:\"company\";s:0:\"\";s:5:\"phone\";s:0:\"\";s:5:\"email\";s:0:\"\";s:19:\"shipping_first_name\";s:0:\"\";s:18:\"shipping_last_name\";s:0:\"\";s:16:\"shipping_company\";s:0:\"\";}\";}',1630440499),(120937,'4f01335e4e0c88add857d62c76a459c4','a:7:{s:4:\"cart\";s:6:\"a:0:{}\";s:11:\"cart_totals\";s:367:\"a:15:{s:8:\"subtotal\";i:0;s:12:\"subtotal_tax\";i:0;s:14:\"shipping_total\";i:0;s:12:\"shipping_tax\";i:0;s:14:\"shipping_taxes\";a:0:{}s:14:\"discount_total\";i:0;s:12:\"discount_tax\";i:0;s:19:\"cart_contents_total\";i:0;s:17:\"cart_contents_tax\";i:0;s:19:\"cart_contents_taxes\";a:0:{}s:9:\"fee_total\";i:0;s:7:\"fee_tax\";i:0;s:9:\"fee_taxes\";a:0:{}s:5:\"total\";i:0;s:9:\"total_tax\";i:0;}\";s:15:\"applied_coupons\";s:6:\"a:0:{}\";s:22:\"coupon_discount_totals\";s:6:\"a:0:{}\";s:26:\"coupon_discount_tax_totals\";s:6:\"a:0:{}\";s:21:\"removed_cart_contents\";s:6:\"a:0:{}\";s:8:\"customer\";s:687:\"a:26:{s:2:\"id\";s:1:\"0\";s:13:\"date_modified\";s:0:\"\";s:8:\"postcode\";s:0:\"\";s:4:\"city\";s:0:\"\";s:9:\"address_1\";s:0:\"\";s:7:\"address\";s:0:\"\";s:9:\"address_2\";s:0:\"\";s:5:\"state\";s:0:\"\";s:7:\"country\";s:2:\"GB\";s:17:\"shipping_postcode\";s:0:\"\";s:13:\"shipping_city\";s:0:\"\";s:18:\"shipping_address_1\";s:0:\"\";s:16:\"shipping_address\";s:0:\"\";s:18:\"shipping_address_2\";s:0:\"\";s:14:\"shipping_state\";s:0:\"\";s:16:\"shipping_country\";s:2:\"GB\";s:13:\"is_vat_exempt\";s:0:\"\";s:19:\"calculated_shipping\";s:0:\"\";s:10:\"first_name\";s:0:\"\";s:9:\"last_name\";s:0:\"\";s:7:\"company\";s:0:\"\";s:5:\"phone\";s:0:\"\";s:5:\"email\";s:0:\"\";s:19:\"shipping_first_name\";s:0:\"\";s:18:\"shipping_last_name\";s:0:\"\";s:16:\"shipping_company\";s:0:\"\";}\";}',1630441212),(120938,'80620f979241c7900cf46e84d9e89dde','a:7:{s:4:\"cart\";s:6:\"a:0:{}\";s:11:\"cart_totals\";s:367:\"a:15:{s:8:\"subtotal\";i:0;s:12:\"subtotal_tax\";i:0;s:14:\"shipping_total\";i:0;s:12:\"shipping_tax\";i:0;s:14:\"shipping_taxes\";a:0:{}s:14:\"discount_total\";i:0;s:12:\"discount_tax\";i:0;s:19:\"cart_contents_total\";i:0;s:17:\"cart_contents_tax\";i:0;s:19:\"cart_contents_taxes\";a:0:{}s:9:\"fee_total\";i:0;s:7:\"fee_tax\";i:0;s:9:\"fee_taxes\";a:0:{}s:5:\"total\";i:0;s:9:\"total_tax\";i:0;}\";s:15:\"applied_coupons\";s:6:\"a:0:{}\";s:22:\"coupon_discount_totals\";s:6:\"a:0:{}\";s:26:\"coupon_discount_tax_totals\";s:6:\"a:0:{}\";s:21:\"removed_cart_contents\";s:6:\"a:0:{}\";s:8:\"customer\";s:687:\"a:26:{s:2:\"id\";s:1:\"0\";s:13:\"date_modified\";s:0:\"\";s:8:\"postcode\";s:0:\"\";s:4:\"city\";s:0:\"\";s:9:\"address_1\";s:0:\"\";s:7:\"address\";s:0:\"\";s:9:\"address_2\";s:0:\"\";s:5:\"state\";s:0:\"\";s:7:\"country\";s:2:\"GB\";s:17:\"shipping_postcode\";s:0:\"\";s:13:\"shipping_city\";s:0:\"\";s:18:\"shipping_address_1\";s:0:\"\";s:16:\"shipping_address\";s:0:\"\";s:18:\"shipping_address_2\";s:0:\"\";s:14:\"shipping_state\";s:0:\"\";s:16:\"shipping_country\";s:2:\"GB\";s:13:\"is_vat_exempt\";s:0:\"\";s:19:\"calculated_shipping\";s:0:\"\";s:10:\"first_name\";s:0:\"\";s:9:\"last_name\";s:0:\"\";s:7:\"company\";s:0:\"\";s:5:\"phone\";s:0:\"\";s:5:\"email\";s:0:\"\";s:19:\"shipping_first_name\";s:0:\"\";s:18:\"shipping_last_name\";s:0:\"\";s:16:\"shipping_company\";s:0:\"\";}\";}',1630447074),(120939,'fa37423848921fd05e778776a395f36a','a:9:{s:4:\"cart\";s:2935:\"a:4:{s:32:\"999e087e6a0ed6137802fafc730d6263\";a:17:{s:9:\"woosb_ids\";s:23:\"83225/1,82002/1,81998/1\";s:3:\"key\";s:32:\"999e087e6a0ed6137802fafc730d6263\";s:10:\"product_id\";i:83252;s:12:\"variation_id\";i:0;s:9:\"variation\";a:0:{}s:8:\"quantity\";i:1;s:9:\"data_hash\";s:32:\"ba53b4648295fd7b9ed5dd1ba7c2d6cc\";s:9:\"woosb_key\";s:32:\"999e087e6a0ed6137802fafc730d6263\";s:17:\"woosb_fixed_price\";b:1;s:21:\"woosb_discount_amount\";i:0;s:14:\"woosb_discount\";i:0;s:13:\"line_tax_data\";a:2:{s:8:\"subtotal\";a:1:{i:7;d:7.26312679;}s:5:\"total\";a:1:{i:7;d:7.26312679;}}s:13:\"line_subtotal\";d:52.72687321;s:17:\"line_subtotal_tax\";d:7.26;s:10:\"line_total\";d:52.72687321;s:8:\"line_tax\";d:7.26;s:10:\"woosb_keys\";a:3:{i:0;s:32:\"0ba02205ee545117312c245074879d0d\";i:1;s:32:\"a6c590765a17532e72038a1f00fac3c3\";i:2;s:32:\"ed88b84e31b17cbef71f4249034fd26b\";}}s:32:\"0ba02205ee545117312c245074879d0d\";a:19:{s:9:\"woosb_qty\";d:1;s:11:\"woosb_price\";s:5:\"39.99\";s:15:\"woosb_parent_id\";i:83252;s:16:\"woosb_parent_key\";s:32:\"999e087e6a0ed6137802fafc730d6263\";s:17:\"woosb_fixed_price\";b:1;s:21:\"woosb_discount_amount\";i:0;s:14:\"woosb_discount\";i:0;s:3:\"key\";s:32:\"0ba02205ee545117312c245074879d0d\";s:10:\"product_id\";i:83225;s:12:\"variation_id\";i:0;s:9:\"variation\";a:0:{}s:8:\"quantity\";d:1;s:9:\"data_hash\";s:32:\"b5c1d5ca8bae6d4896cf1807cdf763f0\";s:13:\"line_tax_data\";a:2:{s:8:\"subtotal\";a:1:{i:1;d:0;}s:5:\"total\";a:1:{i:1;d:0;}}s:13:\"line_subtotal\";d:0;s:17:\"line_subtotal_tax\";d:0;s:10:\"line_total\";d:0;s:8:\"line_tax\";d:0;s:9:\"woosb_key\";s:32:\"0ba02205ee545117312c245074879d0d\";}s:32:\"a6c590765a17532e72038a1f00fac3c3\";a:19:{s:9:\"woosb_qty\";d:1;s:11:\"woosb_price\";s:5:\"19.99\";s:15:\"woosb_parent_id\";i:83252;s:16:\"woosb_parent_key\";s:32:\"999e087e6a0ed6137802fafc730d6263\";s:17:\"woosb_fixed_price\";b:1;s:21:\"woosb_discount_amount\";i:0;s:14:\"woosb_discount\";i:0;s:3:\"key\";s:32:\"a6c590765a17532e72038a1f00fac3c3\";s:10:\"product_id\";i:82002;s:12:\"variation_id\";i:0;s:9:\"variation\";a:0:{}s:8:\"quantity\";d:1;s:9:\"data_hash\";s:32:\"b5c1d5ca8bae6d4896cf1807cdf763f0\";s:13:\"line_tax_data\";a:2:{s:8:\"subtotal\";a:0:{}s:5:\"total\";a:0:{}}s:13:\"line_subtotal\";d:0;s:17:\"line_subtotal_tax\";i:0;s:10:\"line_total\";d:0;s:8:\"line_tax\";i:0;s:9:\"woosb_key\";s:32:\"a6c590765a17532e72038a1f00fac3c3\";}s:32:\"ed88b84e31b17cbef71f4249034fd26b\";a:19:{s:9:\"woosb_qty\";d:1;s:11:\"woosb_price\";s:5:\"12.99\";s:15:\"woosb_parent_id\";i:83252;s:16:\"woosb_parent_key\";s:32:\"999e087e6a0ed6137802fafc730d6263\";s:17:\"woosb_fixed_price\";b:1;s:21:\"woosb_discount_amount\";i:0;s:14:\"woosb_discount\";i:0;s:3:\"key\";s:32:\"ed88b84e31b17cbef71f4249034fd26b\";s:10:\"product_id\";i:81998;s:12:\"variation_id\";i:0;s:9:\"variation\";a:0:{}s:8:\"quantity\";d:1;s:9:\"data_hash\";s:32:\"b5c1d5ca8bae6d4896cf1807cdf763f0\";s:13:\"line_tax_data\";a:2:{s:8:\"subtotal\";a:1:{i:1;d:0;}s:5:\"total\";a:1:{i:1;d:0;}}s:13:\"line_subtotal\";d:0;s:17:\"line_subtotal_tax\";d:0;s:10:\"line_total\";d:0;s:8:\"line_tax\";d:0;s:9:\"woosb_key\";s:32:\"ed88b84e31b17cbef71f4249034fd26b\";}}\";s:11:\"cart_totals\";s:433:\"a:15:{s:8:\"subtotal\";s:5:\"52.73\";s:12:\"subtotal_tax\";d:7.26;s:14:\"shipping_total\";s:4:\"0.00\";s:12:\"shipping_tax\";i:0;s:14:\"shipping_taxes\";a:0:{}s:14:\"discount_total\";i:0;s:12:\"discount_tax\";i:0;s:19:\"cart_contents_total\";s:5:\"52.73\";s:17:\"cart_contents_tax\";d:7.26;s:19:\"cart_contents_taxes\";a:2:{i:7;d:7.26;i:1;d:0;}s:9:\"fee_total\";s:4:\"0.00\";s:7:\"fee_tax\";i:0;s:9:\"fee_taxes\";a:0:{}s:5:\"total\";s:5:\"59.99\";s:9:\"total_tax\";d:7.26;}\";s:15:\"applied_coupons\";s:6:\"a:0:{}\";s:22:\"coupon_discount_totals\";s:6:\"a:0:{}\";s:26:\"coupon_discount_tax_totals\";s:6:\"a:0:{}\";s:21:\"removed_cart_contents\";s:6:\"a:0:{}\";s:16:\"wca_session_data\";s:0:\"\";s:10:\"wc_notices\";N;s:8:\"customer\";s:687:\"a:26:{s:2:\"id\";s:1:\"0\";s:13:\"date_modified\";s:0:\"\";s:8:\"postcode\";s:0:\"\";s:4:\"city\";s:0:\"\";s:9:\"address_1\";s:0:\"\";s:7:\"address\";s:0:\"\";s:9:\"address_2\";s:0:\"\";s:5:\"state\";s:0:\"\";s:7:\"country\";s:2:\"GB\";s:17:\"shipping_postcode\";s:0:\"\";s:13:\"shipping_city\";s:0:\"\";s:18:\"shipping_address_1\";s:0:\"\";s:16:\"shipping_address\";s:0:\"\";s:18:\"shipping_address_2\";s:0:\"\";s:14:\"shipping_state\";s:0:\"\";s:16:\"shipping_country\";s:2:\"GB\";s:13:\"is_vat_exempt\";s:0:\"\";s:19:\"calculated_shipping\";s:0:\"\";s:10:\"first_name\";s:0:\"\";s:9:\"last_name\";s:0:\"\";s:7:\"company\";s:0:\"\";s:5:\"phone\";s:0:\"\";s:5:\"email\";s:0:\"\";s:19:\"shipping_first_name\";s:0:\"\";s:18:\"shipping_last_name\";s:0:\"\";s:16:\"shipping_company\";s:0:\"\";}\";}',1630447078),(120940,'1005d4d1145e3514d4774eb1cde771c0','a:7:{s:4:\"cart\";s:6:\"a:0:{}\";s:11:\"cart_totals\";s:367:\"a:15:{s:8:\"subtotal\";i:0;s:12:\"subtotal_tax\";i:0;s:14:\"shipping_total\";i:0;s:12:\"shipping_tax\";i:0;s:14:\"shipping_taxes\";a:0:{}s:14:\"discount_total\";i:0;s:12:\"discount_tax\";i:0;s:19:\"cart_contents_total\";i:0;s:17:\"cart_contents_tax\";i:0;s:19:\"cart_contents_taxes\";a:0:{}s:9:\"fee_total\";i:0;s:7:\"fee_tax\";i:0;s:9:\"fee_taxes\";a:0:{}s:5:\"total\";i:0;s:9:\"total_tax\";i:0;}\";s:15:\"applied_coupons\";s:6:\"a:0:{}\";s:22:\"coupon_discount_totals\";s:6:\"a:0:{}\";s:26:\"coupon_discount_tax_totals\";s:6:\"a:0:{}\";s:21:\"removed_cart_contents\";s:6:\"a:0:{}\";s:8:\"customer\";s:687:\"a:26:{s:2:\"id\";s:1:\"0\";s:13:\"date_modified\";s:0:\"\";s:8:\"postcode\";s:0:\"\";s:4:\"city\";s:0:\"\";s:9:\"address_1\";s:0:\"\";s:7:\"address\";s:0:\"\";s:9:\"address_2\";s:0:\"\";s:5:\"state\";s:0:\"\";s:7:\"country\";s:2:\"GB\";s:17:\"shipping_postcode\";s:0:\"\";s:13:\"shipping_city\";s:0:\"\";s:18:\"shipping_address_1\";s:0:\"\";s:16:\"shipping_address\";s:0:\"\";s:18:\"shipping_address_2\";s:0:\"\";s:14:\"shipping_state\";s:0:\"\";s:16:\"shipping_country\";s:2:\"GB\";s:13:\"is_vat_exempt\";s:0:\"\";s:19:\"calculated_shipping\";s:0:\"\";s:10:\"first_name\";s:0:\"\";s:9:\"last_name\";s:0:\"\";s:7:\"company\";s:0:\"\";s:5:\"phone\";s:0:\"\";s:5:\"email\";s:0:\"\";s:19:\"shipping_first_name\";s:0:\"\";s:18:\"shipping_last_name\";s:0:\"\";s:16:\"shipping_company\";s:0:\"\";}\";}',1630447079),(120941,'0887173fa6b34b96f6966af1fd85d7ab','a:9:{s:4:\"cart\";s:419:\"a:1:{s:32:\"f2e01c29e33e5b99af2a0e11a9970f73\";a:11:{s:3:\"key\";s:32:\"f2e01c29e33e5b99af2a0e11a9970f73\";s:10:\"product_id\";i:82002;s:12:\"variation_id\";i:0;s:9:\"variation\";a:0:{}s:8:\"quantity\";i:1;s:9:\"data_hash\";s:32:\"b5c1d5ca8bae6d4896cf1807cdf763f0\";s:13:\"line_tax_data\";a:2:{s:8:\"subtotal\";a:0:{}s:5:\"total\";a:0:{}}s:13:\"line_subtotal\";d:19.99;s:17:\"line_subtotal_tax\";i:0;s:10:\"line_total\";d:19.99;s:8:\"line_tax\";i:0;}}\";s:11:\"cart_totals\";s:405:\"a:15:{s:8:\"subtotal\";s:5:\"19.99\";s:12:\"subtotal_tax\";d:0;s:14:\"shipping_total\";s:4:\"0.00\";s:12:\"shipping_tax\";i:0;s:14:\"shipping_taxes\";a:0:{}s:14:\"discount_total\";i:0;s:12:\"discount_tax\";i:0;s:19:\"cart_contents_total\";s:5:\"19.99\";s:17:\"cart_contents_tax\";i:0;s:19:\"cart_contents_taxes\";a:0:{}s:9:\"fee_total\";s:4:\"0.00\";s:7:\"fee_tax\";i:0;s:9:\"fee_taxes\";a:0:{}s:5:\"total\";s:5:\"19.99\";s:9:\"total_tax\";d:0;}\";s:15:\"applied_coupons\";s:6:\"a:0:{}\";s:22:\"coupon_discount_totals\";s:6:\"a:0:{}\";s:26:\"coupon_discount_tax_totals\";s:6:\"a:0:{}\";s:21:\"removed_cart_contents\";s:6:\"a:0:{}\";s:16:\"wca_session_data\";s:0:\"\";s:10:\"wc_notices\";N;s:8:\"customer\";s:687:\"a:26:{s:2:\"id\";s:1:\"0\";s:13:\"date_modified\";s:0:\"\";s:8:\"postcode\";s:0:\"\";s:4:\"city\";s:0:\"\";s:9:\"address_1\";s:0:\"\";s:7:\"address\";s:0:\"\";s:9:\"address_2\";s:0:\"\";s:5:\"state\";s:0:\"\";s:7:\"country\";s:2:\"GB\";s:17:\"shipping_postcode\";s:0:\"\";s:13:\"shipping_city\";s:0:\"\";s:18:\"shipping_address_1\";s:0:\"\";s:16:\"shipping_address\";s:0:\"\";s:18:\"shipping_address_2\";s:0:\"\";s:14:\"shipping_state\";s:0:\"\";s:16:\"shipping_country\";s:2:\"GB\";s:13:\"is_vat_exempt\";s:0:\"\";s:19:\"calculated_shipping\";s:0:\"\";s:10:\"first_name\";s:0:\"\";s:9:\"last_name\";s:0:\"\";s:7:\"company\";s:0:\"\";s:5:\"phone\";s:0:\"\";s:5:\"email\";s:0:\"\";s:19:\"shipping_first_name\";s:0:\"\";s:18:\"shipping_last_name\";s:0:\"\";s:16:\"shipping_company\";s:0:\"\";}\";}',1630447082),(120942,'bd9a115889d41744855ee3d58358f805','a:7:{s:4:\"cart\";s:6:\"a:0:{}\";s:11:\"cart_totals\";s:367:\"a:15:{s:8:\"subtotal\";i:0;s:12:\"subtotal_tax\";i:0;s:14:\"shipping_total\";i:0;s:12:\"shipping_tax\";i:0;s:14:\"shipping_taxes\";a:0:{}s:14:\"discount_total\";i:0;s:12:\"discount_tax\";i:0;s:19:\"cart_contents_total\";i:0;s:17:\"cart_contents_tax\";i:0;s:19:\"cart_contents_taxes\";a:0:{}s:9:\"fee_total\";i:0;s:7:\"fee_tax\";i:0;s:9:\"fee_taxes\";a:0:{}s:5:\"total\";i:0;s:9:\"total_tax\";i:0;}\";s:15:\"applied_coupons\";s:6:\"a:0:{}\";s:22:\"coupon_discount_totals\";s:6:\"a:0:{}\";s:26:\"coupon_discount_tax_totals\";s:6:\"a:0:{}\";s:21:\"removed_cart_contents\";s:6:\"a:0:{}\";s:8:\"customer\";s:687:\"a:26:{s:2:\"id\";s:1:\"0\";s:13:\"date_modified\";s:0:\"\";s:8:\"postcode\";s:0:\"\";s:4:\"city\";s:0:\"\";s:9:\"address_1\";s:0:\"\";s:7:\"address\";s:0:\"\";s:9:\"address_2\";s:0:\"\";s:5:\"state\";s:0:\"\";s:7:\"country\";s:2:\"GB\";s:17:\"shipping_postcode\";s:0:\"\";s:13:\"shipping_city\";s:0:\"\";s:18:\"shipping_address_1\";s:0:\"\";s:16:\"shipping_address\";s:0:\"\";s:18:\"shipping_address_2\";s:0:\"\";s:14:\"shipping_state\";s:0:\"\";s:16:\"shipping_country\";s:2:\"GB\";s:13:\"is_vat_exempt\";s:0:\"\";s:19:\"calculated_shipping\";s:0:\"\";s:10:\"first_name\";s:0:\"\";s:9:\"last_name\";s:0:\"\";s:7:\"company\";s:0:\"\";s:5:\"phone\";s:0:\"\";s:5:\"email\";s:0:\"\";s:19:\"shipping_first_name\";s:0:\"\";s:18:\"shipping_last_name\";s:0:\"\";s:16:\"shipping_company\";s:0:\"\";}\";}',1630447082),(120943,'f1694d7799a22950117c092bb6b44e23','a:7:{s:4:\"cart\";s:6:\"a:0:{}\";s:11:\"cart_totals\";s:367:\"a:15:{s:8:\"subtotal\";i:0;s:12:\"subtotal_tax\";i:0;s:14:\"shipping_total\";i:0;s:12:\"shipping_tax\";i:0;s:14:\"shipping_taxes\";a:0:{}s:14:\"discount_total\";i:0;s:12:\"discount_tax\";i:0;s:19:\"cart_contents_total\";i:0;s:17:\"cart_contents_tax\";i:0;s:19:\"cart_contents_taxes\";a:0:{}s:9:\"fee_total\";i:0;s:7:\"fee_tax\";i:0;s:9:\"fee_taxes\";a:0:{}s:5:\"total\";i:0;s:9:\"total_tax\";i:0;}\";s:15:\"applied_coupons\";s:6:\"a:0:{}\";s:22:\"coupon_discount_totals\";s:6:\"a:0:{}\";s:26:\"coupon_discount_tax_totals\";s:6:\"a:0:{}\";s:21:\"removed_cart_contents\";s:6:\"a:0:{}\";s:8:\"customer\";s:687:\"a:26:{s:2:\"id\";s:1:\"0\";s:13:\"date_modified\";s:0:\"\";s:8:\"postcode\";s:0:\"\";s:4:\"city\";s:0:\"\";s:9:\"address_1\";s:0:\"\";s:7:\"address\";s:0:\"\";s:9:\"address_2\";s:0:\"\";s:5:\"state\";s:0:\"\";s:7:\"country\";s:2:\"GB\";s:17:\"shipping_postcode\";s:0:\"\";s:13:\"shipping_city\";s:0:\"\";s:18:\"shipping_address_1\";s:0:\"\";s:16:\"shipping_address\";s:0:\"\";s:18:\"shipping_address_2\";s:0:\"\";s:14:\"shipping_state\";s:0:\"\";s:16:\"shipping_country\";s:2:\"GB\";s:13:\"is_vat_exempt\";s:0:\"\";s:19:\"calculated_shipping\";s:0:\"\";s:10:\"first_name\";s:0:\"\";s:9:\"last_name\";s:0:\"\";s:7:\"company\";s:0:\"\";s:5:\"phone\";s:0:\"\";s:5:\"email\";s:0:\"\";s:19:\"shipping_first_name\";s:0:\"\";s:18:\"shipping_last_name\";s:0:\"\";s:16:\"shipping_company\";s:0:\"\";}\";}',1630447083),(120944,'5b4ee3798c6d2c97c25c3135045e696e','a:9:{s:4:\"cart\";s:451:\"a:1:{s:32:\"98470000dfdbcbccf2c7cd42d80955ae\";a:11:{s:3:\"key\";s:32:\"98470000dfdbcbccf2c7cd42d80955ae\";s:10:\"product_id\";i:81998;s:12:\"variation_id\";i:0;s:9:\"variation\";a:0:{}s:8:\"quantity\";i:1;s:9:\"data_hash\";s:32:\"b5c1d5ca8bae6d4896cf1807cdf763f0\";s:13:\"line_tax_data\";a:2:{s:8:\"subtotal\";a:1:{i:1;d:2.165;}s:5:\"total\";a:1:{i:1;d:2.165;}}s:13:\"line_subtotal\";d:10.825;s:17:\"line_subtotal_tax\";d:2.16;s:10:\"line_total\";d:10.825;s:8:\"line_tax\";d:2.16;}}\";s:11:\"cart_totals\";s:425:\"a:15:{s:8:\"subtotal\";s:5:\"10.83\";s:12:\"subtotal_tax\";d:2.16;s:14:\"shipping_total\";s:4:\"0.00\";s:12:\"shipping_tax\";i:0;s:14:\"shipping_taxes\";a:0:{}s:14:\"discount_total\";i:0;s:12:\"discount_tax\";i:0;s:19:\"cart_contents_total\";s:5:\"10.83\";s:17:\"cart_contents_tax\";d:2.16;s:19:\"cart_contents_taxes\";a:1:{i:1;d:2.16;}s:9:\"fee_total\";s:4:\"0.00\";s:7:\"fee_tax\";i:0;s:9:\"fee_taxes\";a:0:{}s:5:\"total\";s:5:\"12.99\";s:9:\"total_tax\";d:2.16;}\";s:15:\"applied_coupons\";s:6:\"a:0:{}\";s:22:\"coupon_discount_totals\";s:6:\"a:0:{}\";s:26:\"coupon_discount_tax_totals\";s:6:\"a:0:{}\";s:21:\"removed_cart_contents\";s:6:\"a:0:{}\";s:16:\"wca_session_data\";s:0:\"\";s:10:\"wc_notices\";N;s:8:\"customer\";s:687:\"a:26:{s:2:\"id\";s:1:\"0\";s:13:\"date_modified\";s:0:\"\";s:8:\"postcode\";s:0:\"\";s:4:\"city\";s:0:\"\";s:9:\"address_1\";s:0:\"\";s:7:\"address\";s:0:\"\";s:9:\"address_2\";s:0:\"\";s:5:\"state\";s:0:\"\";s:7:\"country\";s:2:\"GB\";s:17:\"shipping_postcode\";s:0:\"\";s:13:\"shipping_city\";s:0:\"\";s:18:\"shipping_address_1\";s:0:\"\";s:16:\"shipping_address\";s:0:\"\";s:18:\"shipping_address_2\";s:0:\"\";s:14:\"shipping_state\";s:0:\"\";s:16:\"shipping_country\";s:2:\"GB\";s:13:\"is_vat_exempt\";s:0:\"\";s:19:\"calculated_shipping\";s:0:\"\";s:10:\"first_name\";s:0:\"\";s:9:\"last_name\";s:0:\"\";s:7:\"company\";s:0:\"\";s:5:\"phone\";s:0:\"\";s:5:\"email\";s:0:\"\";s:19:\"shipping_first_name\";s:0:\"\";s:18:\"shipping_last_name\";s:0:\"\";s:16:\"shipping_company\";s:0:\"\";}\";}',1630447084),(120945,'4f71fa708c9dc96ad58f4c6373628a16','a:9:{s:4:\"cart\";s:451:\"a:1:{s:32:\"4e255ecbeb4705bae3c14669ca604187\";a:11:{s:3:\"key\";s:32:\"4e255ecbeb4705bae3c14669ca604187\";s:10:\"product_id\";i:83225;s:12:\"variation_id\";i:0;s:9:\"variation\";a:0:{}s:8:\"quantity\";i:1;s:9:\"data_hash\";s:32:\"b5c1d5ca8bae6d4896cf1807cdf763f0\";s:13:\"line_tax_data\";a:2:{s:8:\"subtotal\";a:1:{i:1;d:6.665;}s:5:\"total\";a:1:{i:1;d:6.665;}}s:13:\"line_subtotal\";d:33.325;s:17:\"line_subtotal_tax\";d:6.66;s:10:\"line_total\";d:33.325;s:8:\"line_tax\";d:6.66;}}\";s:11:\"cart_totals\";s:425:\"a:15:{s:8:\"subtotal\";s:5:\"33.33\";s:12:\"subtotal_tax\";d:6.66;s:14:\"shipping_total\";s:4:\"0.00\";s:12:\"shipping_tax\";i:0;s:14:\"shipping_taxes\";a:0:{}s:14:\"discount_total\";i:0;s:12:\"discount_tax\";i:0;s:19:\"cart_contents_total\";s:5:\"33.33\";s:17:\"cart_contents_tax\";d:6.66;s:19:\"cart_contents_taxes\";a:1:{i:1;d:6.66;}s:9:\"fee_total\";s:4:\"0.00\";s:7:\"fee_tax\";i:0;s:9:\"fee_taxes\";a:0:{}s:5:\"total\";s:5:\"39.99\";s:9:\"total_tax\";d:6.66;}\";s:15:\"applied_coupons\";s:6:\"a:0:{}\";s:22:\"coupon_discount_totals\";s:6:\"a:0:{}\";s:26:\"coupon_discount_tax_totals\";s:6:\"a:0:{}\";s:21:\"removed_cart_contents\";s:6:\"a:0:{}\";s:16:\"wca_session_data\";s:0:\"\";s:10:\"wc_notices\";N;s:8:\"customer\";s:687:\"a:26:{s:2:\"id\";s:1:\"0\";s:13:\"date_modified\";s:0:\"\";s:8:\"postcode\";s:0:\"\";s:4:\"city\";s:0:\"\";s:9:\"address_1\";s:0:\"\";s:7:\"address\";s:0:\"\";s:9:\"address_2\";s:0:\"\";s:5:\"state\";s:0:\"\";s:7:\"country\";s:2:\"GB\";s:17:\"shipping_postcode\";s:0:\"\";s:13:\"shipping_city\";s:0:\"\";s:18:\"shipping_address_1\";s:0:\"\";s:16:\"shipping_address\";s:0:\"\";s:18:\"shipping_address_2\";s:0:\"\";s:14:\"shipping_state\";s:0:\"\";s:16:\"shipping_country\";s:2:\"GB\";s:13:\"is_vat_exempt\";s:0:\"\";s:19:\"calculated_shipping\";s:0:\"\";s:10:\"first_name\";s:0:\"\";s:9:\"last_name\";s:0:\"\";s:7:\"company\";s:0:\"\";s:5:\"phone\";s:0:\"\";s:5:\"email\";s:0:\"\";s:19:\"shipping_first_name\";s:0:\"\";s:18:\"shipping_last_name\";s:0:\"\";s:16:\"shipping_company\";s:0:\"\";}\";}',1630447085),(120946,'2f689cb3aa5e095eb201c15e5651af7b','a:7:{s:4:\"cart\";s:6:\"a:0:{}\";s:11:\"cart_totals\";s:367:\"a:15:{s:8:\"subtotal\";i:0;s:12:\"subtotal_tax\";i:0;s:14:\"shipping_total\";i:0;s:12:\"shipping_tax\";i:0;s:14:\"shipping_taxes\";a:0:{}s:14:\"discount_total\";i:0;s:12:\"discount_tax\";i:0;s:19:\"cart_contents_total\";i:0;s:17:\"cart_contents_tax\";i:0;s:19:\"cart_contents_taxes\";a:0:{}s:9:\"fee_total\";i:0;s:7:\"fee_tax\";i:0;s:9:\"fee_taxes\";a:0:{}s:5:\"total\";i:0;s:9:\"total_tax\";i:0;}\";s:15:\"applied_coupons\";s:6:\"a:0:{}\";s:22:\"coupon_discount_totals\";s:6:\"a:0:{}\";s:26:\"coupon_discount_tax_totals\";s:6:\"a:0:{}\";s:21:\"removed_cart_contents\";s:6:\"a:0:{}\";s:8:\"customer\";s:687:\"a:26:{s:2:\"id\";s:1:\"0\";s:13:\"date_modified\";s:0:\"\";s:8:\"postcode\";s:0:\"\";s:4:\"city\";s:0:\"\";s:9:\"address_1\";s:0:\"\";s:7:\"address\";s:0:\"\";s:9:\"address_2\";s:0:\"\";s:5:\"state\";s:0:\"\";s:7:\"country\";s:2:\"GB\";s:17:\"shipping_postcode\";s:0:\"\";s:13:\"shipping_city\";s:0:\"\";s:18:\"shipping_address_1\";s:0:\"\";s:16:\"shipping_address\";s:0:\"\";s:18:\"shipping_address_2\";s:0:\"\";s:14:\"shipping_state\";s:0:\"\";s:16:\"shipping_country\";s:2:\"GB\";s:13:\"is_vat_exempt\";s:0:\"\";s:19:\"calculated_shipping\";s:0:\"\";s:10:\"first_name\";s:0:\"\";s:9:\"last_name\";s:0:\"\";s:7:\"company\";s:0:\"\";s:5:\"phone\";s:0:\"\";s:5:\"email\";s:0:\"\";s:19:\"shipping_first_name\";s:0:\"\";s:18:\"shipping_last_name\";s:0:\"\";s:16:\"shipping_company\";s:0:\"\";}\";}',1630461408),(120947,'95cfdf748497c5511546b97c17c84345','a:7:{s:4:\"cart\";s:6:\"a:0:{}\";s:11:\"cart_totals\";s:367:\"a:15:{s:8:\"subtotal\";i:0;s:12:\"subtotal_tax\";i:0;s:14:\"shipping_total\";i:0;s:12:\"shipping_tax\";i:0;s:14:\"shipping_taxes\";a:0:{}s:14:\"discount_total\";i:0;s:12:\"discount_tax\";i:0;s:19:\"cart_contents_total\";i:0;s:17:\"cart_contents_tax\";i:0;s:19:\"cart_contents_taxes\";a:0:{}s:9:\"fee_total\";i:0;s:7:\"fee_tax\";i:0;s:9:\"fee_taxes\";a:0:{}s:5:\"total\";i:0;s:9:\"total_tax\";i:0;}\";s:15:\"applied_coupons\";s:6:\"a:0:{}\";s:22:\"coupon_discount_totals\";s:6:\"a:0:{}\";s:26:\"coupon_discount_tax_totals\";s:6:\"a:0:{}\";s:21:\"removed_cart_contents\";s:6:\"a:0:{}\";s:8:\"customer\";s:687:\"a:26:{s:2:\"id\";s:1:\"0\";s:13:\"date_modified\";s:0:\"\";s:8:\"postcode\";s:0:\"\";s:4:\"city\";s:0:\"\";s:9:\"address_1\";s:0:\"\";s:7:\"address\";s:0:\"\";s:9:\"address_2\";s:0:\"\";s:5:\"state\";s:0:\"\";s:7:\"country\";s:2:\"GB\";s:17:\"shipping_postcode\";s:0:\"\";s:13:\"shipping_city\";s:0:\"\";s:18:\"shipping_address_1\";s:0:\"\";s:16:\"shipping_address\";s:0:\"\";s:18:\"shipping_address_2\";s:0:\"\";s:14:\"shipping_state\";s:0:\"\";s:16:\"shipping_country\";s:2:\"GB\";s:13:\"is_vat_exempt\";s:0:\"\";s:19:\"calculated_shipping\";s:0:\"\";s:10:\"first_name\";s:0:\"\";s:9:\"last_name\";s:0:\"\";s:7:\"company\";s:0:\"\";s:5:\"phone\";s:0:\"\";s:5:\"email\";s:0:\"\";s:19:\"shipping_first_name\";s:0:\"\";s:18:\"shipping_last_name\";s:0:\"\";s:16:\"shipping_company\";s:0:\"\";}\";}',1630464677),(120948,'6741c4ffecbbae00577e3b0d3c2c11e8','a:7:{s:4:\"cart\";s:6:\"a:0:{}\";s:11:\"cart_totals\";s:367:\"a:15:{s:8:\"subtotal\";i:0;s:12:\"subtotal_tax\";i:0;s:14:\"shipping_total\";i:0;s:12:\"shipping_tax\";i:0;s:14:\"shipping_taxes\";a:0:{}s:14:\"discount_total\";i:0;s:12:\"discount_tax\";i:0;s:19:\"cart_contents_total\";i:0;s:17:\"cart_contents_tax\";i:0;s:19:\"cart_contents_taxes\";a:0:{}s:9:\"fee_total\";i:0;s:7:\"fee_tax\";i:0;s:9:\"fee_taxes\";a:0:{}s:5:\"total\";i:0;s:9:\"total_tax\";i:0;}\";s:15:\"applied_coupons\";s:6:\"a:0:{}\";s:22:\"coupon_discount_totals\";s:6:\"a:0:{}\";s:26:\"coupon_discount_tax_totals\";s:6:\"a:0:{}\";s:21:\"removed_cart_contents\";s:6:\"a:0:{}\";s:8:\"customer\";s:687:\"a:26:{s:2:\"id\";s:1:\"0\";s:13:\"date_modified\";s:0:\"\";s:8:\"postcode\";s:0:\"\";s:4:\"city\";s:0:\"\";s:9:\"address_1\";s:0:\"\";s:7:\"address\";s:0:\"\";s:9:\"address_2\";s:0:\"\";s:5:\"state\";s:0:\"\";s:7:\"country\";s:2:\"GB\";s:17:\"shipping_postcode\";s:0:\"\";s:13:\"shipping_city\";s:0:\"\";s:18:\"shipping_address_1\";s:0:\"\";s:16:\"shipping_address\";s:0:\"\";s:18:\"shipping_address_2\";s:0:\"\";s:14:\"shipping_state\";s:0:\"\";s:16:\"shipping_country\";s:2:\"GB\";s:13:\"is_vat_exempt\";s:0:\"\";s:19:\"calculated_shipping\";s:0:\"\";s:10:\"first_name\";s:0:\"\";s:9:\"last_name\";s:0:\"\";s:7:\"company\";s:0:\"\";s:5:\"phone\";s:0:\"\";s:5:\"email\";s:0:\"\";s:19:\"shipping_first_name\";s:0:\"\";s:18:\"shipping_last_name\";s:0:\"\";s:16:\"shipping_company\";s:0:\"\";}\";}',1630473325),(120949,'d654a38e2806b950354450f2dfa2a7f9','a:7:{s:4:\"cart\";s:6:\"a:0:{}\";s:11:\"cart_totals\";s:367:\"a:15:{s:8:\"subtotal\";i:0;s:12:\"subtotal_tax\";i:0;s:14:\"shipping_total\";i:0;s:12:\"shipping_tax\";i:0;s:14:\"shipping_taxes\";a:0:{}s:14:\"discount_total\";i:0;s:12:\"discount_tax\";i:0;s:19:\"cart_contents_total\";i:0;s:17:\"cart_contents_tax\";i:0;s:19:\"cart_contents_taxes\";a:0:{}s:9:\"fee_total\";i:0;s:7:\"fee_tax\";i:0;s:9:\"fee_taxes\";a:0:{}s:5:\"total\";i:0;s:9:\"total_tax\";i:0;}\";s:15:\"applied_coupons\";s:6:\"a:0:{}\";s:22:\"coupon_discount_totals\";s:6:\"a:0:{}\";s:26:\"coupon_discount_tax_totals\";s:6:\"a:0:{}\";s:21:\"removed_cart_contents\";s:6:\"a:0:{}\";s:8:\"customer\";s:687:\"a:26:{s:2:\"id\";s:1:\"0\";s:13:\"date_modified\";s:0:\"\";s:8:\"postcode\";s:0:\"\";s:4:\"city\";s:0:\"\";s:9:\"address_1\";s:0:\"\";s:7:\"address\";s:0:\"\";s:9:\"address_2\";s:0:\"\";s:5:\"state\";s:0:\"\";s:7:\"country\";s:2:\"GB\";s:17:\"shipping_postcode\";s:0:\"\";s:13:\"shipping_city\";s:0:\"\";s:18:\"shipping_address_1\";s:0:\"\";s:16:\"shipping_address\";s:0:\"\";s:18:\"shipping_address_2\";s:0:\"\";s:14:\"shipping_state\";s:0:\"\";s:16:\"shipping_country\";s:2:\"GB\";s:13:\"is_vat_exempt\";s:0:\"\";s:19:\"calculated_shipping\";s:0:\"\";s:10:\"first_name\";s:0:\"\";s:9:\"last_name\";s:0:\"\";s:7:\"company\";s:0:\"\";s:5:\"phone\";s:0:\"\";s:5:\"email\";s:0:\"\";s:19:\"shipping_first_name\";s:0:\"\";s:18:\"shipping_last_name\";s:0:\"\";s:16:\"shipping_company\";s:0:\"\";}\";}',1630478351),(120950,'4a89dad6b79351be139e2766d483b99c','a:7:{s:4:\"cart\";s:6:\"a:0:{}\";s:11:\"cart_totals\";s:367:\"a:15:{s:8:\"subtotal\";i:0;s:12:\"subtotal_tax\";i:0;s:14:\"shipping_total\";i:0;s:12:\"shipping_tax\";i:0;s:14:\"shipping_taxes\";a:0:{}s:14:\"discount_total\";i:0;s:12:\"discount_tax\";i:0;s:19:\"cart_contents_total\";i:0;s:17:\"cart_contents_tax\";i:0;s:19:\"cart_contents_taxes\";a:0:{}s:9:\"fee_total\";i:0;s:7:\"fee_tax\";i:0;s:9:\"fee_taxes\";a:0:{}s:5:\"total\";i:0;s:9:\"total_tax\";i:0;}\";s:15:\"applied_coupons\";s:6:\"a:0:{}\";s:22:\"coupon_discount_totals\";s:6:\"a:0:{}\";s:26:\"coupon_discount_tax_totals\";s:6:\"a:0:{}\";s:21:\"removed_cart_contents\";s:6:\"a:0:{}\";s:8:\"customer\";s:687:\"a:26:{s:2:\"id\";s:1:\"0\";s:13:\"date_modified\";s:0:\"\";s:8:\"postcode\";s:0:\"\";s:4:\"city\";s:0:\"\";s:9:\"address_1\";s:0:\"\";s:7:\"address\";s:0:\"\";s:9:\"address_2\";s:0:\"\";s:5:\"state\";s:0:\"\";s:7:\"country\";s:2:\"GB\";s:17:\"shipping_postcode\";s:0:\"\";s:13:\"shipping_city\";s:0:\"\";s:18:\"shipping_address_1\";s:0:\"\";s:16:\"shipping_address\";s:0:\"\";s:18:\"shipping_address_2\";s:0:\"\";s:14:\"shipping_state\";s:0:\"\";s:16:\"shipping_country\";s:2:\"GB\";s:13:\"is_vat_exempt\";s:0:\"\";s:19:\"calculated_shipping\";s:0:\"\";s:10:\"first_name\";s:0:\"\";s:9:\"last_name\";s:0:\"\";s:7:\"company\";s:0:\"\";s:5:\"phone\";s:0:\"\";s:5:\"email\";s:0:\"\";s:19:\"shipping_first_name\";s:0:\"\";s:18:\"shipping_last_name\";s:0:\"\";s:16:\"shipping_company\";s:0:\"\";}\";}',1630480415),(120951,'7e393b7818555ec8cca1e398ebcee125','a:7:{s:4:\"cart\";s:6:\"a:0:{}\";s:11:\"cart_totals\";s:367:\"a:15:{s:8:\"subtotal\";i:0;s:12:\"subtotal_tax\";i:0;s:14:\"shipping_total\";i:0;s:12:\"shipping_tax\";i:0;s:14:\"shipping_taxes\";a:0:{}s:14:\"discount_total\";i:0;s:12:\"discount_tax\";i:0;s:19:\"cart_contents_total\";i:0;s:17:\"cart_contents_tax\";i:0;s:19:\"cart_contents_taxes\";a:0:{}s:9:\"fee_total\";i:0;s:7:\"fee_tax\";i:0;s:9:\"fee_taxes\";a:0:{}s:5:\"total\";i:0;s:9:\"total_tax\";i:0;}\";s:15:\"applied_coupons\";s:6:\"a:0:{}\";s:22:\"coupon_discount_totals\";s:6:\"a:0:{}\";s:26:\"coupon_discount_tax_totals\";s:6:\"a:0:{}\";s:21:\"removed_cart_contents\";s:6:\"a:0:{}\";s:8:\"customer\";s:687:\"a:26:{s:2:\"id\";s:1:\"0\";s:13:\"date_modified\";s:0:\"\";s:8:\"postcode\";s:0:\"\";s:4:\"city\";s:0:\"\";s:9:\"address_1\";s:0:\"\";s:7:\"address\";s:0:\"\";s:9:\"address_2\";s:0:\"\";s:5:\"state\";s:0:\"\";s:7:\"country\";s:2:\"GB\";s:17:\"shipping_postcode\";s:0:\"\";s:13:\"shipping_city\";s:0:\"\";s:18:\"shipping_address_1\";s:0:\"\";s:16:\"shipping_address\";s:0:\"\";s:18:\"shipping_address_2\";s:0:\"\";s:14:\"shipping_state\";s:0:\"\";s:16:\"shipping_country\";s:2:\"GB\";s:13:\"is_vat_exempt\";s:0:\"\";s:19:\"calculated_shipping\";s:0:\"\";s:10:\"first_name\";s:0:\"\";s:9:\"last_name\";s:0:\"\";s:7:\"company\";s:0:\"\";s:5:\"phone\";s:0:\"\";s:5:\"email\";s:0:\"\";s:19:\"shipping_first_name\";s:0:\"\";s:18:\"shipping_last_name\";s:0:\"\";s:16:\"shipping_company\";s:0:\"\";}\";}',1630486220),(120952,'28f7a4ac27aacbea87bdecd9658cb2f4','a:7:{s:4:\"cart\";s:6:\"a:0:{}\";s:11:\"cart_totals\";s:367:\"a:15:{s:8:\"subtotal\";i:0;s:12:\"subtotal_tax\";i:0;s:14:\"shipping_total\";i:0;s:12:\"shipping_tax\";i:0;s:14:\"shipping_taxes\";a:0:{}s:14:\"discount_total\";i:0;s:12:\"discount_tax\";i:0;s:19:\"cart_contents_total\";i:0;s:17:\"cart_contents_tax\";i:0;s:19:\"cart_contents_taxes\";a:0:{}s:9:\"fee_total\";i:0;s:7:\"fee_tax\";i:0;s:9:\"fee_taxes\";a:0:{}s:5:\"total\";i:0;s:9:\"total_tax\";i:0;}\";s:15:\"applied_coupons\";s:6:\"a:0:{}\";s:22:\"coupon_discount_totals\";s:6:\"a:0:{}\";s:26:\"coupon_discount_tax_totals\";s:6:\"a:0:{}\";s:21:\"removed_cart_contents\";s:6:\"a:0:{}\";s:8:\"customer\";s:687:\"a:26:{s:2:\"id\";s:1:\"0\";s:13:\"date_modified\";s:0:\"\";s:8:\"postcode\";s:0:\"\";s:4:\"city\";s:0:\"\";s:9:\"address_1\";s:0:\"\";s:7:\"address\";s:0:\"\";s:9:\"address_2\";s:0:\"\";s:5:\"state\";s:0:\"\";s:7:\"country\";s:2:\"GB\";s:17:\"shipping_postcode\";s:0:\"\";s:13:\"shipping_city\";s:0:\"\";s:18:\"shipping_address_1\";s:0:\"\";s:16:\"shipping_address\";s:0:\"\";s:18:\"shipping_address_2\";s:0:\"\";s:14:\"shipping_state\";s:0:\"\";s:16:\"shipping_country\";s:2:\"GB\";s:13:\"is_vat_exempt\";s:0:\"\";s:19:\"calculated_shipping\";s:0:\"\";s:10:\"first_name\";s:0:\"\";s:9:\"last_name\";s:0:\"\";s:7:\"company\";s:0:\"\";s:5:\"phone\";s:0:\"\";s:5:\"email\";s:0:\"\";s:19:\"shipping_first_name\";s:0:\"\";s:18:\"shipping_last_name\";s:0:\"\";s:16:\"shipping_company\";s:0:\"\";}\";}',1630486525),(120953,'637691ccca68dbf5993e664767896e6d','a:7:{s:4:\"cart\";s:6:\"a:0:{}\";s:11:\"cart_totals\";s:367:\"a:15:{s:8:\"subtotal\";i:0;s:12:\"subtotal_tax\";i:0;s:14:\"shipping_total\";i:0;s:12:\"shipping_tax\";i:0;s:14:\"shipping_taxes\";a:0:{}s:14:\"discount_total\";i:0;s:12:\"discount_tax\";i:0;s:19:\"cart_contents_total\";i:0;s:17:\"cart_contents_tax\";i:0;s:19:\"cart_contents_taxes\";a:0:{}s:9:\"fee_total\";i:0;s:7:\"fee_tax\";i:0;s:9:\"fee_taxes\";a:0:{}s:5:\"total\";i:0;s:9:\"total_tax\";i:0;}\";s:15:\"applied_coupons\";s:6:\"a:0:{}\";s:22:\"coupon_discount_totals\";s:6:\"a:0:{}\";s:26:\"coupon_discount_tax_totals\";s:6:\"a:0:{}\";s:21:\"removed_cart_contents\";s:6:\"a:0:{}\";s:8:\"customer\";s:687:\"a:26:{s:2:\"id\";s:1:\"0\";s:13:\"date_modified\";s:0:\"\";s:8:\"postcode\";s:0:\"\";s:4:\"city\";s:0:\"\";s:9:\"address_1\";s:0:\"\";s:7:\"address\";s:0:\"\";s:9:\"address_2\";s:0:\"\";s:5:\"state\";s:0:\"\";s:7:\"country\";s:2:\"GB\";s:17:\"shipping_postcode\";s:0:\"\";s:13:\"shipping_city\";s:0:\"\";s:18:\"shipping_address_1\";s:0:\"\";s:16:\"shipping_address\";s:0:\"\";s:18:\"shipping_address_2\";s:0:\"\";s:14:\"shipping_state\";s:0:\"\";s:16:\"shipping_country\";s:2:\"GB\";s:13:\"is_vat_exempt\";s:0:\"\";s:19:\"calculated_shipping\";s:0:\"\";s:10:\"first_name\";s:0:\"\";s:9:\"last_name\";s:0:\"\";s:7:\"company\";s:0:\"\";s:5:\"phone\";s:0:\"\";s:5:\"email\";s:0:\"\";s:19:\"shipping_first_name\";s:0:\"\";s:18:\"shipping_last_name\";s:0:\"\";s:16:\"shipping_company\";s:0:\"\";}\";}',1630488000),(120954,'34f82ae2bcff5db01f956a2573c46f4c','a:9:{s:4:\"cart\";s:2935:\"a:4:{s:32:\"999e087e6a0ed6137802fafc730d6263\";a:17:{s:9:\"woosb_ids\";s:23:\"83225/1,82002/1,81998/1\";s:3:\"key\";s:32:\"999e087e6a0ed6137802fafc730d6263\";s:10:\"product_id\";i:83252;s:12:\"variation_id\";i:0;s:9:\"variation\";a:0:{}s:8:\"quantity\";i:1;s:9:\"data_hash\";s:32:\"ba53b4648295fd7b9ed5dd1ba7c2d6cc\";s:9:\"woosb_key\";s:32:\"999e087e6a0ed6137802fafc730d6263\";s:17:\"woosb_fixed_price\";b:1;s:21:\"woosb_discount_amount\";i:0;s:14:\"woosb_discount\";i:0;s:13:\"line_tax_data\";a:2:{s:8:\"subtotal\";a:1:{i:7;d:7.26312679;}s:5:\"total\";a:1:{i:7;d:7.26312679;}}s:13:\"line_subtotal\";d:52.72687321;s:17:\"line_subtotal_tax\";d:7.26;s:10:\"line_total\";d:52.72687321;s:8:\"line_tax\";d:7.26;s:10:\"woosb_keys\";a:3:{i:0;s:32:\"0ba02205ee545117312c245074879d0d\";i:1;s:32:\"a6c590765a17532e72038a1f00fac3c3\";i:2;s:32:\"ed88b84e31b17cbef71f4249034fd26b\";}}s:32:\"0ba02205ee545117312c245074879d0d\";a:19:{s:9:\"woosb_qty\";d:1;s:11:\"woosb_price\";s:5:\"39.99\";s:15:\"woosb_parent_id\";i:83252;s:16:\"woosb_parent_key\";s:32:\"999e087e6a0ed6137802fafc730d6263\";s:17:\"woosb_fixed_price\";b:1;s:21:\"woosb_discount_amount\";i:0;s:14:\"woosb_discount\";i:0;s:3:\"key\";s:32:\"0ba02205ee545117312c245074879d0d\";s:10:\"product_id\";i:83225;s:12:\"variation_id\";i:0;s:9:\"variation\";a:0:{}s:8:\"quantity\";d:1;s:9:\"data_hash\";s:32:\"b5c1d5ca8bae6d4896cf1807cdf763f0\";s:13:\"line_tax_data\";a:2:{s:8:\"subtotal\";a:1:{i:1;d:0;}s:5:\"total\";a:1:{i:1;d:0;}}s:13:\"line_subtotal\";d:0;s:17:\"line_subtotal_tax\";d:0;s:10:\"line_total\";d:0;s:8:\"line_tax\";d:0;s:9:\"woosb_key\";s:32:\"0ba02205ee545117312c245074879d0d\";}s:32:\"a6c590765a17532e72038a1f00fac3c3\";a:19:{s:9:\"woosb_qty\";d:1;s:11:\"woosb_price\";s:5:\"19.99\";s:15:\"woosb_parent_id\";i:83252;s:16:\"woosb_parent_key\";s:32:\"999e087e6a0ed6137802fafc730d6263\";s:17:\"woosb_fixed_price\";b:1;s:21:\"woosb_discount_amount\";i:0;s:14:\"woosb_discount\";i:0;s:3:\"key\";s:32:\"a6c590765a17532e72038a1f00fac3c3\";s:10:\"product_id\";i:82002;s:12:\"variation_id\";i:0;s:9:\"variation\";a:0:{}s:8:\"quantity\";d:1;s:9:\"data_hash\";s:32:\"b5c1d5ca8bae6d4896cf1807cdf763f0\";s:13:\"line_tax_data\";a:2:{s:8:\"subtotal\";a:0:{}s:5:\"total\";a:0:{}}s:13:\"line_subtotal\";d:0;s:17:\"line_subtotal_tax\";i:0;s:10:\"line_total\";d:0;s:8:\"line_tax\";i:0;s:9:\"woosb_key\";s:32:\"a6c590765a17532e72038a1f00fac3c3\";}s:32:\"ed88b84e31b17cbef71f4249034fd26b\";a:19:{s:9:\"woosb_qty\";d:1;s:11:\"woosb_price\";s:5:\"12.99\";s:15:\"woosb_parent_id\";i:83252;s:16:\"woosb_parent_key\";s:32:\"999e087e6a0ed6137802fafc730d6263\";s:17:\"woosb_fixed_price\";b:1;s:21:\"woosb_discount_amount\";i:0;s:14:\"woosb_discount\";i:0;s:3:\"key\";s:32:\"ed88b84e31b17cbef71f4249034fd26b\";s:10:\"product_id\";i:81998;s:12:\"variation_id\";i:0;s:9:\"variation\";a:0:{}s:8:\"quantity\";d:1;s:9:\"data_hash\";s:32:\"b5c1d5ca8bae6d4896cf1807cdf763f0\";s:13:\"line_tax_data\";a:2:{s:8:\"subtotal\";a:1:{i:1;d:0;}s:5:\"total\";a:1:{i:1;d:0;}}s:13:\"line_subtotal\";d:0;s:17:\"line_subtotal_tax\";d:0;s:10:\"line_total\";d:0;s:8:\"line_tax\";d:0;s:9:\"woosb_key\";s:32:\"ed88b84e31b17cbef71f4249034fd26b\";}}\";s:11:\"cart_totals\";s:433:\"a:15:{s:8:\"subtotal\";s:5:\"52.73\";s:12:\"subtotal_tax\";d:7.26;s:14:\"shipping_total\";s:4:\"0.00\";s:12:\"shipping_tax\";i:0;s:14:\"shipping_taxes\";a:0:{}s:14:\"discount_total\";i:0;s:12:\"discount_tax\";i:0;s:19:\"cart_contents_total\";s:5:\"52.73\";s:17:\"cart_contents_tax\";d:7.26;s:19:\"cart_contents_taxes\";a:2:{i:7;d:7.26;i:1;d:0;}s:9:\"fee_total\";s:4:\"0.00\";s:7:\"fee_tax\";i:0;s:9:\"fee_taxes\";a:0:{}s:5:\"total\";s:5:\"59.99\";s:9:\"total_tax\";d:7.26;}\";s:15:\"applied_coupons\";s:6:\"a:0:{}\";s:22:\"coupon_discount_totals\";s:6:\"a:0:{}\";s:26:\"coupon_discount_tax_totals\";s:6:\"a:0:{}\";s:21:\"removed_cart_contents\";s:6:\"a:0:{}\";s:16:\"wca_session_data\";s:0:\"\";s:10:\"wc_notices\";N;s:8:\"customer\";s:687:\"a:26:{s:2:\"id\";s:1:\"0\";s:13:\"date_modified\";s:0:\"\";s:8:\"postcode\";s:0:\"\";s:4:\"city\";s:0:\"\";s:9:\"address_1\";s:0:\"\";s:7:\"address\";s:0:\"\";s:9:\"address_2\";s:0:\"\";s:5:\"state\";s:0:\"\";s:7:\"country\";s:2:\"GB\";s:17:\"shipping_postcode\";s:0:\"\";s:13:\"shipping_city\";s:0:\"\";s:18:\"shipping_address_1\";s:0:\"\";s:16:\"shipping_address\";s:0:\"\";s:18:\"shipping_address_2\";s:0:\"\";s:14:\"shipping_state\";s:0:\"\";s:16:\"shipping_country\";s:2:\"GB\";s:13:\"is_vat_exempt\";s:0:\"\";s:19:\"calculated_shipping\";s:0:\"\";s:10:\"first_name\";s:0:\"\";s:9:\"last_name\";s:0:\"\";s:7:\"company\";s:0:\"\";s:5:\"phone\";s:0:\"\";s:5:\"email\";s:0:\"\";s:19:\"shipping_first_name\";s:0:\"\";s:18:\"shipping_last_name\";s:0:\"\";s:16:\"shipping_company\";s:0:\"\";}\";}',1630488029),(120955,'801420efd083174e8b70ca8f7f1ca264','a:9:{s:4:\"cart\";s:2935:\"a:4:{s:32:\"999e087e6a0ed6137802fafc730d6263\";a:17:{s:9:\"woosb_ids\";s:23:\"83225/1,82002/1,81998/1\";s:3:\"key\";s:32:\"999e087e6a0ed6137802fafc730d6263\";s:10:\"product_id\";i:83252;s:12:\"variation_id\";i:0;s:9:\"variation\";a:0:{}s:8:\"quantity\";i:1;s:9:\"data_hash\";s:32:\"ba53b4648295fd7b9ed5dd1ba7c2d6cc\";s:9:\"woosb_key\";s:32:\"999e087e6a0ed6137802fafc730d6263\";s:17:\"woosb_fixed_price\";b:1;s:21:\"woosb_discount_amount\";i:0;s:14:\"woosb_discount\";i:0;s:13:\"line_tax_data\";a:2:{s:8:\"subtotal\";a:1:{i:7;d:7.26312679;}s:5:\"total\";a:1:{i:7;d:7.26312679;}}s:13:\"line_subtotal\";d:52.72687321;s:17:\"line_subtotal_tax\";d:7.26;s:10:\"line_total\";d:52.72687321;s:8:\"line_tax\";d:7.26;s:10:\"woosb_keys\";a:3:{i:0;s:32:\"0ba02205ee545117312c245074879d0d\";i:1;s:32:\"a6c590765a17532e72038a1f00fac3c3\";i:2;s:32:\"ed88b84e31b17cbef71f4249034fd26b\";}}s:32:\"0ba02205ee545117312c245074879d0d\";a:19:{s:9:\"woosb_qty\";d:1;s:11:\"woosb_price\";s:5:\"39.99\";s:15:\"woosb_parent_id\";i:83252;s:16:\"woosb_parent_key\";s:32:\"999e087e6a0ed6137802fafc730d6263\";s:17:\"woosb_fixed_price\";b:1;s:21:\"woosb_discount_amount\";i:0;s:14:\"woosb_discount\";i:0;s:3:\"key\";s:32:\"0ba02205ee545117312c245074879d0d\";s:10:\"product_id\";i:83225;s:12:\"variation_id\";i:0;s:9:\"variation\";a:0:{}s:8:\"quantity\";d:1;s:9:\"data_hash\";s:32:\"b5c1d5ca8bae6d4896cf1807cdf763f0\";s:13:\"line_tax_data\";a:2:{s:8:\"subtotal\";a:1:{i:1;d:0;}s:5:\"total\";a:1:{i:1;d:0;}}s:13:\"line_subtotal\";d:0;s:17:\"line_subtotal_tax\";d:0;s:10:\"line_total\";d:0;s:8:\"line_tax\";d:0;s:9:\"woosb_key\";s:32:\"0ba02205ee545117312c245074879d0d\";}s:32:\"a6c590765a17532e72038a1f00fac3c3\";a:19:{s:9:\"woosb_qty\";d:1;s:11:\"woosb_price\";s:5:\"19.99\";s:15:\"woosb_parent_id\";i:83252;s:16:\"woosb_parent_key\";s:32:\"999e087e6a0ed6137802fafc730d6263\";s:17:\"woosb_fixed_price\";b:1;s:21:\"woosb_discount_amount\";i:0;s:14:\"woosb_discount\";i:0;s:3:\"key\";s:32:\"a6c590765a17532e72038a1f00fac3c3\";s:10:\"product_id\";i:82002;s:12:\"variation_id\";i:0;s:9:\"variation\";a:0:{}s:8:\"quantity\";d:1;s:9:\"data_hash\";s:32:\"b5c1d5ca8bae6d4896cf1807cdf763f0\";s:13:\"line_tax_data\";a:2:{s:8:\"subtotal\";a:0:{}s:5:\"total\";a:0:{}}s:13:\"line_subtotal\";d:0;s:17:\"line_subtotal_tax\";i:0;s:10:\"line_total\";d:0;s:8:\"line_tax\";i:0;s:9:\"woosb_key\";s:32:\"a6c590765a17532e72038a1f00fac3c3\";}s:32:\"ed88b84e31b17cbef71f4249034fd26b\";a:19:{s:9:\"woosb_qty\";d:1;s:11:\"woosb_price\";s:5:\"12.99\";s:15:\"woosb_parent_id\";i:83252;s:16:\"woosb_parent_key\";s:32:\"999e087e6a0ed6137802fafc730d6263\";s:17:\"woosb_fixed_price\";b:1;s:21:\"woosb_discount_amount\";i:0;s:14:\"woosb_discount\";i:0;s:3:\"key\";s:32:\"ed88b84e31b17cbef71f4249034fd26b\";s:10:\"product_id\";i:81998;s:12:\"variation_id\";i:0;s:9:\"variation\";a:0:{}s:8:\"quantity\";d:1;s:9:\"data_hash\";s:32:\"b5c1d5ca8bae6d4896cf1807cdf763f0\";s:13:\"line_tax_data\";a:2:{s:8:\"subtotal\";a:1:{i:1;d:0;}s:5:\"total\";a:1:{i:1;d:0;}}s:13:\"line_subtotal\";d:0;s:17:\"line_subtotal_tax\";d:0;s:10:\"line_total\";d:0;s:8:\"line_tax\";d:0;s:9:\"woosb_key\";s:32:\"ed88b84e31b17cbef71f4249034fd26b\";}}\";s:11:\"cart_totals\";s:433:\"a:15:{s:8:\"subtotal\";s:5:\"52.73\";s:12:\"subtotal_tax\";d:7.26;s:14:\"shipping_total\";s:4:\"0.00\";s:12:\"shipping_tax\";i:0;s:14:\"shipping_taxes\";a:0:{}s:14:\"discount_total\";i:0;s:12:\"discount_tax\";i:0;s:19:\"cart_contents_total\";s:5:\"52.73\";s:17:\"cart_contents_tax\";d:7.26;s:19:\"cart_contents_taxes\";a:2:{i:7;d:7.26;i:1;d:0;}s:9:\"fee_total\";s:4:\"0.00\";s:7:\"fee_tax\";i:0;s:9:\"fee_taxes\";a:0:{}s:5:\"total\";s:5:\"59.99\";s:9:\"total_tax\";d:7.26;}\";s:15:\"applied_coupons\";s:6:\"a:0:{}\";s:22:\"coupon_discount_totals\";s:6:\"a:0:{}\";s:26:\"coupon_discount_tax_totals\";s:6:\"a:0:{}\";s:21:\"removed_cart_contents\";s:6:\"a:0:{}\";s:16:\"wca_session_data\";s:0:\"\";s:10:\"wc_notices\";N;s:8:\"customer\";s:687:\"a:26:{s:2:\"id\";s:1:\"0\";s:13:\"date_modified\";s:0:\"\";s:8:\"postcode\";s:0:\"\";s:4:\"city\";s:0:\"\";s:9:\"address_1\";s:0:\"\";s:7:\"address\";s:0:\"\";s:9:\"address_2\";s:0:\"\";s:5:\"state\";s:0:\"\";s:7:\"country\";s:2:\"GB\";s:17:\"shipping_postcode\";s:0:\"\";s:13:\"shipping_city\";s:0:\"\";s:18:\"shipping_address_1\";s:0:\"\";s:16:\"shipping_address\";s:0:\"\";s:18:\"shipping_address_2\";s:0:\"\";s:14:\"shipping_state\";s:0:\"\";s:16:\"shipping_country\";s:2:\"GB\";s:13:\"is_vat_exempt\";s:0:\"\";s:19:\"calculated_shipping\";s:0:\"\";s:10:\"first_name\";s:0:\"\";s:9:\"last_name\";s:0:\"\";s:7:\"company\";s:0:\"\";s:5:\"phone\";s:0:\"\";s:5:\"email\";s:0:\"\";s:19:\"shipping_first_name\";s:0:\"\";s:18:\"shipping_last_name\";s:0:\"\";s:16:\"shipping_company\";s:0:\"\";}\";}',1630488929),(120956,'6243311ead04472f96ab00116cf91dec','a:7:{s:4:\"cart\";s:6:\"a:0:{}\";s:11:\"cart_totals\";s:367:\"a:15:{s:8:\"subtotal\";i:0;s:12:\"subtotal_tax\";i:0;s:14:\"shipping_total\";i:0;s:12:\"shipping_tax\";i:0;s:14:\"shipping_taxes\";a:0:{}s:14:\"discount_total\";i:0;s:12:\"discount_tax\";i:0;s:19:\"cart_contents_total\";i:0;s:17:\"cart_contents_tax\";i:0;s:19:\"cart_contents_taxes\";a:0:{}s:9:\"fee_total\";i:0;s:7:\"fee_tax\";i:0;s:9:\"fee_taxes\";a:0:{}s:5:\"total\";i:0;s:9:\"total_tax\";i:0;}\";s:15:\"applied_coupons\";s:6:\"a:0:{}\";s:22:\"coupon_discount_totals\";s:6:\"a:0:{}\";s:26:\"coupon_discount_tax_totals\";s:6:\"a:0:{}\";s:21:\"removed_cart_contents\";s:6:\"a:0:{}\";s:8:\"customer\";s:687:\"a:26:{s:2:\"id\";s:1:\"0\";s:13:\"date_modified\";s:0:\"\";s:8:\"postcode\";s:0:\"\";s:4:\"city\";s:0:\"\";s:9:\"address_1\";s:0:\"\";s:7:\"address\";s:0:\"\";s:9:\"address_2\";s:0:\"\";s:5:\"state\";s:0:\"\";s:7:\"country\";s:2:\"GB\";s:17:\"shipping_postcode\";s:0:\"\";s:13:\"shipping_city\";s:0:\"\";s:18:\"shipping_address_1\";s:0:\"\";s:16:\"shipping_address\";s:0:\"\";s:18:\"shipping_address_2\";s:0:\"\";s:14:\"shipping_state\";s:0:\"\";s:16:\"shipping_country\";s:2:\"GB\";s:13:\"is_vat_exempt\";s:0:\"\";s:19:\"calculated_shipping\";s:0:\"\";s:10:\"first_name\";s:0:\"\";s:9:\"last_name\";s:0:\"\";s:7:\"company\";s:0:\"\";s:5:\"phone\";s:0:\"\";s:5:\"email\";s:0:\"\";s:19:\"shipping_first_name\";s:0:\"\";s:18:\"shipping_last_name\";s:0:\"\";s:16:\"shipping_company\";s:0:\"\";}\";}',1630489208),(120957,'b62b8df7bd8aea027d0385684879d27e','a:7:{s:4:\"cart\";s:6:\"a:0:{}\";s:11:\"cart_totals\";s:367:\"a:15:{s:8:\"subtotal\";i:0;s:12:\"subtotal_tax\";i:0;s:14:\"shipping_total\";i:0;s:12:\"shipping_tax\";i:0;s:14:\"shipping_taxes\";a:0:{}s:14:\"discount_total\";i:0;s:12:\"discount_tax\";i:0;s:19:\"cart_contents_total\";i:0;s:17:\"cart_contents_tax\";i:0;s:19:\"cart_contents_taxes\";a:0:{}s:9:\"fee_total\";i:0;s:7:\"fee_tax\";i:0;s:9:\"fee_taxes\";a:0:{}s:5:\"total\";i:0;s:9:\"total_tax\";i:0;}\";s:15:\"applied_coupons\";s:6:\"a:0:{}\";s:22:\"coupon_discount_totals\";s:6:\"a:0:{}\";s:26:\"coupon_discount_tax_totals\";s:6:\"a:0:{}\";s:21:\"removed_cart_contents\";s:6:\"a:0:{}\";s:8:\"customer\";s:687:\"a:26:{s:2:\"id\";s:1:\"0\";s:13:\"date_modified\";s:0:\"\";s:8:\"postcode\";s:0:\"\";s:4:\"city\";s:0:\"\";s:9:\"address_1\";s:0:\"\";s:7:\"address\";s:0:\"\";s:9:\"address_2\";s:0:\"\";s:5:\"state\";s:0:\"\";s:7:\"country\";s:2:\"GB\";s:17:\"shipping_postcode\";s:0:\"\";s:13:\"shipping_city\";s:0:\"\";s:18:\"shipping_address_1\";s:0:\"\";s:16:\"shipping_address\";s:0:\"\";s:18:\"shipping_address_2\";s:0:\"\";s:14:\"shipping_state\";s:0:\"\";s:16:\"shipping_country\";s:2:\"GB\";s:13:\"is_vat_exempt\";s:0:\"\";s:19:\"calculated_shipping\";s:0:\"\";s:10:\"first_name\";s:0:\"\";s:9:\"last_name\";s:0:\"\";s:7:\"company\";s:0:\"\";s:5:\"phone\";s:0:\"\";s:5:\"email\";s:0:\"\";s:19:\"shipping_first_name\";s:0:\"\";s:18:\"shipping_last_name\";s:0:\"\";s:16:\"shipping_company\";s:0:\"\";}\";}',1630489405),(120958,'7e4ac7cb61d62233ea3e7412cc6e4289','a:7:{s:4:\"cart\";s:6:\"a:0:{}\";s:11:\"cart_totals\";s:367:\"a:15:{s:8:\"subtotal\";i:0;s:12:\"subtotal_tax\";i:0;s:14:\"shipping_total\";i:0;s:12:\"shipping_tax\";i:0;s:14:\"shipping_taxes\";a:0:{}s:14:\"discount_total\";i:0;s:12:\"discount_tax\";i:0;s:19:\"cart_contents_total\";i:0;s:17:\"cart_contents_tax\";i:0;s:19:\"cart_contents_taxes\";a:0:{}s:9:\"fee_total\";i:0;s:7:\"fee_tax\";i:0;s:9:\"fee_taxes\";a:0:{}s:5:\"total\";i:0;s:9:\"total_tax\";i:0;}\";s:15:\"applied_coupons\";s:6:\"a:0:{}\";s:22:\"coupon_discount_totals\";s:6:\"a:0:{}\";s:26:\"coupon_discount_tax_totals\";s:6:\"a:0:{}\";s:21:\"removed_cart_contents\";s:6:\"a:0:{}\";s:8:\"customer\";s:687:\"a:26:{s:2:\"id\";s:1:\"0\";s:13:\"date_modified\";s:0:\"\";s:8:\"postcode\";s:0:\"\";s:4:\"city\";s:0:\"\";s:9:\"address_1\";s:0:\"\";s:7:\"address\";s:0:\"\";s:9:\"address_2\";s:0:\"\";s:5:\"state\";s:0:\"\";s:7:\"country\";s:2:\"GB\";s:17:\"shipping_postcode\";s:0:\"\";s:13:\"shipping_city\";s:0:\"\";s:18:\"shipping_address_1\";s:0:\"\";s:16:\"shipping_address\";s:0:\"\";s:18:\"shipping_address_2\";s:0:\"\";s:14:\"shipping_state\";s:0:\"\";s:16:\"shipping_country\";s:2:\"GB\";s:13:\"is_vat_exempt\";s:0:\"\";s:19:\"calculated_shipping\";s:0:\"\";s:10:\"first_name\";s:0:\"\";s:9:\"last_name\";s:0:\"\";s:7:\"company\";s:0:\"\";s:5:\"phone\";s:0:\"\";s:5:\"email\";s:0:\"\";s:19:\"shipping_first_name\";s:0:\"\";s:18:\"shipping_last_name\";s:0:\"\";s:16:\"shipping_company\";s:0:\"\";}\";}',1630492105),(120959,'336','a:7:{s:4:\"cart\";s:6:\"a:0:{}\";s:11:\"cart_totals\";s:367:\"a:15:{s:8:\"subtotal\";i:0;s:12:\"subtotal_tax\";i:0;s:14:\"shipping_total\";i:0;s:12:\"shipping_tax\";i:0;s:14:\"shipping_taxes\";a:0:{}s:14:\"discount_total\";i:0;s:12:\"discount_tax\";i:0;s:19:\"cart_contents_total\";i:0;s:17:\"cart_contents_tax\";i:0;s:19:\"cart_contents_taxes\";a:0:{}s:9:\"fee_total\";i:0;s:7:\"fee_tax\";i:0;s:9:\"fee_taxes\";a:0:{}s:5:\"total\";i:0;s:9:\"total_tax\";i:0;}\";s:15:\"applied_coupons\";s:6:\"a:0:{}\";s:22:\"coupon_discount_totals\";s:6:\"a:0:{}\";s:26:\"coupon_discount_tax_totals\";s:6:\"a:0:{}\";s:21:\"removed_cart_contents\";s:6:\"a:0:{}\";s:8:\"customer\";s:716:\"a:26:{s:2:\"id\";s:3:\"336\";s:13:\"date_modified\";s:0:\"\";s:8:\"postcode\";s:0:\"\";s:4:\"city\";s:0:\"\";s:9:\"address_1\";s:0:\"\";s:7:\"address\";s:0:\"\";s:9:\"address_2\";s:0:\"\";s:5:\"state\";s:0:\"\";s:7:\"country\";s:2:\"GB\";s:17:\"shipping_postcode\";s:0:\"\";s:13:\"shipping_city\";s:0:\"\";s:18:\"shipping_address_1\";s:0:\"\";s:16:\"shipping_address\";s:0:\"\";s:18:\"shipping_address_2\";s:0:\"\";s:14:\"shipping_state\";s:0:\"\";s:16:\"shipping_country\";s:2:\"GB\";s:13:\"is_vat_exempt\";s:0:\"\";s:19:\"calculated_shipping\";s:0:\"\";s:10:\"first_name\";s:0:\"\";s:9:\"last_name\";s:0:\"\";s:7:\"company\";s:0:\"\";s:5:\"phone\";s:0:\"\";s:5:\"email\";s:26:\"ryan.musselwhite@gmail.com\";s:19:\"shipping_first_name\";s:0:\"\";s:18:\"shipping_last_name\";s:0:\"\";s:16:\"shipping_company\";s:0:\"\";}\";}',1630505436);

--
-- Table structure for table `wp_woocommerce_shipping_zone_locations`
--

CREATE TABLE `wp_woocommerce_shipping_zone_locations` (
  `location_id` bigint(20) unsigned NOT NULL AUTO_INCREMENT,
  `zone_id` bigint(20) unsigned NOT NULL,
  `location_code` varchar(200) COLLATE utf8mb4_unicode_520_ci NOT NULL,
  `location_type` varchar(40) COLLATE utf8mb4_unicode_520_ci NOT NULL,
  PRIMARY KEY (`location_id`),
  KEY `location_id` (`location_id`),
  KEY `location_type_code` (`location_type`(10),`location_code`(20))
) ENGINE=InnoDB AUTO_INCREMENT=147 DEFAULT CHARSET=utf8mb4 COLLATE=utf8mb4_unicode_520_ci;

--
-- Dumping data for table `wp_woocommerce_shipping_zone_locations`
--

INSERT INTO `wp_woocommerce_shipping_zone_locations` VALUES (8,2,'AM','country'),(9,2,'AZ','country'),(10,2,'KZ','country'),(11,2,'KG','country'),(12,2,'TJ','country'),(13,2,'TM','country'),(14,2,'UZ','country'),(15,2,'AL','country'),(16,2,'AD','country'),(17,2,'AT','country'),(18,2,'BY','country'),(19,2,'BE','country'),(20,2,'BA','country'),(21,2,'BG','country'),(22,2,'HR','country'),(23,2,'CY','country'),(24,2,'CZ','country'),(25,2,'DK','country'),(26,2,'EE','country'),(27,2,'FO','country'),(28,2,'FI','country'),(29,2,'FR','country'),(30,2,'DE','country'),(31,2,'GI','country'),(32,2,'GR','country'),(33,2,'HU','country'),(34,2,'IS','country'),(35,2,'IE','country'),(36,2,'IT','country'),(37,2,'LV','country'),(38,2,'LI','country'),(39,2,'LT','country'),(40,2,'LU','country'),(41,2,'MT','country'),(42,2,'MD','country'),(43,2,'ME','country'),(44,2,'NL','country'),(45,2,'MK','country'),(46,2,'NO','country'),(47,2,'PL','country'),(48,2,'PT','country'),(49,2,'RO','country'),(50,2,'RU','country'),(51,2,'SM','country'),(52,2,'RS','country'),(53,2,'SK','country'),(54,2,'SI','country'),(55,2,'ES','country'),(56,2,'SE','country'),(57,2,'CH','country'),(58,2,'TR','country'),(59,2,'UA','country'),(60,2,'VA','country'),(61,2,'GL','country'),(62,4,'IO','country'),(63,4,'CX','country'),(64,4,'CC','country'),(65,4,'LA','country'),(66,4,'MO','country'),(67,4,'SG','country'),(68,4,'AS','country'),(69,4,'AU','country'),(70,4,'PW','country'),(71,4,'CK','country'),(72,4,'FJ','country'),(73,4,'PF','country'),(74,4,'KI','country'),(75,4,'NR','country'),(76,4,'NC','country'),(77,4,'NZ','country'),(78,4,'NU','country'),(79,4,'NF','country'),(80,4,'PG','country'),(81,4,'PN','country'),(82,4,'WS','country'),(83,4,'SB','country'),(84,4,'TK','country'),(85,4,'TO','country'),(86,4,'TV','country'),(106,3,'AF','continent'),(107,3,'EG','country'),(108,3,'BH','country'),(109,3,'BN','country'),(110,3,'KH','country'),(111,3,'CN','country'),(112,3,'HK','country'),(113,3,'ID','country'),(114,3,'IR','country'),(115,3,'IQ','country'),(116,3,'IL','country'),(117,3,'JP','country'),(118,3,'JO','country'),(119,3,'KW','country'),(120,3,'LA','country'),(121,3,'LB','country'),(122,3,'MO','country'),(123,3,'MY','country'),(124,3,'MN','country'),(125,3,'MM','country'),(126,3,'KP','country'),(127,3,'OM','country'),(128,3,'PS','country'),(129,3,'PH','country'),(130,3,'QA','country'),(131,3,'SA','country'),(132,3,'SG','country'),(133,3,'KR','country'),(134,3,'SY','country'),(135,3,'TW','country'),(136,3,'TH','country'),(137,3,'AE','country'),(138,3,'VN','country'),(139,3,'YE','country'),(140,3,'TR','country'),(141,3,'NA','continent'),(142,3,'SA','continent'),(143,1,'GG','country'),(144,1,'IM','country'),(145,1,'JE','country'),(146,1,'GB','country');

--
-- Table structure for table `wp_woocommerce_shipping_zone_methods`
--

CREATE TABLE `wp_woocommerce_shipping_zone_methods` (
  `zone_id` bigint(20) unsigned NOT NULL,
  `instance_id` bigint(20) unsigned NOT NULL AUTO_INCREMENT,
  `method_id` varchar(200) COLLATE utf8mb4_unicode_520_ci NOT NULL,
  `method_order` bigint(20) unsigned NOT NULL,
  `is_enabled` tinyint(1) NOT NULL DEFAULT '1',
  PRIMARY KEY (`instance_id`)
) ENGINE=InnoDB AUTO_INCREMENT=13 DEFAULT CHARSET=utf8mb4 COLLATE=utf8mb4_unicode_520_ci;

--
-- Dumping data for table `wp_woocommerce_shipping_zone_methods`
--

INSERT INTO `wp_woocommerce_shipping_zone_methods` VALUES (0,2,'flat_rate',1,1),(1,4,'per_product',2,1),(1,5,'ph_woocommerce_shipping_pro',3,1),(2,6,'ph_woocommerce_shipping_pro',2,1),(3,7,'ph_woocommerce_shipping_pro',1,1),(4,8,'ph_woocommerce_shipping_pro',1,1),(1,9,'free_shipping',3,1),(2,10,'free_shipping',2,1),(3,11,'free_shipping',2,1),(4,12,'free_shipping',2,1);

--
-- Table structure for table `wp_woocommerce_shipping_zones`
--

CREATE TABLE `wp_woocommerce_shipping_zones` (
  `zone_id` bigint(20) unsigned NOT NULL AUTO_INCREMENT,
  `zone_name` varchar(200) COLLATE utf8mb4_unicode_520_ci NOT NULL,
  `zone_order` bigint(20) unsigned NOT NULL,
  PRIMARY KEY (`zone_id`)
) ENGINE=InnoDB AUTO_INCREMENT=5 DEFAULT CHARSET=utf8mb4 COLLATE=utf8mb4_unicode_520_ci;

--
-- Dumping data for table `wp_woocommerce_shipping_zones`
--

INSERT INTO `wp_woocommerce_shipping_zones` VALUES (1,'United Kingdom (UK)',0),(2,'Europe',0),(3,'Worldwide Zone 1',0),(4,'Worldwide Zone 2',0);

--
-- Table structure for table `wp_woocommerce_tax_rate_locations`
--

CREATE TABLE `wp_woocommerce_tax_rate_locations` (
  `location_id` bigint(20) unsigned NOT NULL AUTO_INCREMENT,
  `location_code` varchar(200) COLLATE utf8mb4_unicode_520_ci NOT NULL,
  `tax_rate_id` bigint(20) unsigned NOT NULL,
  `location_type` varchar(40) COLLATE utf8mb4_unicode_520_ci NOT NULL,
  PRIMARY KEY (`location_id`),
  KEY `tax_rate_id` (`tax_rate_id`),
  KEY `location_type_code` (`location_type`(10),`location_code`(20))
) ENGINE=InnoDB DEFAULT CHARSET=utf8mb4 COLLATE=utf8mb4_unicode_520_ci;

--
-- Dumping data for table `wp_woocommerce_tax_rate_locations`
--


--
-- Table structure for table `wp_woocommerce_tax_rates`
--

CREATE TABLE `wp_woocommerce_tax_rates` (
  `tax_rate_id` bigint(20) unsigned NOT NULL AUTO_INCREMENT,
  `tax_rate_country` varchar(2) COLLATE utf8mb4_unicode_520_ci NOT NULL DEFAULT '',
  `tax_rate_state` varchar(200) COLLATE utf8mb4_unicode_520_ci NOT NULL DEFAULT '',
  `tax_rate` varchar(8) COLLATE utf8mb4_unicode_520_ci NOT NULL DEFAULT '',
  `tax_rate_name` varchar(200) COLLATE utf8mb4_unicode_520_ci NOT NULL DEFAULT '',
  `tax_rate_priority` bigint(20) unsigned NOT NULL,
  `tax_rate_compound` int(1) NOT NULL DEFAULT '0',
  `tax_rate_shipping` int(1) NOT NULL DEFAULT '1',
  `tax_rate_order` bigint(20) unsigned NOT NULL,
  `tax_rate_class` varchar(200) COLLATE utf8mb4_unicode_520_ci NOT NULL DEFAULT '',
  PRIMARY KEY (`tax_rate_id`),
  KEY `tax_rate_country` (`tax_rate_country`),
  KEY `tax_rate_state` (`tax_rate_state`(2)),
  KEY `tax_rate_class` (`tax_rate_class`(10)),
  KEY `tax_rate_priority` (`tax_rate_priority`)
) ENGINE=InnoDB AUTO_INCREMENT=8 DEFAULT CHARSET=utf8mb4 COLLATE=utf8mb4_unicode_520_ci;

--
-- Dumping data for table `wp_woocommerce_tax_rates`
--

INSERT INTO `wp_woocommerce_tax_rates` VALUES (1,'GB','','20.0000','VAT',1,0,1,0,''),(3,'','','20.0000','VAT',1,0,1,1,''),(7,'','','13.7750','Mixed supply rate',1,0,0,0,'big-bundle-rate');

--
-- Table structure for table `wp_wp_pro_quiz_category`
--

CREATE TABLE `wp_wp_pro_quiz_category` (
  `category_id` int(10) unsigned NOT NULL AUTO_INCREMENT,
  `category_name` varchar(200) NOT NULL,
  PRIMARY KEY (`category_id`)
) ENGINE=MyISAM DEFAULT CHARSET=utf8;

--
-- Dumping data for table `wp_wp_pro_quiz_category`
--


--
-- Table structure for table `wp_wp_pro_quiz_form`
--

CREATE TABLE `wp_wp_pro_quiz_form` (
  `form_id` int(11) NOT NULL AUTO_INCREMENT,
  `quiz_id` int(11) NOT NULL,
  `fieldname` varchar(100) NOT NULL,
  `type` tinyint(4) NOT NULL,
  `required` tinyint(1) unsigned NOT NULL,
  `sort` tinyint(4) NOT NULL,
  `data` mediumtext,
  PRIMARY KEY (`form_id`),
  KEY `quiz_id` (`quiz_id`)
) ENGINE=MyISAM DEFAULT CHARSET=utf8;

--
-- Dumping data for table `wp_wp_pro_quiz_form`
--


--
-- Table structure for table `wp_wp_pro_quiz_lock`
--

CREATE TABLE `wp_wp_pro_quiz_lock` (
  `quiz_id` int(11) NOT NULL,
  `lock_ip` varchar(100) NOT NULL,
  `user_id` bigint(20) unsigned NOT NULL,
  `lock_type` tinyint(3) unsigned NOT NULL,
  `lock_date` int(11) NOT NULL,
  PRIMARY KEY (`quiz_id`,`lock_ip`,`user_id`,`lock_type`)
) ENGINE=MyISAM DEFAULT CHARSET=utf8;

--
-- Dumping data for table `wp_wp_pro_quiz_lock`
--


--
-- Table structure for table `wp_wp_pro_quiz_master`
--

CREATE TABLE `wp_wp_pro_quiz_master` (
  `id` int(11) NOT NULL AUTO_INCREMENT,
  `name` varchar(200) NOT NULL,
  `text` text NOT NULL,
  `result_text` text NOT NULL,
  `result_grade_enabled` tinyint(1) NOT NULL,
  `title_hidden` tinyint(1) NOT NULL,
  `btn_restart_quiz_hidden` tinyint(1) NOT NULL,
  `btn_view_question_hidden` tinyint(1) NOT NULL,
  `question_random` tinyint(1) NOT NULL,
  `answer_random` tinyint(1) NOT NULL,
  `time_limit` int(11) NOT NULL,
  `statistics_on` tinyint(1) NOT NULL,
  `statistics_ip_lock` int(10) unsigned NOT NULL,
  `show_points` tinyint(1) NOT NULL,
  `quiz_run_once` tinyint(1) NOT NULL,
  `quiz_run_once_type` tinyint(4) NOT NULL,
  `quiz_run_once_cookie` tinyint(1) NOT NULL,
  `quiz_run_once_time` int(10) unsigned NOT NULL,
  `numbered_answer` tinyint(1) NOT NULL,
  `hide_answer_message_box` tinyint(1) NOT NULL,
  `disabled_answer_mark` tinyint(1) NOT NULL,
  `show_max_question` tinyint(1) NOT NULL,
  `show_max_question_value` int(10) unsigned NOT NULL,
  `show_max_question_percent` tinyint(1) NOT NULL,
  `toplist_activated` tinyint(1) NOT NULL,
  `toplist_data` text NOT NULL,
  `show_average_result` tinyint(1) NOT NULL,
  `prerequisite` tinyint(1) NOT NULL,
  `quiz_modus` tinyint(3) unsigned NOT NULL,
  `show_review_question` tinyint(1) NOT NULL,
  `quiz_summary_hide` tinyint(1) NOT NULL,
  `skip_question_disabled` tinyint(1) NOT NULL,
  `email_notification` tinyint(3) unsigned NOT NULL,
  `user_email_notification` tinyint(1) unsigned NOT NULL,
  `show_category_score` tinyint(1) unsigned NOT NULL,
  `hide_result_correct_question` tinyint(1) unsigned NOT NULL DEFAULT '0',
  `hide_result_quiz_time` tinyint(1) unsigned NOT NULL DEFAULT '0',
  `hide_result_points` tinyint(1) unsigned NOT NULL DEFAULT '0',
  `autostart` tinyint(1) unsigned NOT NULL DEFAULT '0',
  `forcing_question_solve` tinyint(1) unsigned NOT NULL DEFAULT '0',
  `hide_question_position_overview` tinyint(1) unsigned NOT NULL DEFAULT '0',
  `hide_question_numbering` tinyint(1) unsigned NOT NULL DEFAULT '0',
  `form_activated` tinyint(1) unsigned NOT NULL,
  `form_show_position` tinyint(3) unsigned NOT NULL,
  `start_only_registered_user` tinyint(1) unsigned NOT NULL,
  `questions_per_page` tinyint(3) unsigned NOT NULL,
  `sort_categories` tinyint(1) unsigned NOT NULL,
  `show_category` tinyint(1) unsigned NOT NULL,
  PRIMARY KEY (`id`)
) ENGINE=MyISAM DEFAULT CHARSET=utf8;

--
-- Dumping data for table `wp_wp_pro_quiz_master`
--


--
-- Table structure for table `wp_wp_pro_quiz_prerequisite`
--

CREATE TABLE `wp_wp_pro_quiz_prerequisite` (
  `prerequisite_quiz_id` int(11) NOT NULL,
  `quiz_id` int(11) NOT NULL,
  PRIMARY KEY (`prerequisite_quiz_id`,`quiz_id`)
) ENGINE=MyISAM DEFAULT CHARSET=utf8;

--
-- Dumping data for table `wp_wp_pro_quiz_prerequisite`
--


--
-- Table structure for table `wp_wp_pro_quiz_question`
--

CREATE TABLE `wp_wp_pro_quiz_question` (
  `id` int(11) NOT NULL AUTO_INCREMENT,
  `quiz_id` int(11) NOT NULL,
  `online` tinyint(1) unsigned NOT NULL,
  `sort` smallint(5) unsigned NOT NULL,
  `title` varchar(200) NOT NULL,
  `points` int(11) NOT NULL,
  `question` text NOT NULL,
  `correct_msg` text NOT NULL,
  `incorrect_msg` text NOT NULL,
  `correct_same_text` tinyint(1) NOT NULL,
  `tip_enabled` tinyint(1) NOT NULL,
  `tip_msg` text NOT NULL,
  `answer_type` varchar(50) NOT NULL,
  `show_points_in_box` tinyint(1) NOT NULL,
  `answer_points_activated` tinyint(1) NOT NULL,
  `answer_data` longtext NOT NULL,
  `category_id` int(10) unsigned NOT NULL,
  `answer_points_diff_modus_activated` tinyint(1) unsigned NOT NULL,
  `disable_correct` tinyint(1) unsigned NOT NULL,
  `matrix_sort_answer_criteria_width` tinyint(3) unsigned NOT NULL,
  PRIMARY KEY (`id`),
  KEY `quiz_id` (`quiz_id`),
  KEY `category_id` (`category_id`)
) ENGINE=MyISAM DEFAULT CHARSET=utf8;

--
-- Dumping data for table `wp_wp_pro_quiz_question`
--


--
-- Table structure for table `wp_wp_pro_quiz_statistic`
--

CREATE TABLE `wp_wp_pro_quiz_statistic` (
  `statistic_ref_id` int(10) unsigned NOT NULL,
  `question_id` int(11) NOT NULL,
  `correct_count` int(10) unsigned NOT NULL,
  `incorrect_count` int(10) unsigned NOT NULL,
  `hint_count` int(10) unsigned NOT NULL,
  `points` int(10) unsigned NOT NULL,
  `question_time` int(10) unsigned NOT NULL,
  `answer_data` text,
  PRIMARY KEY (`statistic_ref_id`,`question_id`)
) ENGINE=MyISAM DEFAULT CHARSET=utf8;

--
-- Dumping data for table `wp_wp_pro_quiz_statistic`
--


--
-- Table structure for table `wp_wp_pro_quiz_statistic_ref`
--

CREATE TABLE `wp_wp_pro_quiz_statistic_ref` (
  `statistic_ref_id` int(10) unsigned NOT NULL AUTO_INCREMENT,
  `quiz_id` int(11) NOT NULL,
  `user_id` bigint(20) unsigned NOT NULL,
  `create_time` int(11) NOT NULL,
  `is_old` tinyint(1) unsigned NOT NULL,
  `form_data` text,
  PRIMARY KEY (`statistic_ref_id`),
  KEY `quiz_id` (`quiz_id`,`user_id`),
  KEY `time` (`create_time`)
) ENGINE=MyISAM DEFAULT CHARSET=utf8;

--
-- Dumping data for table `wp_wp_pro_quiz_statistic_ref`
--


--
-- Table structure for table `wp_wp_pro_quiz_template`
--

CREATE TABLE `wp_wp_pro_quiz_template` (
  `template_id` int(11) NOT NULL AUTO_INCREMENT,
  `name` varchar(200) NOT NULL,
  `type` tinyint(3) unsigned NOT NULL,
  `data` text NOT NULL,
  PRIMARY KEY (`template_id`)
) ENGINE=MyISAM DEFAULT CHARSET=utf8;

--
-- Dumping data for table `wp_wp_pro_quiz_template`
--


--
-- Table structure for table `wp_wp_pro_quiz_toplist`
--

CREATE TABLE `wp_wp_pro_quiz_toplist` (
  `toplist_id` int(11) NOT NULL AUTO_INCREMENT,
  `quiz_id` int(11) NOT NULL,
  `date` int(10) unsigned NOT NULL,
  `user_id` bigint(20) unsigned NOT NULL,
  `name` varchar(30) NOT NULL,
  `email` varchar(200) NOT NULL,
  `points` int(10) unsigned NOT NULL,
  `result` float unsigned NOT NULL,
  `ip` varchar(100) NOT NULL,
  PRIMARY KEY (`toplist_id`,`quiz_id`)
) ENGINE=MyISAM DEFAULT CHARSET=utf8;

--
-- Dumping data for table `wp_wp_pro_quiz_toplist`
--


--
-- Table structure for table `wp_wpmailsmtp_tasks_meta`
--

CREATE TABLE `wp_wpmailsmtp_tasks_meta` (
  `id` bigint(20) NOT NULL AUTO_INCREMENT,
  `action` varchar(255) COLLATE utf8mb4_unicode_520_ci NOT NULL,
  `data` longtext COLLATE utf8mb4_unicode_520_ci NOT NULL,
  `date` datetime NOT NULL,
  PRIMARY KEY (`id`)
) ENGINE=InnoDB AUTO_INCREMENT=117 DEFAULT CHARSET=utf8mb4 COLLATE=utf8mb4_unicode_520_ci;

--
-- Dumping data for table `wp_wpmailsmtp_tasks_meta`
--

INSERT INTO `wp_wpmailsmtp_tasks_meta` VALUES (1,'wp_mail_smtp_admin_notifications_update','W10=','2020-10-17 07:43:12'),(2,'wp_mail_smtp_admin_notifications_update','W10=','2020-10-19 07:28:05'),(3,'wp_mail_smtp_admin_notifications_update','W10=','2020-10-21 09:12:23'),(4,'wp_mail_smtp_admin_notifications_update','W10=','2020-10-26 08:58:14'),(5,'wp_mail_smtp_admin_notifications_update','W10=','2020-10-27 09:38:46'),(6,'wp_mail_smtp_admin_notifications_update','W10=','2020-10-29 09:09:22'),(7,'wp_mail_smtp_admin_notifications_update','W10=','2020-11-01 11:42:20'),(8,'wp_mail_smtp_admin_notifications_update','W10=','2020-11-02 11:50:39'),(9,'wp_mail_smtp_admin_notifications_update','W10=','2020-11-03 13:54:28'),(10,'wp_mail_smtp_admin_notifications_update','W10=','2020-11-05 06:30:57'),(11,'wp_mail_smtp_admin_notifications_update','W10=','2020-11-06 10:54:04'),(12,'wp_mail_smtp_admin_notifications_update','W10=','2020-11-09 09:40:36'),(13,'wp_mail_smtp_admin_notifications_update','W10=','2020-11-10 15:27:42'),(14,'wp_mail_smtp_admin_notifications_update','W10=','2020-11-11 16:00:37'),(15,'wp_mail_smtp_admin_notifications_update','W10=','2020-11-13 09:25:59'),(16,'wp_mail_smtp_admin_notifications_update','W10=','2020-11-16 14:54:30'),(17,'wp_mail_smtp_admin_notifications_update','W10=','2020-11-18 15:23:39'),(18,'wp_mail_smtp_admin_notifications_update','W10=','2020-11-20 10:49:23'),(19,'wp_mail_smtp_admin_notifications_update','W10=','2020-11-23 14:21:36'),(20,'wp_mail_smtp_admin_notifications_update','W10=','2020-11-24 14:28:33'),(21,'wp_mail_smtp_admin_notifications_update','W10=','2020-11-25 20:37:49'),(22,'wp_mail_smtp_admin_notifications_update','W10=','2020-11-30 15:49:26'),(23,'wp_mail_smtp_admin_notifications_update','W10=','2020-12-02 10:41:01'),(24,'wp_mail_smtp_admin_notifications_update','W10=','2020-12-03 16:37:43'),(25,'wp_mail_smtp_admin_notifications_update','W10=','2020-12-04 17:39:15'),(26,'wp_mail_smtp_admin_notifications_update','W10=','2020-12-07 10:52:20'),(27,'wp_mail_smtp_admin_notifications_update','W10=','2020-12-08 13:46:27'),(28,'wp_mail_smtp_admin_notifications_update','W10=','2020-12-09 17:39:42'),(29,'wp_mail_smtp_admin_notifications_update','W10=','2020-12-13 17:13:20'),(30,'wp_mail_smtp_admin_notifications_update','W10=','2020-12-15 17:01:15'),(31,'wp_mail_smtp_admin_notifications_update','W10=','2020-12-21 15:37:50'),(32,'wp_mail_smtp_admin_notifications_update','W10=','2020-12-26 10:55:40'),(33,'wp_mail_smtp_admin_notifications_update','W10=','2021-01-04 08:37:39'),(34,'wp_mail_smtp_admin_notifications_update','W10=','2021-01-06 16:34:44'),(35,'wp_mail_smtp_admin_notifications_update','W10=','2021-01-11 13:08:24'),(36,'wp_mail_smtp_admin_notifications_update','W10=','2021-01-14 14:18:22'),(37,'wp_mail_smtp_admin_notifications_update','W10=','2021-01-18 09:34:29'),(38,'wp_mail_smtp_admin_notifications_update','W10=','2021-01-19 13:38:31'),(39,'wp_mail_smtp_admin_notifications_update','W10=','2021-01-21 16:45:50'),(40,'wp_mail_smtp_admin_notifications_update','W10=','2021-01-25 12:53:27'),(41,'wp_mail_smtp_admin_notifications_update','W10=','2021-01-27 08:51:55'),(42,'wp_mail_smtp_admin_notifications_update','W10=','2021-02-01 09:06:49'),(43,'wp_mail_smtp_admin_notifications_update','W10=','2021-02-03 09:21:35'),(44,'wp_mail_smtp_admin_notifications_update','W10=','2021-02-04 10:56:44'),(45,'wp_mail_smtp_admin_notifications_update','W10=','2021-02-05 13:27:11'),(46,'wp_mail_smtp_admin_notifications_update','W10=','2021-02-16 09:14:49'),(47,'wp_mail_smtp_admin_notifications_update','W10=','2021-02-17 10:24:45'),(48,'wp_mail_smtp_admin_notifications_update','W10=','2021-02-18 11:27:45'),(49,'wp_mail_smtp_admin_notifications_update','W10=','2021-02-19 13:44:16'),(50,'wp_mail_smtp_admin_notifications_update','W10=','2021-02-20 21:29:34'),(51,'wp_mail_smtp_admin_notifications_update','W10=','2021-02-22 08:56:10'),(52,'wp_mail_smtp_admin_notifications_update','W10=','2021-02-23 10:14:07'),(53,'wp_mail_smtp_admin_notifications_update','W10=','2021-02-24 10:22:04'),(54,'wp_mail_smtp_admin_notifications_update','W10=','2021-02-26 10:22:09'),(55,'wp_mail_smtp_admin_notifications_update','W10=','2021-03-01 09:30:15'),(56,'wp_mail_smtp_admin_notifications_update','W10=','2021-03-02 09:35:42'),(57,'wp_mail_smtp_admin_notifications_update','W10=','2021-03-03 11:23:13'),(58,'wp_mail_smtp_admin_notifications_update','W10=','2021-03-04 11:46:02'),(59,'wp_mail_smtp_admin_notifications_update','W10=','2021-03-08 08:25:26'),(60,'wp_mail_smtp_admin_notifications_update','W10=','2021-03-09 09:43:01'),(61,'wp_mail_smtp_admin_notifications_update','W10=','2021-03-10 09:43:29'),(62,'wp_mail_smtp_admin_notifications_update','W10=','2021-03-13 17:12:08'),(63,'wp_mail_smtp_admin_notifications_update','W10=','2021-03-14 18:53:11'),(64,'wp_mail_smtp_admin_notifications_update','W10=','2021-03-16 11:13:38'),(65,'wp_mail_smtp_admin_notifications_update','W10=','2021-03-18 14:36:22'),(66,'wp_mail_smtp_admin_notifications_update','W10=','2021-03-22 08:49:47'),(67,'wp_mail_smtp_admin_notifications_update','W10=','2021-03-23 10:37:28'),(68,'wp_mail_smtp_admin_notifications_update','W10=','2021-03-25 09:10:23'),(69,'wp_mail_smtp_admin_notifications_update','W10=','2021-03-26 11:23:31'),(70,'wp_mail_smtp_admin_notifications_update','W10=','2021-03-28 20:45:13'),(71,'wp_mail_smtp_admin_notifications_update','W10=','2021-03-30 12:03:02'),(72,'wp_mail_smtp_admin_notifications_update','W10=','2021-03-31 18:17:24'),(73,'wp_mail_smtp_admin_notifications_update','W10=','2021-04-07 10:04:35'),(74,'wp_mail_smtp_admin_notifications_update','W10=','2021-04-14 21:36:34'),(75,'wp_mail_smtp_admin_notifications_update','W10=','2021-04-16 12:48:16'),(76,'wp_mail_smtp_admin_notifications_update','W10=','2021-04-21 12:04:10'),(77,'wp_mail_smtp_admin_notifications_update','W10=','2021-04-23 09:54:25'),(78,'wp_mail_smtp_admin_notifications_update','W10=','2021-04-26 14:10:25'),(79,'wp_mail_smtp_admin_notifications_update','W10=','2021-04-27 14:19:42'),(80,'wp_mail_smtp_admin_notifications_update','W10=','2021-04-29 08:13:21'),(81,'wp_mail_smtp_admin_notifications_update','W10=','2021-04-30 11:44:15'),(82,'wp_mail_smtp_admin_notifications_update','W10=','2021-05-04 10:27:29'),(83,'wp_mail_smtp_admin_notifications_update','W10=','2021-05-13 08:31:52'),(84,'wp_mail_smtp_admin_notifications_update','W10=','2021-05-14 10:08:10'),(85,'wp_mail_smtp_admin_notifications_update','W10=','2021-05-19 06:58:00'),(86,'wp_mail_smtp_admin_notifications_update','W10=','2021-05-20 17:37:18'),(87,'wp_mail_smtp_admin_notifications_update','W10=','2021-05-24 07:44:46'),(88,'wp_mail_smtp_admin_notifications_update','W10=','2021-05-26 08:34:52'),(89,'wp_mail_smtp_admin_notifications_update','W10=','2021-05-28 09:26:36'),(90,'wp_mail_smtp_admin_notifications_update','W10=','2021-06-04 13:54:31'),(91,'wp_mail_smtp_admin_notifications_update','W10=','2021-06-06 21:26:31'),(92,'wp_mail_smtp_admin_notifications_update','W10=','2021-06-10 17:58:32'),(93,'wp_mail_smtp_admin_notifications_update','W10=','2021-06-14 08:47:06'),(94,'wp_mail_smtp_admin_notifications_update','W10=','2021-06-16 17:53:08'),(95,'wp_mail_smtp_admin_notifications_update','W10=','2021-06-18 10:34:18'),(96,'wp_mail_smtp_admin_notifications_update','W10=','2021-06-20 13:59:41'),(97,'wp_mail_smtp_admin_notifications_update','W10=','2021-06-24 08:03:42'),(98,'wp_mail_smtp_admin_notifications_update','W10=','2021-06-25 11:14:43'),(99,'wp_mail_smtp_admin_notifications_update','W10=','2021-06-29 07:38:51'),(100,'wp_mail_smtp_admin_notifications_update','W10=','2021-06-30 10:52:22'),(101,'wp_mail_smtp_admin_notifications_update','W10=','2021-07-01 11:07:47'),(102,'wp_mail_smtp_admin_notifications_update','W10=','2021-07-06 13:00:32'),(103,'wp_mail_smtp_admin_notifications_update','W10=','2021-07-08 16:49:32'),(104,'wp_mail_smtp_admin_notifications_update','W10=','2021-07-10 18:19:57'),(105,'wp_mail_smtp_admin_notifications_update','W10=','2021-07-12 08:57:55'),(106,'wp_mail_smtp_admin_notifications_update','W10=','2021-07-14 07:54:10'),(107,'wp_mail_smtp_admin_notifications_update','W10=','2021-07-19 15:01:05'),(108,'wp_mail_smtp_admin_notifications_update','W10=','2021-07-21 07:54:39'),(109,'wp_mail_smtp_admin_notifications_update','W10=','2021-07-22 08:21:06'),(110,'wp_mail_smtp_admin_notifications_update','W10=','2021-07-27 14:29:51'),(111,'wp_mail_smtp_admin_notifications_update','W10=','2021-07-28 15:41:53'),(112,'wp_mail_smtp_admin_notifications_update','W10=','2021-08-09 12:17:14'),(113,'wp_mail_smtp_admin_notifications_update','W10=','2021-08-11 07:46:16'),(114,'wp_mail_smtp_admin_notifications_update','W10=','2021-08-12 10:24:38'),(115,'wp_mail_smtp_admin_notifications_update','W10=','2021-08-26 12:26:43'),(116,'wp_mail_smtp_admin_notifications_update','W10=','2021-08-30 14:10:33');

--
-- Table structure for table `wp_yoast_seo_links`
--

CREATE TABLE `wp_yoast_seo_links` (
  `id` bigint(20) unsigned NOT NULL AUTO_INCREMENT,
  `url` varchar(255) COLLATE utf8mb4_unicode_ci NOT NULL,
  `post_id` bigint(20) unsigned NOT NULL,
  `target_post_id` bigint(20) unsigned NOT NULL,
  `type` varchar(8) COLLATE utf8mb4_unicode_ci NOT NULL,
  PRIMARY KEY (`id`),
  KEY `link_direction` (`post_id`,`type`)
) ENGINE=MyISAM AUTO_INCREMENT=59937 DEFAULT CHARSET=utf8mb4 COLLATE=utf8mb4_unicode_ci;

--
-- Dumping data for table `wp_yoast_seo_links`
--

INSERT INTO `wp_yoast_seo_links` VALUES (55439,'https://www.childrensmentalhealthweek.org.uk/',49434,0,'external'),(55438,'livehappy.com',49494,0,'internal'),(55436,'take-happy-science-answer/',49535,49514,'internal'),(55437,'positive-emotion-why-does-it-matter/',49535,49524,'internal'),(53097,'https://myhappymind.org/checkout/',81992,81993,'internal'),(57024,'https://myhappymind.org/wp-content/uploads/2020/04/Optimism-vs-Pessimism.pdf',82574,0,'internal'),(53036,'mailto:hello@myHappymind.org',463,0,'external'),(53037,'mailto:hello@myHappymind.org',463,0,'external'),(53096,'#',81992,0,'internal'),(55435,'https://myhappymind.org/take-happy-science-answer/',50065,49514,'internal'),(55434,'https://myhappymind.org/what-is-self-esteem-and-how-do-you-build-it-in-kids/',50071,50060,'internal'),(55433,'https://myhappymind.org/what-is-self-esteem-and-how-do-you-build-it-in-kids/',50087,50060,'internal'),(55432,'https://www.facebook.com/groups/myhappymindfriends/',50159,0,'external'),(14979,'https://www.dropbox.com/s/p7ne29zm4a3qwpg/Self%20care%20tips.pdf?dl=0',50168,0,'external'),(57022,'https://myhappymind.org/wp-content/uploads/2020/05/Creating-More-Engagement.pdf',82576,0,'internal'),(59680,'https://courses.myhappymind.org/users/sign_in',83710,0,'external'),(59681,'https://www.learn.myhappymind.org/login',83710,0,'external'),(57292,'http://myhappymind.local/our-products/',82982,0,'external'),(57293,'https://myhappymind.kartra.com/page/Schools_LeadMagnet',82982,0,'external'),(57294,'https://myhappymind.org/our-products/#Product-Early-Years',82982,80398,'internal'),(57295,'https://myhappymind.kartra.com/page/EarlyYears',82982,0,'external'),(57296,'https://myhappymind.org/our-products/#Product-Families',82982,80398,'internal'),(57297,'https://myhappymind.kartra.com/page/Developing_Families',82982,0,'external'),(57298,'https://myhappymind.org/podcast/the-power-of-relationships/',82982,83576,'internal'),(57299,'https://myhappymind.org/podcast/the-power-of-relationships/',82982,83576,'internal'),(57300,'https://myhappymind.org/podcast/the-power-of-relationships/',82982,83576,'internal'),(57301,'https://myhappymind.org/podcast/episode-3-why-engagement-matters-so-much-to-happiness/',82982,82576,'internal'),(57302,'https://myhappymind.org/podcast/episode-3-why-engagement-matters-so-much-to-happiness/',82982,82576,'internal'),(57303,'https://myhappymind.org/podcast/episode-3-why-engagement-matters-so-much-to-happiness/',82982,82576,'internal'),(57304,'https://myhappymind.org/podcast/episode-2-exploring-the-importance-of-positive-emotion/',82982,82574,'internal'),(57305,'https://myhappymind.org/podcast/episode-2-exploring-the-importance-of-positive-emotion/',82982,82574,'internal'),(57306,'https://myhappymind.org/podcast/episode-2-exploring-the-importance-of-positive-emotion/',82982,82574,'internal'),(57307,'https://myhappymind.org/podcast/episode-1-welcome-and-the-secrets-to-building-a-happy-life/',82982,82517,'internal'),(57308,'https://myhappymind.org/podcast/episode-1-welcome-and-the-secrets-to-building-a-happy-life/',82982,82517,'internal'),(57309,'https://myhappymind.org/podcast/episode-1-welcome-and-the-secrets-to-building-a-happy-life/',82982,82517,'internal'),(57310,'https://myhappymind.org/podcast/why-meaning-is-so-critical-to-our-mental-health/',82982,83720,'internal'),(57311,'https://myhappymind.org/podcast/why-meaning-is-so-critical-to-our-mental-health/',82982,83720,'internal'),(57312,'https://myhappymind.org/podcast/why-meaning-is-so-critical-to-our-mental-health/',82982,83720,'internal'),(57313,'https://myhappymind.org/our-products/',82982,80398,'internal'),(57314,'https://myhappymind.org/our-products/#Product-Early-Years',82982,80398,'internal'),(57315,'https://myhappymind.org/our-products/#Product-Families',82982,80398,'internal'),(57411,'https://myhappymind.org/festive',83916,0,'internal'),(57421,'https://www.learn.myhappymind.org/daily-happy-signup-page',83944,0,'external'),(57428,'https://www.learn.myhappymind.org/daily-happy-signup-page',83948,0,'external'),(57430,'https://www.learn.myhappymind.org/daily-happy-signup-page',83951,0,'external'),(57434,'https://www.learn.myhappymind.org/daily-happy-signup-page',83954,0,'external'),(57588,'https://www.learn.myhappymind.org/daily-happy-signup-page',83970,0,'external'),(57590,'https://www.learn.myhappymind.org/daily-happy-signup-page',83973,0,'external'),(57592,'https://www.learn.myhappymind.org/daily-happy-signup-page',83976,0,'external'),(57594,'https://www.learn.myhappymind.org/daily-happy-signup-page',83979,0,'external'),(57596,'https://www.learn.myhappymind.org/daily-happy-signup-page',83985,0,'external'),(57598,'https://www.learn.myhappymind.org/daily-happy-signup-page',83987,0,'external'),(57600,'https://www.learn.myhappymind.org/daily-happy-signup-page',83990,0,'external'),(57602,'https://www.learn.myhappymind.org/daily-happy-signup-page',83993,0,'external'),(57604,'https://www.learn.myhappymind.org/daily-happy-signup-page',83996,0,'external'),(58209,'https://www.learn.myhappymind.org/daily-happy-signup-page',84057,0,'external'),(58213,'https://www.learn.myhappymind.org/daily-happy-signup-page',84060,0,'external'),(58216,'https://www.learn.myhappymind.org/daily-happy-signup-page',84064,0,'external'),(58219,'https://www.learn.myhappymind.org/daily-happy-signup-page',84068,0,'external'),(58222,'https://www.learn.myhappymind.org/daily-happy-signup-page',84072,0,'external'),(58225,'https://www.learn.myhappymind.org/daily-happy-signup-page',84076,0,'external'),(58228,'https://www.learn.myhappymind.org/daily-happy-signup-page',84080,0,'external'),(58231,'https://www.learn.myhappymind.org/daily-happy-signup-page',84084,0,'external'),(58234,'https://www.learn.myhappymind.org/daily-happy-signup-page',84088,0,'external'),(58237,'https://www.learn.myhappymind.org/daily-happy-signup-page',84092,0,'external'),(58242,'https://www.learn.myhappymind.org/Masterclass',84096,0,'external'),(58243,'https://www.learn.myhappymind.org/daily-happy-signup-page',84096,0,'external'),(58246,'https://www.learn.myhappymind.org/daily-happy-signup-page',84100,0,'external'),(58251,'https://www.learn.myhappymind.org/Masterclass',84104,0,'external'),(58252,'https://www.learn.myhappymind.org/daily-happy-signup-page',84104,0,'external'),(58255,'https://www.learn.myhappymind.org/daily-happy-signup-page',84108,0,'external'),(58260,'https://www.learn.myhappymind.org/valentines2021-signup-page',84112,0,'external'),(58261,'https://www.learn.myhappymind.org/daily-happy-signup-page',84112,0,'external'),(58264,'https://www.learn.myhappymind.org/daily-happy-signup-page',84117,0,'external'),(58283,'https://www.learn.myhappymind.org/daily-happy-signup-page',84129,0,'external'),(58279,'https://www.learn.myhappymind.org/Masterclass',84121,0,'external'),(58280,'https://www.learn.myhappymind.org/daily-happy-signup-page',84121,0,'external'),(58275,'https://www.learn.myhappymind.org/Masterclass',84125,0,'external'),(58276,'https://www.learn.myhappymind.org/daily-happy-signup-page',84125,0,'external'),(58288,'https://www.learn.myhappymind.org/Masterclass',84133,0,'external'),(58289,'https://www.learn.myhappymind.org/daily-happy-signup-page',84133,0,'external'),(58293,'https://www.learn.myhappymind.org/Masterclass',84138,0,'external'),(58387,'https://www.learn.myhappymind.org/Masterclass',84166,0,'external'),(58391,'https://www.learn.myhappymind.org/Masterclass',84169,0,'external'),(59914,'https://www.itv.com/news/granada/update/2016-11-03/happy-minds-for-salford-schoolkids/',80398,0,'external'),(59912,'https://www.kidsplanetdaynurseries.co.uk/',80398,0,'external'),(59913,'https://www.facebook.com/watch/?v=10154668508079965',80398,0,'external'),(59907,'https://myhappymind.ac-page.com/schools-tour-optin-page',80398,0,'external'),(59908,'https://calendly.com/natalie-mhm/30min',80398,0,'external'),(59909,'https://myhappymind.ac-page.com/schools-assessment-pdf-optin-page',80398,0,'external'),(59910,'https://myhappymind.ac-page.com/schools-assessment-pdf-optin-page',80398,0,'external'),(59911,'https://myhappymind.ac-page.com/early-years-tour',80398,0,'external'),(59930,'https://myhappymind.org/about-and-approach/',80398,463,'internal'),(59931,'https://www.facebook.com/myHappymind/',80398,0,'external'),(59932,'https://twitter.com/myhappymind_',80398,0,'external'),(59933,'https://www.linkedin.com/pulse/myhappymind-clare-roberts-1',80398,0,'external'),(59934,'https://www.instagram.com/myhappymind/',80398,0,'external'),(59935,'mailto:hello@myHappymind.org',80398,0,'external'),(59936,'mailto:hello@myHappymind.org',80398,0,'external'),(57026,'https://myhappymind.org/about-and-approach/',82517,463,'internal'),(53095,'https://myhappymind.org/product/myhappymind-conversation-cards/',81992,81998,'internal'),(53094,'https://myhappymind.org/product/myhappymind-conversation-cards/',81992,81998,'internal'),(53034,'https://www.linkedin.com/pulse/myhappymind-clare-roberts-1',463,0,'external'),(53035,'https://www.instagram.com/myhappymind/',463,0,'external'),(53031,'https://myhappymind.org/our-products/#Product-Families',463,80398,'internal'),(53030,'https://myhappymind.org/our-products/#Product-Families',463,80398,'internal'),(53029,'https://myhappymind.org/our-products/our-products/#Product-Early-Years',463,0,'internal'),(53028,'https://myhappymind.org/our-products/our-products/#Product-Early-Years',463,0,'internal'),(53026,'https://myhappymind.org/our-products/',463,80398,'internal'),(53027,'https://myhappymind.org/our-products/',463,80398,'internal'),(53023,'https://myhappymind.kartra.com/page/download_impactreport',463,0,'external'),(53024,'https://myhappymind.org/our-products/',463,80398,'internal'),(53025,'https://myhappymind.org/our-products/',463,80398,'internal'),(42688,'https://myhappymind.org/podcast/episode-1-welcome-and-the-secrets-to-building-a-happy-life/',82771,82517,'internal'),(42683,'https://myhappymind.org/podcast/episode-1-welcome-and-the-secrets-to-building-a-happy-life/',82782,82517,'internal'),(39101,'https://myhappymind.org/podcasts/episode-1-welcome-and-the-secrets-to-building-a-happy-life/',82739,82517,'internal'),(39102,'https://myhappymind.org/podcasts/episode-1-welcome-and-the-secrets-to-building-a-happy-life/',82739,82517,'internal'),(51645,'http://support.google.com/mobile/bin/answer.py?hl=en&amp;answer=169022',452,0,'external'),(51644,'http://support.apple.com/kb/HT1677',452,0,'external'),(51643,'http://docs.info.apple.com/article.html?artnum=32467',452,0,'external'),(51641,'http://support.google.com/chrome/bin/answer.py?hl=en&amp;answer=95647',452,0,'external'),(51642,'http://www.opera.com/browser/tutorials/security/privacy/',452,0,'external'),(51640,'http://support.mozilla.org/en-US/kb/Cookies',452,0,'external'),(51639,'http://support.microsoft.com/kb/196955',452,0,'external'),(51686,'mailto:hello@myhappymind.org',82497,0,'external'),(51687,'https://myhappymind.org/apptcs/',82497,49570,'internal'),(51632,'http://www.amyporterfield.com/earnings-disclaimer',49570,0,'external'),(51633,'mailto:support@amyporterfield.com',49570,0,'external'),(51634,'https://myhappymind.org/privacy-policy/',49570,448,'internal'),(51635,'../privacy-policy',49570,0,'internal'),(51636,'../pricing/',49570,0,'internal'),(17861,'#',4071,0,'internal'),(17862,'#',4071,0,'internal'),(17863,'#',4071,0,'internal'),(17864,'#',4071,0,'internal'),(17865,'#',4071,0,'internal'),(17866,'https://www.youtube.com/embed/mA0l2NauzUc?',4071,0,'external'),(17867,'#',4071,0,'internal'),(17868,'#',4071,0,'internal'),(17869,'#',4071,0,'internal'),(17870,'#',4071,0,'internal'),(17871,'#',4071,0,'internal'),(17872,'#',4081,0,'internal'),(17873,'#',4081,0,'internal'),(17874,'#',4081,0,'internal'),(17875,'#',4081,0,'internal'),(17876,'#',4081,0,'internal'),(18045,'https://myhappymind.org/wp-content/uploads/2019/02/image-placeholder-18-min.jpg',4089,0,'internal'),(18046,'https://myhappymind.org/wp-content/uploads/2019/02/image-placeholder-12-min.jpg',4089,0,'internal'),(18047,'https://myhappymind.org/wp-content/uploads/2019/02/image-placeholder-25-min.jpg',4089,0,'internal'),(18048,'https://myhappymind.org/wp-content/uploads/2019/02/image-placeholder-14-min.jpg',4089,0,'internal'),(18049,'https://myhappymind.org/wp-content/uploads/2019/02/image-placeholder-23-min.jpg',4089,0,'internal'),(18050,'https://myhappymind.org/wp-content/uploads/2019/02/image-placeholder-3-min.jpg',4089,0,'internal'),(18051,'https://myhappymind.org/wp-content/uploads/2019/02/image-placeholder-24-min.jpg',4089,0,'internal'),(18071,'http://themeforest.net/item/uncode-creative-multiuse-wordpress-theme/13373220?ref=undsgn',19728,0,'external'),(18072,'http://themeforest.net/item/uncode-creative-multiuse-wordpress-theme/13373220?ref=undsgn',19728,0,'external'),(18073,'http://themeforest.net/item/uncode-creative-multiuse-wordpress-theme/13373220?ref=undsgn&license=regular&open_purchase_for_item_id=13373220&purchasable=source',26859,0,'external'),(18074,'http://themeforest.net/item/uncode-creative-multiuse-wordpress-theme/13373220?ref=undsgn&license=regular&open_purchase_for_item_id=13373220&purchasable=source',26859,0,'external'),(18075,'http://themeforest.net/item/uncode-creative-multiuse-wordpress-theme/13373220?ref=undsgn&license=regular&open_purchase_for_item_id=13373220&purchasable=source',26859,0,'external'),(18076,'https://myhappymind.org/wp-content/uploads/2019/02/video-placeholder.mp4',26887,0,'internal'),(18077,'http://themeforest.net/item/uncode-creative-multiuse-wordpress-theme/13373220?ref=undsgn&license=regular&open_purchase_for_item_id=13373220&purchasable=source',26887,0,'external'),(18078,'http://themeforest.net/item/uncode-creative-multiuse-wordpress-theme/13373220?ref=undsgn&license=regular&open_purchase_for_item_id=13373220&purchasable=source',26946,0,'external'),(18079,'http://themeforest.net/item/uncode-creative-multiuse-wordpress-theme/13373220?ref=undsgn&license=regular&open_purchase_for_item_id=13373220&purchasable=source',26946,0,'external'),(18080,'http://themeforest.net/item/uncode-creative-multiuse-wordpress-theme/13373220?ref=undsgn&license=regular&open_purchase_for_item_id=13373220&purchasable=source',26946,0,'external'),(18081,'https://myhappymind.org/wp-content/uploads/2019/02/video-placeholder.mp4',27029,0,'internal'),(18082,'https://myhappymind.org/wp-content/uploads/2019/02/video-placeholder.mp4',27033,0,'internal'),(18083,'https://myhappymind.org/wp-content/uploads/2019/02/video-placeholder.mp4',27033,0,'internal'),(18084,'#',27035,0,'internal'),(18085,'#',27035,0,'internal'),(18086,'#',27035,0,'internal'),(18087,'#',27035,0,'internal'),(18088,'#',27035,0,'internal'),(18089,'#',27035,0,'internal'),(18090,'#',27047,0,'internal'),(18091,'#',27047,0,'internal'),(18092,'#',27047,0,'internal'),(18093,'http://themeforest.net/item/uncode-creative-multiuse-wordpress-theme/13373220?ref=undsgn&license=regular&open_purchase_for_item_id=13373220&purchasable=source',27052,0,'external'),(18094,'http://themeforest.net/item/uncode-creative-multiuse-wordpress-theme/13373220?ref=undsgn&license=regular&open_purchase_for_item_id=13373220&purchasable=source',27096,0,'external'),(18095,'#',31199,0,'internal'),(18096,'http://themeforest.net/item/uncode-creative-multiuse-wordpress-theme/13373220?ref=undsgn&license=regular&open_purchase_for_item_id=13373220&purchasable=source',37055,0,'external'),(18097,'http://themeforest.net/item/uncode-creative-multiuse-wordpress-theme/13373220?ref=undsgn&license=regular&open_purchase_for_item_id=13373220&purchasable=source',37055,0,'external'),(18098,'http://themeforest.net/item/uncode-creative-multiuse-wordpress-theme/13373220?ref=undsgn&license=regular&open_purchase_for_item_id=13373220&purchasable=source',37055,0,'external'),(18099,'http://themeforest.net/item/uncode-creative-multiuse-wordpress-theme/13373220?ref=undsgn&license=regular&open_purchase_for_item_id=13373220&purchasable=source',37769,0,'external'),(18100,'https://myhappymind.org/the-truth-about-self-care/',37769,50168,'internal'),(18101,'https://myhappymind.org/what-is-happening-in-the-brain-when-your-child-is-stressed/',37769,50159,'internal'),(18102,'https://myhappymind.org/why-kids-need-to-do-less-to-build-resilience/',37769,50130,'internal'),(18103,'https://myhappymind.org/product/black-stripes-t-shirt/',37769,18907,'internal'),(18104,'/wp-admin/admin.php?page=uncode-import-demo&#038;add-to-cart=18907',37769,0,'internal'),(18105,'https://myhappymind.org/product/urban-striped-sleeveless/',37769,18932,'internal'),(18106,'/wp-admin/admin.php?page=uncode-import-demo&#038;add-to-cart=18932',37769,0,'internal'),(18107,'https://myhappymind.org/product/black-grey-half-t-shirt/',37769,18935,'internal'),(18108,'/wp-admin/admin.php?page=uncode-import-demo&#038;add-to-cart=18935',37769,0,'internal'),(18109,'#',38433,0,'internal'),(18110,'https://myhappymind.org/portfolio/centered-gallery/',40440,79352,'internal'),(18111,'https://myhappymind.org/portfolio/sidebar-slides/',40440,4063,'internal'),(18112,'https://myhappymind.org/portfolio/centered-custom-two/',40440,4065,'internal'),(18113,'https://myhappymind.org/portfolio/centered-stack-full-width/',40440,4067,'internal'),(18114,'https://myhappymind.org/portfolio/sidebar-gallery/',40440,4069,'internal'),(18115,'https://myhappymind.org/portfolio/centered-custom-one/',40440,4071,'internal'),(18116,'https://myhappymind.org/the-truth-about-self-care/',40440,50168,'internal'),(18117,'https://myhappymind.org/what-is-happening-in-the-brain-when-your-child-is-stressed/',40440,50159,'internal'),(18118,'https://myhappymind.org/why-kids-need-to-do-less-to-build-resilience/',40440,50130,'internal'),(18119,'https://myhappymind.org/the-power-of-habits/',40440,50119,'internal'),(18120,'',40440,0,'internal'),(18121,'https://www.facebook.com/',40440,0,'external'),(18122,'https://twitter.com/',40440,0,'external'),(18123,'http://www.pinterest.com',40440,0,'external'),(18124,'https://dribbble.com',40440,0,'external'),(18125,'https://www.linkedin.com/',40440,0,'external'),(18126,'http://themeforest.net/item/uncode-creative-multiuse-wordpress-theme/13373220',44791,0,'external'),(18127,'http://themeforest.net/item/uncode-creative-multiuse-wordpress-theme/13373220',44791,0,'external'),(18128,'http://themeforest.net/item/uncode-creative-multiuse-wordpress-theme/13373220',44791,0,'external'),(18129,'https://myhappymind.org/wp-content/uploads/2019/02/video-placeholder.mp4',44820,0,'internal'),(18130,'http://themeforest.net/item/uncode-creative-multiuse-wordpress-theme/13373220?ref=undsgn&license=regular&open_purchase_for_item_id=13373220&purchasable=source',44839,0,'external'),(18131,'https://myhappymind.org/the-truth-about-self-care/',44853,50168,'internal'),(18132,'https://myhappymind.org/author/coi/',44853,0,'internal'),(18133,'https://myhappymind.org/what-is-happening-in-the-brain-when-your-child-is-stressed/',44853,50159,'internal'),(18134,'https://myhappymind.org/author/laura/',44853,0,'internal'),(18135,'https://myhappymind.org/why-kids-need-to-do-less-to-build-resilience/',44853,50130,'internal'),(18136,'https://myhappymind.org/author/laura/',44853,0,'internal'),(18137,'https://myhappymind.org/the-power-of-habits/',44853,50119,'internal'),(18138,'https://myhappymind.org/author/laura/',44853,0,'internal'),(18139,'https://myhappymind.org/how-to-build-your-childs-resilience-in-2019/',44853,50111,'internal'),(18140,'https://myhappymind.org/author/laura/',44853,0,'internal'),(18141,'https://myhappymind.org/building-self-esteem-in-children/',44853,50087,'internal'),(18142,'https://myhappymind.org/author/laura/',44853,0,'internal'),(18143,'https://myhappymind.org/happiness-hacks/',44853,50071,'internal'),(18144,'https://myhappymind.org/author/laura/',44853,0,'internal'),(18145,'https://myhappymind.org/kindness-and-mental-health/',44853,50065,'internal'),(18146,'https://myhappymind.org/author/laura/',44853,0,'internal'),(18147,'https://myhappymind.org/what-is-self-esteem-and-how-do-you-build-it-in-kids/',44853,50060,'internal'),(18148,'https://myhappymind.org/author/laura/',44853,0,'internal'),(18149,'https://myhappymind.org/goal-setting-why-it-matters-and-how-not-to-do-it/',44853,49649,'internal'),(18150,'https://myhappymind.org/author/laura/',44853,0,'internal'),(18151,'https://myhappymind.org/the-truth-about-self-care/',45376,50168,'internal'),(18152,'https://myhappymind.org/what-is-happening-in-the-brain-when-your-child-is-stressed/',45376,50159,'internal'),(18153,'https://myhappymind.org/why-kids-need-to-do-less-to-build-resilience/',45376,50130,'internal'),(18154,'https://myhappymind.org/the-power-of-habits/',45376,50119,'internal'),(18155,'https://myhappymind.org/homepages/shop-carousel/',45376,76751,'internal'),(18156,'https://myhappymind.org/how-to-build-your-childs-resilience-in-2019/',45376,50111,'internal'),(18157,'https://myhappymind.org/homepages/blog-journal/',45376,75930,'internal'),(18158,'https://myhappymind.org/homepages/shop-boutique/',45376,75823,'internal'),(18159,'https://myhappymind.org/homepages/blog-newspaper/',45376,75812,'internal'),(18160,'https://myhappymind.org/homepages/portfolio-studio/',45376,75602,'internal'),(18161,'https://myhappymind.org/the-truth-about-self-care/',45395,50168,'internal'),(18162,'https://myhappymind.org/the-truth-about-self-care/',45395,50168,'internal'),(18163,'https://myhappymind.org/author/coi/',45395,0,'internal'),(18164,'https://myhappymind.org/what-is-happening-in-the-brain-when-your-child-is-stressed/',45395,50159,'internal'),(18165,'https://myhappymind.org/what-is-happening-in-the-brain-when-your-child-is-stressed/',45395,50159,'internal'),(18166,'https://myhappymind.org/author/laura/',45395,0,'internal'),(18167,'https://myhappymind.org/why-kids-need-to-do-less-to-build-resilience/',45395,50130,'internal'),(18168,'https://myhappymind.org/why-kids-need-to-do-less-to-build-resilience/',45395,50130,'internal'),(18169,'https://myhappymind.org/author/laura/',45395,0,'internal'),(18170,'https://myhappymind.org/the-power-of-habits/',45395,50119,'internal'),(18171,'https://myhappymind.org/the-power-of-habits/',45395,50119,'internal'),(18172,'https://myhappymind.org/author/laura/',45395,0,'internal'),(18173,'https://myhappymind.org/how-to-build-your-childs-resilience-in-2019/',45395,50111,'internal'),(18174,'https://myhappymind.org/how-to-build-your-childs-resilience-in-2019/',45395,50111,'internal'),(18175,'https://myhappymind.org/author/laura/',45395,0,'internal'),(18176,'https://myhappymind.org/building-self-esteem-in-children/',45395,50087,'internal'),(18177,'https://myhappymind.org/building-self-esteem-in-children/',45395,50087,'internal'),(18178,'https://myhappymind.org/author/laura/',45395,0,'internal'),(18179,'https://myhappymind.org/happiness-hacks/',45395,50071,'internal'),(18180,'https://myhappymind.org/happiness-hacks/',45395,50071,'internal'),(18181,'https://myhappymind.org/author/laura/',45395,0,'internal'),(18182,'https://myhappymind.org/kindness-and-mental-health/',45395,50065,'internal'),(18183,'https://myhappymind.org/author/laura/',45395,0,'internal'),(18184,'https://myhappymind.org/what-is-self-esteem-and-how-do-you-build-it-in-kids/',45395,50060,'internal'),(18185,'https://myhappymind.org/what-is-self-esteem-and-how-do-you-build-it-in-kids/',45395,50060,'internal'),(18186,'https://myhappymind.org/author/laura/',45395,0,'internal'),(18187,'https://myhappymind.org/goal-setting-why-it-matters-and-how-not-to-do-it/',45395,49649,'internal'),(18188,'https://myhappymind.org/author/laura/',45395,0,'internal'),(18189,'https://myhappymind.org/accomplishment-makes-us-happy/',45395,49596,'internal'),(18190,'https://myhappymind.org/accomplishment-makes-us-happy/',45395,49596,'internal'),(18191,'https://myhappymind.org/author/laura/',45395,0,'internal'),(18192,'https://myhappymind.org/discover-your-purpose/',45395,49583,'internal'),(18193,'https://myhappymind.org/discover-your-purpose/',45395,49583,'internal'),(18194,'https://myhappymind.org/author/laura/',45395,0,'internal'),(18195,'https://myhappymind.org/building-positive-relationships/',45395,49553,'internal'),(18196,'https://myhappymind.org/building-positive-relationships/',45395,49553,'internal'),(18197,'https://myhappymind.org/author/laura/',45395,0,'internal'),(18198,'https://myhappymind.org/do-more-of-what-you-love/',45395,49535,'internal'),(18199,'https://myhappymind.org/do-more-of-what-you-love/',45395,49535,'internal'),(18200,'https://myhappymind.org/author/laura/',45395,0,'internal'),(18201,'https://myhappymind.org/positive-emotion-why-does-it-matter/',45395,49524,'internal'),(18202,'https://myhappymind.org/positive-emotion-why-does-it-matter/',45395,49524,'internal'),(18203,'https://myhappymind.org/author/laura/',45395,0,'internal'),(18204,'https://myhappymind.org/take-happy-science-answer/',45395,49514,'internal'),(18205,'https://myhappymind.org/take-happy-science-answer/',45395,49514,'internal'),(18206,'https://myhappymind.org/author/laura/',45395,0,'internal'),(18207,'https://myhappymind.org/you-are-what-you-tweet/',45395,49494,'internal'),(18208,'https://myhappymind.org/you-are-what-you-tweet/',45395,49494,'internal'),(18209,'https://myhappymind.org/author/laura/',45395,0,'internal'),(18210,'https://myhappymind.org/childrens-mental-health-does-it-overwhelm-you-too/',45395,49458,'internal'),(18211,'https://myhappymind.org/childrens-mental-health-does-it-overwhelm-you-too/',45395,49458,'internal'),(18212,'https://myhappymind.org/author/laura/',45395,0,'internal'),(18213,'https://myhappymind.org/5-a-day-mental-health/',45395,49434,'internal'),(18214,'https://myhappymind.org/5-a-day-mental-health/',45395,49434,'internal'),(18215,'https://myhappymind.org/author/laura/',45395,0,'internal'),(18216,'https://myhappymind.org/customers-become-my-inspiration/',45395,1653,'internal'),(18217,'https://myhappymind.org/customers-become-my-inspiration/',45395,1653,'internal'),(18218,'https://myhappymind.org/author/laura/',45395,0,'internal'),(18219,'https://myhappymind.org/vlog-4-the-bridge-between-home-and-school/',45395,942,'internal'),(18220,'https://myhappymind.org/vlog-4-the-bridge-between-home-and-school/',45395,942,'internal'),(18221,'https://myhappymind.org/author/laura/',45395,0,'internal'),(18222,'https://myhappymind.org/how-should-we-teach-mental-health-in-schools/',45395,918,'internal'),(18223,'https://myhappymind.org/how-should-we-teach-mental-health-in-schools/',45395,918,'internal'),(18224,'https://myhappymind.org/author/laura/',45395,0,'internal'),(18225,'https://myhappymind.org/vlog-2/',45395,887,'internal'),(18226,'https://myhappymind.org/vlog-2/',45395,887,'internal'),(18227,'https://myhappymind.org/author/laura/',45395,0,'internal'),(18228,'https://myhappymind.org/mental-health-interventions-in-schools-in-or-out/',45395,847,'internal'),(18229,'https://myhappymind.org/mental-health-interventions-in-schools-in-or-out/',45395,847,'internal'),(18230,'https://myhappymind.org/author/happymind_admin/',45395,0,'internal'),(18231,'https://myhappymind.org/mental-health-provision-in-schools/',45395,849,'internal'),(18232,'https://myhappymind.org/mental-health-provision-in-schools/',45395,849,'internal'),(18233,'https://myhappymind.org/author/laura/',45395,0,'internal'),(18234,'https://myhappymind.org/mental-health-in-schools/',45395,838,'internal'),(18235,'https://myhappymind.org/mental-health-in-schools/',45395,838,'internal'),(18236,'https://myhappymind.org/author/happymind_admin/',45395,0,'internal'),(18237,'https://myhappymind.org/calm-over-the-horizon/',45395,20528,'internal'),(18238,'https://myhappymind.org/calm-over-the-horizon/',45395,20528,'internal'),(18239,'https://myhappymind.org/author/ryan-musselwhite/',45395,0,'internal'),(18240,'https://myhappymind.org/inspired-by-clouds/',45395,20518,'internal'),(18241,'https://myhappymind.org/inspired-by-clouds/',45395,20518,'internal'),(18242,'https://myhappymind.org/author/ryan-musselwhite/',45395,0,'internal'),(18243,'https://myhappymind.org/make-it-clean-and-simple/',45395,20520,'internal'),(18244,'https://myhappymind.org/make-it-clean-and-simple/',45395,20520,'internal'),(18245,'https://myhappymind.org/author/ryan-musselwhite/',45395,0,'internal'),(18246,'https://myhappymind.org/when-you-are-alone/',45395,4193,'internal'),(18247,'https://myhappymind.org/when-you-are-alone/',45395,4193,'internal'),(18248,'https://myhappymind.org/author/ryan-musselwhite/',45395,0,'internal'),(18249,'https://myhappymind.org/real-time-design-tools/',45395,4225,'internal'),(18250,'https://myhappymind.org/real-time-design-tools/',45395,4225,'internal'),(18251,'https://myhappymind.org/author/ryan-musselwhite/',45395,0,'internal'),(18252,'https://myhappymind.org/stumbled-the-concept/',45395,4636,'internal'),(18253,'https://myhappymind.org/stumbled-the-concept/',45395,4636,'internal'),(18254,'https://myhappymind.org/author/ryan-musselwhite/',45395,0,'internal'),(18255,'https://myhappymind.org/time-is-passing-by/',45395,4229,'internal'),(18256,'https://myhappymind.org/time-is-passing-by/',45395,4229,'internal'),(18257,'https://myhappymind.org/author/ryan-musselwhite/',45395,0,'internal'),(18258,'https://myhappymind.org/hey-dj-play-that-song/',45395,4629,'internal'),(18259,'https://myhappymind.org/hey-dj-play-that-song/',45395,4629,'internal'),(18260,'https://myhappymind.org/author/ryan-musselwhite/',45395,0,'internal'),(18261,'https://myhappymind.org/me-myself-and-i/',45395,4254,'internal'),(18262,'https://myhappymind.org/me-myself-and-i/',45395,4254,'internal'),(18263,'https://myhappymind.org/author/ryan-musselwhite/',45395,0,'internal'),(18264,'https://myhappymind.org/my-tech-travel-setup/',45395,4252,'internal'),(18265,'https://myhappymind.org/my-tech-travel-setup/',45395,4252,'internal'),(18266,'https://myhappymind.org/author/ryan-musselwhite/',45395,0,'internal'),(18267,'https://myhappymind.org/learn-the-rules-first/',45395,4247,'internal'),(18268,'https://myhappymind.org/learn-the-rules-first/',45395,4247,'internal'),(18269,'https://myhappymind.org/author/ryan-musselwhite/',45395,0,'internal'),(18270,'https://myhappymind.org/the-new-brand-identity/',45395,4245,'internal'),(18271,'https://myhappymind.org/the-new-brand-identity/',45395,4245,'internal'),(18272,'https://myhappymind.org/author/ryan-musselwhite/',45395,0,'internal'),(18273,'https://myhappymind.org/sounds-from-the-streets/',45395,4243,'internal'),(18274,'https://myhappymind.org/sounds-from-the-streets/',45395,4243,'internal'),(18275,'https://myhappymind.org/author/ryan-musselwhite/',45395,0,'internal'),(18276,'https://myhappymind.org/a-day-alone-at-the-sea/',45395,4241,'internal'),(18277,'https://myhappymind.org/a-day-alone-at-the-sea/',45395,4241,'internal'),(18278,'https://myhappymind.org/author/ryan-musselwhite/',45395,0,'internal'),(18279,'https://myhappymind.org/some-amazing-buildings/',45395,4239,'internal'),(18280,'https://myhappymind.org/some-amazing-buildings/',45395,4239,'internal'),(18281,'https://myhappymind.org/author/ryan-musselwhite/',45395,0,'internal'),(18282,'https://myhappymind.org/working-from-your-home/',45395,4237,'internal'),(18283,'https://myhappymind.org/working-from-your-home/',45395,4237,'internal'),(18284,'https://myhappymind.org/author/ryan-musselwhite/',45395,0,'internal'),(18285,'https://myhappymind.org/awwwards-best-websites/',45395,4262,'internal'),(18286,'https://myhappymind.org/awwwards-best-websites/',45395,4262,'internal'),(18287,'https://myhappymind.org/author/ryan-musselwhite/',45395,0,'internal'),(18288,'https://myhappymind.org/trust-your-intuition/',45395,4231,'internal'),(18289,'https://myhappymind.org/trust-your-intuition/',45395,4231,'internal'),(18290,'https://myhappymind.org/author/ryan-musselwhite/',45395,0,'internal'),(18291,'https://myhappymind.org/top-deejay-headphones/',45395,4233,'internal'),(18292,'https://myhappymind.org/top-deejay-headphones/',45395,4233,'internal'),(18293,'https://myhappymind.org/author/ryan-musselwhite/',45395,0,'internal'),(18294,'https://myhappymind.org/the-truth-about-self-care/',45418,50168,'internal'),(18295,'https://myhappymind.org/the-truth-about-self-care/',45418,50168,'internal'),(18296,'https://myhappymind.org/category/uncategorised/',45418,0,'internal'),(18297,'https://myhappymind.org/what-is-happening-in-the-brain-when-your-child-is-stressed/',45418,50159,'internal'),(18298,'https://myhappymind.org/what-is-happening-in-the-brain-when-your-child-is-stressed/',45418,50159,'internal'),(18299,'https://myhappymind.org/category/mental-health/',45418,0,'internal'),(18300,'https://myhappymind.org/category/mental-wellbeing/',45418,0,'internal'),(18301,'https://myhappymind.org/category/self-esteem/',45418,0,'internal'),(18302,'https://myhappymind.org/why-kids-need-to-do-less-to-build-resilience/',45418,50130,'internal'),(18303,'https://myhappymind.org/why-kids-need-to-do-less-to-build-resilience/',45418,50130,'internal'),(18304,'https://myhappymind.org/category/uncategorised/',45418,0,'internal'),(18305,'https://myhappymind.org/category/mental-health/',45418,0,'internal'),(18306,'https://myhappymind.org/category/mental-wellbeing/',45418,0,'internal'),(18307,'https://myhappymind.org/category/happiness/',45418,0,'internal'),(18308,'https://myhappymind.org/category/self-esteem/',45418,0,'internal'),(18309,'https://myhappymind.org/the-power-of-habits/',45418,50119,'internal'),(18310,'https://myhappymind.org/the-power-of-habits/',45418,50119,'internal'),(18311,'https://myhappymind.org/category/uncategorised/',45418,0,'internal'),(18312,'https://myhappymind.org/how-to-build-your-childs-resilience-in-2019/',45418,50111,'internal'),(18313,'https://myhappymind.org/how-to-build-your-childs-resilience-in-2019/',45418,50111,'internal'),(18314,'https://myhappymind.org/category/uncategorised/',45418,0,'internal'),(18315,'https://myhappymind.org/category/mental-health/',45418,0,'internal'),(18316,'https://myhappymind.org/category/mental-wellbeing/',45418,0,'internal'),(18317,'https://myhappymind.org/category/happiness/',45418,0,'internal'),(18318,'https://myhappymind.org/building-self-esteem-in-children/',45418,50087,'internal'),(18319,'https://myhappymind.org/building-self-esteem-in-children/',45418,50087,'internal'),(18320,'https://myhappymind.org/category/uncategorised/',45418,0,'internal'),(18321,'https://myhappymind.org/happiness-hacks/',45418,50071,'internal'),(18322,'https://myhappymind.org/happiness-hacks/',45418,50071,'internal'),(18323,'https://myhappymind.org/category/uncategorised/',45418,0,'internal'),(18324,'https://myhappymind.org/category/mental-health/',45418,0,'internal'),(18325,'https://myhappymind.org/category/mental-wellbeing/',45418,0,'internal'),(18326,'https://myhappymind.org/category/happiness/',45418,0,'internal'),(18327,'https://myhappymind.org/kindness-and-mental-health/',45418,50065,'internal'),(18328,'https://myhappymind.org/category/mental-health/',45418,0,'internal'),(18329,'https://myhappymind.org/category/mental-wellbeing/',45418,0,'internal'),(18330,'https://myhappymind.org/what-is-self-esteem-and-how-do-you-build-it-in-kids/',45418,50060,'internal'),(18331,'https://myhappymind.org/what-is-self-esteem-and-how-do-you-build-it-in-kids/',45418,50060,'internal'),(18332,'https://myhappymind.org/category/mental-health/',45418,0,'internal'),(18333,'https://myhappymind.org/category/mental-wellbeing/',45418,0,'internal'),(18334,'https://myhappymind.org/category/self-esteem/',45418,0,'internal'),(18335,'https://myhappymind.org/goal-setting-why-it-matters-and-how-not-to-do-it/',45418,49649,'internal'),(18336,'https://myhappymind.org/category/goal-setting/',45418,0,'internal'),(18337,'https://myhappymind.org/accomplishment-makes-us-happy/',45418,49596,'internal'),(18338,'https://myhappymind.org/accomplishment-makes-us-happy/',45418,49596,'internal'),(18339,'https://myhappymind.org/category/uncategorised/',45418,0,'internal'),(18340,'https://myhappymind.org/category/happiness/',45418,0,'internal'),(18341,'https://myhappymind.org/discover-your-purpose/',45418,49583,'internal'),(18342,'https://myhappymind.org/discover-your-purpose/',45418,49583,'internal'),(18343,'https://myhappymind.org/category/uncategorised/',45418,0,'internal'),(18344,'https://myhappymind.org/category/mental-wellbeing/',45418,0,'internal'),(18345,'https://myhappymind.org/category/happiness/',45418,0,'internal'),(18346,'https://myhappymind.org/building-positive-relationships/',45418,49553,'internal'),(18347,'https://myhappymind.org/building-positive-relationships/',45418,49553,'internal'),(18348,'https://myhappymind.org/category/mental-health/',45418,0,'internal'),(18349,'https://myhappymind.org/category/mental-wellbeing/',45418,0,'internal'),(18350,'https://myhappymind.org/do-more-of-what-you-love/',45418,49535,'internal'),(18351,'https://myhappymind.org/do-more-of-what-you-love/',45418,49535,'internal'),(18352,'https://myhappymind.org/category/uncategorised/',45418,0,'internal'),(18353,'https://myhappymind.org/positive-emotion-why-does-it-matter/',45418,49524,'internal'),(18354,'https://myhappymind.org/positive-emotion-why-does-it-matter/',45418,49524,'internal'),(18355,'https://myhappymind.org/category/uncategorised/',45418,0,'internal'),(18356,'https://myhappymind.org/take-happy-science-answer/',45418,49514,'internal'),(18357,'https://myhappymind.org/take-happy-science-answer/',45418,49514,'internal'),(18358,'https://myhappymind.org/category/mental-health/',45418,0,'internal'),(18359,'https://myhappymind.org/category/mental-wellbeing/',45418,0,'internal'),(18360,'https://myhappymind.org/you-are-what-you-tweet/',45418,49494,'internal'),(18361,'https://myhappymind.org/you-are-what-you-tweet/',45418,49494,'internal'),(18362,'https://myhappymind.org/category/uncategorised/',45418,0,'internal'),(18363,'https://myhappymind.org/category/mental-health/',45418,0,'internal'),(18364,'https://myhappymind.org/category/mental-wellbeing/',45418,0,'internal'),(18365,'https://myhappymind.org/childrens-mental-health-does-it-overwhelm-you-too/',45418,49458,'internal'),(18366,'https://myhappymind.org/childrens-mental-health-does-it-overwhelm-you-too/',45418,49458,'internal'),(18367,'https://myhappymind.org/category/uncategorised/',45418,0,'internal'),(18368,'https://myhappymind.org/5-a-day-mental-health/',45418,49434,'internal'),(18369,'https://myhappymind.org/5-a-day-mental-health/',45418,49434,'internal'),(18370,'https://myhappymind.org/category/mental-health/',45418,0,'internal'),(18371,'https://myhappymind.org/category/mental-wellbeing/',45418,0,'internal'),(18372,'https://myhappymind.org/customers-become-my-inspiration/',45418,1653,'internal'),(18373,'https://myhappymind.org/customers-become-my-inspiration/',45418,1653,'internal'),(18374,'https://myhappymind.org/category/mental-health/',45418,0,'internal'),(18375,'https://myhappymind.org/category/mental-wellbeing/',45418,0,'internal'),(18376,'https://myhappymind.org/vlog-4-the-bridge-between-home-and-school/',45418,942,'internal'),(18377,'https://myhappymind.org/vlog-4-the-bridge-between-home-and-school/',45418,942,'internal'),(18378,'https://myhappymind.org/category/mental-health/',45418,0,'internal'),(18379,'https://myhappymind.org/category/mental-wellbeing/',45418,0,'internal'),(18380,'https://myhappymind.org/how-should-we-teach-mental-health-in-schools/',45418,918,'internal'),(18381,'https://myhappymind.org/how-should-we-teach-mental-health-in-schools/',45418,918,'internal'),(18382,'https://myhappymind.org/category/mental-health/',45418,0,'internal'),(18383,'https://myhappymind.org/category/mental-wellbeing/',45418,0,'internal'),(18384,'https://myhappymind.org/vlog-2/',45418,887,'internal'),(18385,'https://myhappymind.org/vlog-2/',45418,887,'internal'),(18386,'https://myhappymind.org/category/mental-health/',45418,0,'internal'),(18387,'https://myhappymind.org/category/mental-wellbeing/',45418,0,'internal'),(18388,'https://myhappymind.org/mental-health-interventions-in-schools-in-or-out/',45418,847,'internal'),(18389,'https://myhappymind.org/mental-health-interventions-in-schools-in-or-out/',45418,847,'internal'),(18390,'https://myhappymind.org/category/mental-health/',45418,0,'internal'),(18391,'https://myhappymind.org/mental-health-provision-in-schools/',45418,849,'internal'),(18392,'https://myhappymind.org/mental-health-provision-in-schools/',45418,849,'internal'),(18393,'https://myhappymind.org/category/mental-health/',45418,0,'internal'),(18394,'https://myhappymind.org/mental-health-in-schools/',45418,838,'internal'),(18395,'https://myhappymind.org/mental-health-in-schools/',45418,838,'internal'),(18396,'https://myhappymind.org/category/mental-health/',45418,0,'internal'),(18397,'https://myhappymind.org/calm-over-the-horizon/',45418,20528,'internal'),(18398,'https://myhappymind.org/calm-over-the-horizon/',45418,20528,'internal'),(18399,'https://myhappymind.org/category/travel/',45418,0,'internal'),(18400,'https://myhappymind.org/inspired-by-clouds/',45418,20518,'internal'),(18401,'https://myhappymind.org/inspired-by-clouds/',45418,20518,'internal'),(18402,'https://myhappymind.org/category/arts/',45418,0,'internal'),(18403,'https://myhappymind.org/category/business/',45418,0,'internal'),(18404,'https://myhappymind.org/make-it-clean-and-simple/',45418,20520,'internal'),(18405,'https://myhappymind.org/make-it-clean-and-simple/',45418,20520,'internal'),(18406,'https://myhappymind.org/category/business/',45418,0,'internal'),(18407,'https://myhappymind.org/when-you-are-alone/',45418,4193,'internal'),(18408,'https://myhappymind.org/when-you-are-alone/',45418,4193,'internal'),(18409,'https://myhappymind.org/category/lifestyle/',45418,0,'internal'),(18410,'https://myhappymind.org/real-time-design-tools/',45418,4225,'internal'),(18411,'https://myhappymind.org/category/travel/',45418,0,'internal'),(18412,'https://myhappymind.org/stumbled-the-concept/',45418,4636,'internal'),(18413,'https://myhappymind.org/stumbled-the-concept/',45418,4636,'internal'),(18414,'https://myhappymind.org/category/lifestyle/',45418,0,'internal'),(18415,'https://myhappymind.org/category/arts/',45418,0,'internal'),(18416,'https://myhappymind.org/time-is-passing-by/',45418,4229,'internal'),(18417,'https://myhappymind.org/time-is-passing-by/',45418,4229,'internal'),(18418,'https://myhappymind.org/category/business/',45418,0,'internal'),(18419,'https://myhappymind.org/hey-dj-play-that-song/',45418,4629,'internal'),(18420,'https://myhappymind.org/hey-dj-play-that-song/',45418,4629,'internal'),(18421,'https://myhappymind.org/category/travel/',45418,0,'internal'),(18422,'https://myhappymind.org/wp-content/uploads/2019/02/video-placeholder.mp4',45418,0,'internal'),(18423,'https://myhappymind.org/me-myself-and-i/',45418,4254,'internal'),(18424,'https://myhappymind.org/category/travel/',45418,0,'internal'),(18425,'https://myhappymind.org/my-tech-travel-setup/',45418,4252,'internal'),(18426,'https://myhappymind.org/my-tech-travel-setup/',45418,4252,'internal'),(18427,'https://myhappymind.org/category/arts/',45418,0,'internal'),(18428,'https://myhappymind.org/learn-the-rules-first/',45418,4247,'internal'),(18429,'https://myhappymind.org/learn-the-rules-first/',45418,4247,'internal'),(18430,'https://myhappymind.org/category/lifestyle/',45418,0,'internal'),(18431,'https://myhappymind.org/the-new-brand-identity/',45418,4245,'internal'),(18432,'https://myhappymind.org/the-new-brand-identity/',45418,4245,'internal'),(18433,'https://myhappymind.org/category/lifestyle/',45418,0,'internal'),(18434,'https://myhappymind.org/category/arts/',45418,0,'internal'),(18435,'https://myhappymind.org/sounds-from-the-streets/',45418,4243,'internal'),(18436,'https://myhappymind.org/sounds-from-the-streets/',45418,4243,'internal'),(18437,'https://myhappymind.org/category/business/',45418,0,'internal'),(18438,'https://myhappymind.org/a-day-alone-at-the-sea/',45418,4241,'internal'),(18439,'https://myhappymind.org/a-day-alone-at-the-sea/',45418,4241,'internal'),(18440,'https://myhappymind.org/category/lifestyle/',45418,0,'internal'),(18441,'https://myhappymind.org/some-amazing-buildings/',45418,4239,'internal'),(18442,'https://myhappymind.org/some-amazing-buildings/',45418,4239,'internal'),(18443,'https://myhappymind.org/category/travel/',45418,0,'internal'),(18444,'https://myhappymind.org/working-from-your-home/',45418,4237,'internal'),(18445,'https://myhappymind.org/working-from-your-home/',45418,4237,'internal'),(18446,'https://myhappymind.org/category/arts/',45418,0,'internal'),(18447,'https://myhappymind.org/category/business/',45418,0,'internal'),(18448,'https://myhappymind.org/awwwards-best-websites/',45418,4262,'internal'),(18449,'https://myhappymind.org/awwwards-best-websites/',45418,4262,'internal'),(18450,'https://myhappymind.org/category/business/',45418,0,'internal'),(18451,'https://myhappymind.org/trust-your-intuition/',45418,4231,'internal'),(18452,'https://myhappymind.org/trust-your-intuition/',45418,4231,'internal'),(18453,'https://myhappymind.org/category/lifestyle/',45418,0,'internal'),(18454,'https://myhappymind.org/category/arts/',45418,0,'internal'),(18455,'https://myhappymind.org/top-deejay-headphones/',45418,4233,'internal'),(18456,'https://myhappymind.org/top-deejay-headphones/',45418,4233,'internal'),(18457,'https://myhappymind.org/category/travel/',45418,0,'internal'),(18458,'https://myhappymind.org/the-truth-about-self-care/',48174,50168,'internal'),(18459,'https://myhappymind.org/what-is-happening-in-the-brain-when-your-child-is-stressed/',48174,50159,'internal'),(18460,'https://myhappymind.org/why-kids-need-to-do-less-to-build-resilience/',48174,50130,'internal'),(18461,'https://myhappymind.org/the-power-of-habits/',48174,50119,'internal'),(18462,'https://myhappymind.org/how-to-build-your-childs-resilience-in-2019/',48174,50111,'internal'),(18463,'https://myhappymind.org/building-self-esteem-in-children/',48174,50087,'internal'),(18464,'https://myhappymind.org/happiness-hacks/',48174,50071,'internal'),(18465,'https://myhappymind.org/kindness-and-mental-health/',48174,50065,'internal'),(18466,'https://myhappymind.org/what-is-self-esteem-and-how-do-you-build-it-in-kids/',48174,50060,'internal'),(18467,'https://myhappymind.org/goal-setting-why-it-matters-and-how-not-to-do-it/',48174,49649,'internal'),(18468,'https://myhappymind.org/accomplishment-makes-us-happy/',48174,49596,'internal'),(18469,'https://myhappymind.org/discover-your-purpose/',48174,49583,'internal'),(18470,'https://myhappymind.org/building-positive-relationships/',48174,49553,'internal'),(18471,'https://myhappymind.org/do-more-of-what-you-love/',48174,49535,'internal'),(18472,'https://myhappymind.org/positive-emotion-why-does-it-matter/',48174,49524,'internal'),(18473,'https://myhappymind.org/take-happy-science-answer/',48174,49514,'internal'),(18474,'https://myhappymind.org/you-are-what-you-tweet/',48174,49494,'internal'),(18475,'https://myhappymind.org/childrens-mental-health-does-it-overwhelm-you-too/',48174,49458,'internal'),(18476,'https://www.facebook.com',79531,0,'external'),(18477,'https://twitter.com',79531,0,'external'),(18478,'https://dribbble.com',79531,0,'external'),(18479,'#',79531,0,'internal'),(18480,'#',79531,0,'internal'),(18481,'#',79531,0,'internal'),(18482,'https://myhappymind.org/the-truth-about-self-care/',49595,50168,'internal'),(18483,'https://myhappymind.org/the-truth-about-self-care/',49595,50168,'internal'),(18484,'https://myhappymind.org/author/coi/',49595,0,'internal'),(18485,'https://myhappymind.org/what-is-happening-in-the-brain-when-your-child-is-stressed/',49595,50159,'internal'),(18486,'https://myhappymind.org/what-is-happening-in-the-brain-when-your-child-is-stressed/',49595,50159,'internal'),(18487,'https://myhappymind.org/author/laura/',49595,0,'internal'),(18488,'https://myhappymind.org/why-kids-need-to-do-less-to-build-resilience/',49595,50130,'internal'),(18489,'https://myhappymind.org/why-kids-need-to-do-less-to-build-resilience/',49595,50130,'internal'),(18490,'https://myhappymind.org/author/laura/',49595,0,'internal'),(18491,'https://myhappymind.org/portfolio/centered-gallery-full-width/',79532,4154,'internal'),(18492,'https://myhappymind.org/portfolio/centered-gallery-full-width/',79532,4154,'internal'),(18493,'https://myhappymind.org/portfolio/sidebar-stack/',79532,4151,'internal'),(18494,'https://myhappymind.org/portfolio/sidebar-stack/',79532,4151,'internal'),(18495,'https://myhappymind.org/portfolio/sidebar-slides-full-width/',79532,4146,'internal'),(18496,'https://myhappymind.org/portfolio/sidebar-slides-full-width/',79532,4146,'internal'),(18497,'https://myhappymind.org/portfolio/centered-slides/',79532,4142,'internal'),(18498,'https://myhappymind.org/portfolio/centered-slides/',79532,4142,'internal'),(18499,'https://myhappymind.org/portfolio/sidebar-gallery-full-width/',79532,4140,'internal'),(18500,'https://myhappymind.org/portfolio/sidebar-gallery-full-width/',79532,4140,'internal'),(18501,'https://myhappymind.org/portfolio/sidebar-custom-two/',79532,4089,'internal'),(18502,'https://myhappymind.org/portfolio/sidebar-custom-two/',79532,4089,'internal'),(18503,'https://myhappymind.org/portfolio/centered-stack/',79532,4087,'internal'),(18504,'https://myhappymind.org/portfolio/centered-stack/',79532,4087,'internal'),(18505,'https://myhappymind.org/portfolio/centered-slides-full-width/',79532,4085,'internal'),(18506,'https://myhappymind.org/portfolio/centered-slides-full-width/',79532,4085,'internal'),(18507,'https://myhappymind.org/portfolio/sidebar-custom-one/',79532,4081,'internal'),(18508,'https://myhappymind.org/portfolio/sidebar-custom-one/',79532,4081,'internal'),(18509,'https://myhappymind.org/portfolio/sidebar-stack-full-width/',79532,4078,'internal'),(18510,'https://myhappymind.org/portfolio/sidebar-stack-full-width/',79532,4078,'internal'),(18511,'https://myhappymind.org/product/navy-knit-cardigan/',79533,19263,'internal'),(18512,'/wp-admin/admin.php?page=uncode-import-demo&#038;add-to-cart=19263',79533,0,'internal'),(18513,'https://myhappymind.org/product/navy-knit-cardigan/',79533,19263,'internal'),(18514,'https://myhappymind.org/product/gold-zip-hoodie/',79533,19261,'internal'),(18515,'/wp-admin/admin.php?page=uncode-import-demo&#038;add-to-cart=19261',79533,0,'internal'),(18516,'https://myhappymind.org/product/gold-zip-hoodie/',79533,19261,'internal'),(18517,'https://myhappymind.org/product/white-double-zip-hoodie/',79533,19262,'internal'),(18518,'/wp-admin/admin.php?page=uncode-import-demo&#038;add-to-cart=19262',79533,0,'internal'),(18519,'https://myhappymind.org/product/white-double-zip-hoodie/',79533,19262,'internal'),(18520,'https://myhappymind.org/product/navy-silk-shirt/',79533,19235,'internal'),(18521,'https://themeforest.net/item/uncode-creative-multiuse-wordpress-theme/13373220',79533,0,'external'),(18522,'https://myhappymind.org/product/navy-silk-shirt/',79533,19235,'internal'),(18523,'https://myhappymind.org/product/black-leather-jacket/',79533,18966,'internal'),(18524,'/wp-admin/admin.php?page=uncode-import-demo&#038;add-to-cart=18966',79533,0,'internal'),(18525,'https://myhappymind.org/product/black-leather-jacket/',79533,18966,'internal'),(18526,'https://myhappymind.org/product/black-stripes-t-shirt/',79533,18907,'internal'),(18527,'/wp-admin/admin.php?page=uncode-import-demo&#038;add-to-cart=18907',79533,0,'internal'),(18528,'https://myhappymind.org/product/black-stripes-t-shirt/',79533,18907,'internal'),(18529,'https://myhappymind.org/product/white-logo-pocket-t-shirt/',79533,18965,'internal'),(18530,'/wp-admin/admin.php?page=uncode-import-demo&#038;add-to-cart=18965',79533,0,'internal'),(18531,'https://myhappymind.org/product/white-logo-pocket-t-shirt/',79533,18965,'internal'),(18532,'https://myhappymind.org/product/black-embroidered-shirt/',79533,18934,'internal'),(18533,'/wp-admin/admin.php?page=uncode-import-demo&#038;add-to-cart=18934',79533,0,'internal'),(18534,'https://myhappymind.org/product/black-embroidered-shirt/',79533,18934,'internal'),(18535,'https://myhappymind.org/product/black-stripe-blazer/',79533,18964,'internal'),(18536,'/wp-admin/admin.php?page=uncode-import-demo&#038;add-to-cart=18964',79533,0,'internal'),(18537,'https://myhappymind.org/product/black-stripe-blazer/',79533,18964,'internal'),(18538,'https://myhappymind.org/product/black-angled-buckle-jacket/',79533,18936,'internal'),(18539,'https://myhappymind.org/product/black-angled-buckle-jacket/',79533,18936,'internal'),(18540,'https://myhappymind.org/product/black-angled-buckle-jacket/',79533,18936,'internal'),(18541,'https://myhappymind.org/product/exclusive-black-logo-shirt/',79533,18963,'internal'),(18542,'https://myhappymind.org/product/exclusive-black-logo-shirt/',79533,18963,'internal'),(18543,'https://myhappymind.org/product/exclusive-black-logo-shirt/',79533,18963,'internal'),(18544,'https://myhappymind.org/product/black-grey-half-t-shirt/',79533,18935,'internal'),(18545,'/wp-admin/admin.php?page=uncode-import-demo&#038;add-to-cart=18935',79533,0,'internal'),(18546,'https://myhappymind.org/product/black-grey-half-t-shirt/',79533,18935,'internal'),(18547,'https://myhappymind.org/product/black-leather-jersey-hoodie/',79533,18962,'internal'),(18548,'https://myhappymind.org/product/black-leather-jersey-hoodie/',79533,18962,'internal'),(18549,'https://myhappymind.org/product/black-leather-jersey-hoodie/',79533,18962,'internal'),(18550,'https://myhappymind.org/product/blue-white-t-shirt/',79533,18933,'internal'),(18551,'/wp-admin/admin.php?page=uncode-import-demo&#038;add-to-cart=18933',79533,0,'internal'),(18552,'https://myhappymind.org/product/blue-white-t-shirt/',79533,18933,'internal'),(18553,'https://myhappymind.org/product/blue-bomber-jacket/',79533,18937,'internal'),(18554,'/wp-admin/admin.php?page=uncode-import-demo&#038;add-to-cart=18937',79533,0,'internal'),(18555,'https://myhappymind.org/product/blue-bomber-jacket/',79533,18937,'internal'),(18556,'https://myhappymind.org/product/urban-striped-sleeveless/',79533,18932,'internal'),(18557,'/wp-admin/admin.php?page=uncode-import-demo&#038;add-to-cart=18932',79533,0,'internal'),(18558,'https://myhappymind.org/product/urban-striped-sleeveless/',79533,18932,'internal'),(18559,'https://myhappymind.org/product/black-leather-high-top-sneakers/',79533,19264,'internal'),(18560,'/wp-admin/admin.php?page=uncode-import-demo&#038;add-to-cart=19264',79533,0,'internal'),(18561,'https://myhappymind.org/product/black-leather-high-top-sneakers/',79533,19264,'internal'),(18562,'https://myhappymind.org/product/navy-leather-high-top-sneakers/',79533,18999,'internal'),(18563,'/wp-admin/admin.php?page=uncode-import-demo&#038;add-to-cart=18999',79533,0,'internal'),(18564,'https://myhappymind.org/product/navy-leather-high-top-sneakers/',79533,18999,'internal'),(18565,'https://myhappymind.org/product/grey-well-worn-sneakers/',79533,18997,'internal'),(18566,'/wp-admin/admin.php?page=uncode-import-demo&#038;add-to-cart=18997',79533,0,'internal'),(18567,'https://myhappymind.org/product/grey-well-worn-sneakers/',79533,18997,'internal'),(18568,'https://myhappymind.org/product/black-well-worn-sneakers/',79533,18998,'internal'),(18569,'/wp-admin/admin.php?page=uncode-import-demo&#038;add-to-cart=18998',79533,0,'internal'),(18570,'https://myhappymind.org/product/black-well-worn-sneakers/',79533,18998,'internal'),(18571,'https://myhappymind.org/product/black-camo-backpack/',79533,18995,'internal'),(18572,'/wp-admin/admin.php?page=uncode-import-demo&#038;add-to-cart=18995',79533,0,'internal'),(18573,'https://myhappymind.org/product/black-camo-backpack/',79533,18995,'internal'),(18574,'https://myhappymind.org/product/navy-nylon-leather-backpack/',79533,18967,'internal'),(18575,'/wp-admin/admin.php?page=uncode-import-demo&#038;add-to-cart=18967',79533,0,'internal'),(18576,'https://myhappymind.org/product/navy-nylon-leather-backpack/',79533,18967,'internal'),(18577,'https://myhappymind.org/product/black-nylon-backpack/',79533,18996,'internal'),(18578,'/wp-admin/admin.php?page=uncode-import-demo&#038;add-to-cart=18996',79533,0,'internal'),(18579,'https://myhappymind.org/product/black-nylon-backpack/',79533,18996,'internal'),(18580,'https://myhappymind.org/product/black-leather-safety-backpack/',79533,19265,'internal'),(18581,'/wp-admin/admin.php?page=uncode-import-demo&#038;add-to-cart=19265',79533,0,'internal'),(18582,'https://myhappymind.org/product/black-leather-safety-backpack/',79533,19265,'internal'),(18583,'https://myhappymind.org/portfolio/centered-gallery-full-width/',53970,4154,'internal'),(18584,'https://myhappymind.org/portfolio/centered-gallery-full-width/',53970,4154,'internal'),(18585,'https://myhappymind.org/portfolio/sidebar-stack/',53970,4151,'internal'),(18586,'https://myhappymind.org/portfolio/sidebar-stack/',53970,4151,'internal'),(18587,'https://myhappymind.org/portfolio/sidebar-slides-full-width/',53970,4146,'internal'),(18588,'https://myhappymind.org/portfolio/sidebar-slides-full-width/',53970,4146,'internal'),(18589,'https://myhappymind.org/portfolio/centered-slides/',53970,4142,'internal'),(18590,'https://myhappymind.org/portfolio/centered-slides/',53970,4142,'internal'),(18591,'https://myhappymind.org/portfolio/sidebar-gallery-full-width/',53970,4140,'internal'),(18592,'https://myhappymind.org/portfolio/sidebar-gallery-full-width/',53970,4140,'internal'),(18593,'https://myhappymind.org/portfolio/sidebar-custom-two/',53970,4089,'internal'),(18594,'https://myhappymind.org/portfolio/sidebar-custom-two/',53970,4089,'internal'),(18595,'https://myhappymind.org/top-deejay-headphones/',54874,4233,'internal'),(18596,'https://myhappymind.org/top-deejay-headphones/#respond',54874,4233,'internal'),(18597,'https://myhappymind.org/trust-your-intuition/',54874,4231,'internal'),(18598,'https://myhappymind.org/trust-your-intuition/#respond',54874,4231,'internal'),(18599,'https://myhappymind.org/awwwards-best-websites/',54874,4262,'internal'),(18600,'https://myhappymind.org/awwwards-best-websites/#respond',54874,4262,'internal'),(18601,'',54887,0,'internal'),(18602,'https://myhappymind.org/the-truth-about-self-care/',54894,50168,'internal'),(18603,'https://myhappymind.org/what-is-happening-in-the-brain-when-your-child-is-stressed/',54894,50159,'internal'),(18604,'https://myhappymind.org/why-kids-need-to-do-less-to-build-resilience/',54894,50130,'internal'),(18605,'https://myhappymind.org/the-power-of-habits/',54894,50119,'internal'),(18606,'https://myhappymind.org/how-to-build-your-childs-resilience-in-2019/',54894,50111,'internal'),(18607,'https://myhappymind.org/portfolio/centered-gallery-full-width/',54928,4154,'internal'),(18608,'https://myhappymind.org/portfolio/sidebar-stack/',54928,4151,'internal'),(18609,'https://myhappymind.org/portfolio/sidebar-slides-full-width/',54928,4146,'internal'),(18610,'https://myhappymind.org/portfolio/centered-slides/',54928,4142,'internal'),(18611,'https://myhappymind.org/portfolio/sidebar-gallery-full-width/',54928,4140,'internal'),(18612,'https://myhappymind.org/portfolio/sidebar-custom-two/',54928,4089,'internal'),(18613,'https://myhappymind.org/portfolio/centered-stack/',54928,4087,'internal'),(18614,'https://myhappymind.org/portfolio/centered-slides-full-width/',54928,4085,'internal'),(18615,'https://myhappymind.org/portfolio/sidebar-custom-one/',54928,4081,'internal'),(18616,'https://myhappymind.org/wp-content/uploads/2019/02/video-placeholder.mp4',54945,0,'internal'),(18617,'http://themeforest.net/item/uncode-creative-multiuse-wordpress-theme/13373220?ref=undsgn&license=regular&open_purchase_for_item_id=13373220&purchasable=source',54945,0,'external'),(18618,'https://myhappymind.org/wp-content/uploads/2019/02/video-placeholder.mp4',54949,0,'internal'),(18619,'https://myhappymind.org/wp-content/uploads/2019/02/video-placeholder.mp4',54955,0,'internal'),(18620,'https://myhappymind.org/author/ryan-musselwhite/',55966,0,'internal'),(18621,'https://myhappymind.org/author/ryan-musselwhite/',55966,0,'internal'),(18622,'http://themeforest.net/item/uncode-creative-multiuse-wordpress-theme/13373220?utm_source=undsgncta&ref=undsgn&license=regular&open_purchase_for_item_id=13373220&purchasable=source',56617,0,'external'),(18623,'http://themeforest.net/item/uncode-creative-multiuse-wordpress-theme/13373220?ref=undsgn&license=regular&open_purchase_for_item_id=13373220&purchasable=source',58024,0,'external'),(18624,'http://themeforest.net/item/uncode-creative-multiuse-wordpress-theme/13373220?ref=undsgn&license=regular&open_purchase_for_item_id=13373220&purchasable=source',58698,0,'external'),(18625,'http://themeforest.net/item/uncode-creative-multiuse-wordpress-theme/13373220?ref=undsgn&license=regular&open_purchase_for_item_id=13373220&purchasable=source',58698,0,'external'),(59756,'mailto:hello@myHappymind.org',83327,0,'external'),(59755,'mailto:hello@myHappymind.org',83327,0,'external'),(59754,'https://www.instagram.com/myhappymind/',83327,0,'external'),(59753,'https://www.linkedin.com/in/laura-earnshaw/',83327,0,'external'),(59752,'https://twitter.com/myhappymind_',83327,0,'external'),(59751,'https://www.facebook.com/myHappymind/',83327,0,'external'),(59750,'http://myhappymind.local/our-products/',83327,0,'external'),(59749,'http://myhappymind.local/our-products/',83327,0,'external'),(59748,'http://myhappymind.local/our-products/',83327,0,'external'),(59747,'http://myhappymind.local/our-products/',83327,0,'external'),(59745,'http://myhappymind.local/our-products/',83327,0,'external'),(59746,'http://myhappymind.local/our-products/',83327,0,'external'),(59739,'https://myhappymind.org/?p=81570',83327,81570,'internal'),(59740,'https://www.primarytimes.co.uk/',83327,0,'external'),(59741,'https://www.nurseryworld.co.uk/nursery-world/news/1164460/nursery-well-being-programme-aims-to-prevent-mental-health-problems',83327,0,'external'),(59742,'https://www.businesscloud.co.uk/news/children-need-same-resilience-as-ftse-100-ceos',83327,0,'external'),(59743,'https://myhappymind.ac-page.com/impact-report-pdf-optin-page',83327,0,'external'),(59744,'https://myhappymind.org/about-and-approach/',83327,463,'internal'),(59738,'https://www.facebook.com/watch/?v=10154668508079965',83327,0,'external'),(59737,'https://myhappymind.org/our-products/#Product-Families',83327,80398,'internal'),(59736,'https://myhappymind.org/our-products/#Product-Families',83327,80398,'internal'),(59735,'https://myhappymind.org/our-products/our-products/#Product-Early-Years',83327,0,'internal'),(59734,'https://myhappymind.org/our-products/our-products/#Product-Early-Years',83327,0,'internal'),(59733,'https://myhappymind.org/our-products/',83327,80398,'internal'),(59732,'https://myhappymind.org/our-products/',83327,80398,'internal'),(53032,'https://www.facebook.com/myHappymind/',463,0,'external'),(53033,'https://twitter.com/myhappymind_',463,0,'external'),(59915,'https://www.nurseryworld.co.uk/nursery-world/news/1164460/nursery-well-being-programme-aims-to-prevent-mental-health-problems',80398,0,'external'),(59929,'https://myhappymind.ac-page.com/families-waitlist-2021-signup',80398,0,'external'),(59927,'',80398,0,'internal'),(59928,'',80398,0,'internal'),(59925,'',80398,0,'internal'),(59926,'',80398,0,'internal'),(59924,'',80398,0,'internal'),(59923,'https://myhappymind.ac-page.com/developing-families-pdf-optin-page',80398,0,'external'),(59922,'https://myhappymind.kartra.com/page/Developing_Families',80398,0,'external'),(59921,'https://myhappymind.ac-page.com/developing-families-pdf-optin-page',80398,0,'external'),(59920,'https://myhappymind.ac-page.com/early-years-pdf-optin-page',80398,0,'external'),(59919,'https://myhappymind.kartra.com/page/EarlyYearsFindOutMore',80398,0,'external'),(59918,'https://myhappymind.ac-page.com/early-years-tour',80398,0,'external'),(59917,'https://myhappymind.ac-page.com/early-years-tour',80398,0,'external'),(59916,'https://www.kidsallowed.com/',80398,0,'external');

--
-- Table structure for table `wp_yoast_seo_meta`
--

CREATE TABLE `wp_yoast_seo_meta` (
  `object_id` bigint(20) unsigned NOT NULL,
  `internal_link_count` int(10) unsigned DEFAULT NULL,
  `incoming_link_count` int(10) unsigned DEFAULT NULL,
  UNIQUE KEY `object_id` (`object_id`)
) ENGINE=MyISAM DEFAULT CHARSET=utf8mb4 COLLATE=utf8mb4_unicode_ci;

--
-- Dumping data for table `wp_yoast_seo_meta`
--

INSERT INTO `wp_yoast_seo_meta` VALUES (2125,0,0),(177,0,0),(543,0,0),(448,0,1),(452,0,0),(463,8,3),(468,0,0),(471,0,0),(1809,0,0),(2096,0,0),(2171,0,0),(477,0,0),(2090,0,0),(490,0,0),(539,0,0),(620,0,0),(830,0,0),(938,0,0),(1236,0,0),(1802,0,0),(1276,0,0),(1477,0,0),(1513,0,0),(1625,0,0),(1639,0,0),(1659,0,0),(1671,0,0),(1688,0,0),(1778,0,0),(1879,0,0),(1892,0,0),(1920,0,0),(1932,0,0),(1940,0,0),(1948,0,0),(1957,0,0),(1962,0,0),(1463,0,0),(2039,0,0),(2055,0,0),(2128,0,0),(2131,0,0),(2134,0,0),(2137,0,0),(2140,0,0),(2146,0,0),(2153,0,0),(2225,0,0),(2182,0,0),(2189,0,0),(838,0,4),(849,0,4),(847,0,4),(887,0,4),(918,0,4),(942,0,4),(1653,0,4),(2237,0,0),(2255,0,0),(2304,0,0),(2319,0,0),(2411,0,0),(47109,0,0),(47195,0,0),(47203,0,0),(47205,0,0),(47207,0,0),(47209,0,0),(47211,0,0),(47213,0,0),(47215,0,0),(47217,0,0),(47219,0,0),(47221,0,0),(47223,0,0),(47225,0,0),(47227,0,0),(47229,0,0),(47231,0,0),(47233,0,0),(47235,0,0),(47237,0,0),(47239,0,0),(47241,0,0),(47243,0,0),(47245,0,0),(47247,0,0),(47249,0,0),(47251,0,0),(47253,0,0),(47255,0,0),(47257,0,0),(47259,0,0),(47261,0,0),(47263,0,0),(47265,0,0),(47267,0,0),(47269,0,0),(47271,0,0),(47273,0,0),(47275,0,0),(47277,0,0),(47279,0,0),(47281,0,0),(47283,0,0),(47285,0,0),(47287,0,0),(47289,0,0),(47291,0,0),(47293,0,0),(47295,0,0),(47297,0,0),(47299,0,0),(47301,0,0),(47303,0,0),(47305,0,0),(47307,0,0),(47309,0,0),(47311,0,0),(47312,0,0),(47313,0,0),(47314,0,0),(47315,0,0),(47316,0,0),(47323,0,0),(47324,0,0),(47325,0,0),(47326,0,0),(47327,0,0),(47333,0,0),(47334,0,0),(47336,0,0),(47335,0,0),(47341,0,0),(47342,0,0),(47343,0,0),(47344,0,0),(47345,0,0),(47351,0,0),(47352,0,0),(47353,0,0),(47354,0,0),(47355,0,0),(47366,0,0),(47375,0,0),(47376,0,0),(47377,0,0),(47378,0,0),(47380,0,0),(47381,0,0),(47382,0,0),(47383,0,0),(47386,0,0),(47388,0,0),(47395,0,0),(47398,0,0),(47400,0,0),(47404,0,0),(47406,0,0),(47409,0,0),(47408,0,0),(47410,0,0),(2428,0,0),(47418,0,0),(47420,0,0),(47422,0,0),(47424,0,0),(47426,0,0),(47428,0,0),(47430,0,0),(47431,0,0),(47434,0,0),(47435,0,0),(47436,0,0),(47440,0,0),(47441,0,0),(47442,0,0),(47446,0,0),(47447,0,0),(47448,0,0),(47452,0,0),(47453,0,0),(47456,0,0),(47458,0,0),(47460,0,0),(47462,0,0),(47465,0,0),(47468,0,0),(47470,0,0),(47471,0,0),(47466,0,0),(47475,0,0),(47476,0,0),(47477,0,0),(47478,0,0),(47479,0,0),(47480,0,0),(47481,0,0),(47489,0,0),(47490,0,0),(47493,0,0),(47495,0,0),(47497,0,0),(47498,0,0),(47502,0,0),(47503,0,0),(47506,0,0),(47510,0,0),(47508,0,0),(47516,0,0),(47515,0,0),(47523,0,0),(47526,0,0),(47528,0,0),(47531,0,0),(47536,0,0),(47538,0,0),(47533,0,0),(47541,0,0),(47543,0,0),(47545,0,0),(47547,0,0),(47549,0,0),(47551,0,0),(47368,0,0),(47402,0,0),(47555,0,0),(47557,0,0),(47553,0,0),(47569,0,0),(47574,0,0),(47575,0,0),(47578,0,0),(47577,0,0),(47581,0,0),(47582,0,0),(47584,0,0),(47586,0,0),(47588,0,0),(47590,0,0),(47642,0,0),(47519,0,0),(47649,0,0),(47656,0,0),(47658,0,0),(2415,0,0),(2430,0,0),(2427,0,0),(2431,0,0),(47663,0,0),(47668,0,0),(47670,0,0),(47677,0,0),(47679,0,0),(47687,0,0),(47690,0,0),(47693,0,0),(47696,0,0),(47699,0,0),(47702,0,0),(47707,0,0),(47709,0,0),(47711,0,0),(47715,0,0),(47717,0,0),(47719,0,0),(47721,0,0),(47725,0,0),(47728,0,0),(47727,0,0),(47732,0,0),(47734,0,0),(47736,0,0),(47738,0,0),(47740,0,0),(47742,0,0),(47744,0,0),(47746,0,0),(47748,0,0),(47751,0,0),(47753,0,0),(47755,0,0),(47757,0,0),(47760,0,0),(47762,0,0),(47764,0,0),(47766,0,0),(47769,0,0),(47771,0,0),(47773,0,0),(47775,0,0),(47780,0,0),(47778,0,0),(47783,0,0),(47704,0,0),(47789,0,0),(47791,0,0),(47793,0,0),(47795,0,0),(47796,0,0),(47799,0,0),(47798,0,0),(47803,0,0),(47806,0,0),(47808,0,0),(47810,0,0),(47812,0,0),(47816,0,0),(47819,0,0),(47823,0,0),(47825,0,0),(47822,0,0),(47830,0,0),(47833,0,0),(47838,0,0),(47785,0,0),(47842,0,0),(47846,0,0),(47848,0,0),(47850,0,0),(47801,0,0),(47851,0,0),(47858,0,0),(47862,0,0),(47805,0,0),(47867,0,0),(47869,0,0),(47559,0,0),(47873,0,0),(47877,0,0),(47879,0,0),(47881,0,0),(47889,0,0),(47871,0,0),(47891,0,0),(47473,0,0),(47896,0,0),(47893,0,0),(47900,0,0),(47905,0,0),(47907,0,0),(47912,0,0),(47914,0,0),(47920,0,0),(47927,0,0),(47929,0,0),(47934,0,0),(47936,0,0),(47937,0,0),(47940,0,0),(47942,0,0),(47944,0,0),(47946,0,0),(47948,0,0),(47950,0,0),(47952,0,0),(47956,0,0),(47958,0,0),(47960,0,0),(47962,0,0),(47964,0,0),(47966,0,0),(47968,0,0),(47970,0,0),(47974,0,0),(47976,0,0),(47111,0,0),(47979,0,0),(47984,0,0),(47986,0,0),(47988,0,0),(47972,0,0),(47992,0,0),(47995,0,0),(47996,0,0),(47998,0,0),(48000,0,0),(47990,0,0),(48001,0,0),(48003,0,0),(48005,0,0),(48006,0,0),(48008,0,0),(48010,0,0),(47133,0,0),(48012,0,0),(48015,0,0),(48019,0,0),(48021,0,0),(48023,0,0),(48025,0,0),(48027,0,0),(48031,0,0),(48034,0,0),(48036,0,0),(48038,0,0),(48040,0,0),(48042,0,0),(48043,0,0),(48045,0,0),(48047,0,0),(48050,0,0),(48051,0,0),(48053,0,0),(48055,0,0),(48063,0,0),(48065,0,0),(48069,0,0),(48071,0,0),(48073,0,0),(48075,0,0),(48080,0,0),(48082,0,0),(48084,0,0),(48086,0,0),(48088,0,0),(48090,0,0),(48092,0,0),(48094,0,0),(48096,0,0),(48098,0,0),(48100,0,0),(48101,0,0),(48117,0,0),(48121,0,0),(48122,0,0),(48124,0,0),(48127,0,0),(48129,0,0),(48132,0,0),(48134,0,0),(48136,0,0),(48139,0,0),(48141,0,0),(48143,0,0),(48145,0,0),(48147,0,0),(48149,0,0),(48151,0,0),(48153,0,0),(48156,0,0),(48158,0,0),(48160,0,0),(48162,0,0),(48164,0,0),(48168,0,0),(48171,0,0),(48173,0,0),(48175,0,0),(48177,0,0),(48180,0,0),(48182,0,0),(48183,0,0),(48205,0,0),(48207,0,0),(48209,0,0),(48211,0,0),(48213,0,0),(48214,0,0),(47192,0,0),(48217,0,0),(48224,0,0),(48228,0,0),(48230,0,0),(48231,0,0),(48233,0,0),(48235,0,0),(48237,0,0),(48241,0,0),(48243,0,0),(48245,0,0),(48247,0,0),(48250,0,0),(48252,0,0),(48255,0,0),(48256,0,0),(48260,0,0),(48262,0,0),(48264,0,0),(48270,0,0),(48274,0,0),(48282,0,0),(48276,0,0),(48288,0,0),(48285,0,0),(48292,0,0),(48295,0,0),(48296,0,0),(48298,0,0),(48301,0,0),(48304,0,0),(48311,0,0),(48287,0,0),(48317,0,0),(48286,0,0),(48318,0,0),(48320,0,0),(48368,0,0),(47635,0,0),(47637,0,0),(48369,0,0),(48370,0,0),(48372,0,0),(48374,0,0),(48376,0,0),(48378,0,0),(48380,0,0),(48382,0,0),(48384,0,0),(48386,0,0),(48388,0,0),(48390,0,0),(48392,0,0),(48394,0,0),(48396,0,0),(48398,0,0),(48400,0,0),(48402,0,0),(48404,0,0),(48406,0,0),(48408,0,0),(48410,0,0),(48412,0,0),(48414,0,0),(48416,0,0),(48418,0,0),(48420,0,0),(48422,0,0),(48424,0,0),(48426,0,0),(48428,0,0),(48430,0,0),(48432,0,0),(48434,0,0),(48436,0,0),(48438,0,0),(48440,0,0),(48442,0,0),(48444,0,0),(48504,0,0),(48505,0,0),(48507,0,0),(48509,0,0),(48511,0,0),(48513,0,0),(48515,0,0),(48517,0,0),(48519,0,0),(48521,0,0),(48523,0,0),(48525,0,0),(48527,0,0),(48529,0,0),(48531,0,0),(48533,0,0),(48535,0,0),(48537,0,0),(48539,0,0),(48541,0,0),(48543,0,0),(48545,0,0),(48547,0,0),(48549,0,0),(48551,0,0),(48553,0,0),(48555,0,0),(48557,0,0),(48559,0,0),(48561,0,0),(48563,0,0),(48565,0,0),(48567,0,0),(48569,0,0),(48571,0,0),(48573,0,0),(48575,0,0),(48577,0,0),(48579,0,0),(48620,0,0),(48640,0,0),(48484,0,0),(48642,0,0),(48632,0,0),(48644,0,0),(48646,0,0),(48341,0,0),(48647,0,0),(48658,0,0),(48664,0,0),(48666,NULL,0),(48668,0,0),(48672,0,0),(48674,0,0),(48676,0,0),(48680,0,0),(48683,0,0),(48685,0,0),(48688,0,0),(2284,0,0),(48689,0,0),(48691,0,0),(48692,0,0),(48693,0,0),(2068,0,0),(48696,0,0),(48701,0,0),(48706,0,0),(2327,0,0),(48029,0,0),(48710,0,0),(48708,0,0),(47137,0,0),(48716,0,0),(48718,0,0),(48712,0,0),(48720,0,0),(48722,0,0),(48724,0,0),(48726,0,0),(48728,0,0),(48730,0,0),(48732,0,0),(48735,0,0),(48736,0,0),(48738,0,0),(48740,0,0),(48743,0,0),(48744,0,0),(48745,0,0),(48748,0,0),(48687,0,0),(48755,0,0),(2317,0,0),(2314,0,0),(2318,0,0),(2316,0,0),(2325,0,0),(2326,0,0),(48219,0,0),(48221,0,0),(2410,0,0),(2395,0,0),(2414,0,0),(2290,0,0),(2467,0,0),(2468,0,0),(2469,0,0),(2470,0,0),(2471,0,0),(2472,0,0),(2473,0,0),(2474,0,0),(2475,0,0),(2476,0,0),(2477,0,0),(47128,0,0),(47129,0,0),(47130,0,0),(47131,0,0),(47132,0,0),(47176,0,0),(47177,0,0),(47178,0,0),(47179,0,0),(47180,0,0),(47181,0,0),(47182,0,0),(47183,0,0),(47184,0,0),(47185,0,0),(47361,0,0),(47362,0,0),(47363,0,0),(47365,0,0),(47384,0,0),(47385,0,0),(47397,0,0),(47509,0,0),(47513,0,0),(47634,0,0),(47636,0,0),(47421,0,0),(47665,0,0),(47666,0,0),(47667,0,0),(47425,0,0),(47672,0,0),(47673,0,0),(47427,0,0),(47675,0,0),(47676,0,0),(47432,0,0),(47433,0,0),(47438,0,0),(47439,0,0),(47444,0,0),(47445,0,0),(47450,0,0),(47451,0,0),(2429,0,0),(47189,0,0),(47678,0,0),(47818,0,0),(47820,0,0),(47829,0,0),(47831,0,0),(47832,0,0),(47835,0,0),(47839,0,0),(47840,0,0),(47856,0,0),(47857,0,0),(48159,0,0),(48760,0,0),(48218,0,0),(48220,0,0),(47250,0,0),(47252,0,0),(47254,0,0),(47256,0,0),(47258,0,0),(47260,0,0),(47274,0,0),(47276,0,0),(47278,0,0),(47280,0,0),(47282,0,0),(47284,0,0),(47286,0,0),(47288,0,0),(47290,0,0),(47292,0,0),(47296,0,0),(47294,0,0),(47298,0,0),(47300,0,0),(47302,0,0),(47304,0,0),(47306,0,0),(47308,0,0),(47322,0,0),(47328,0,0),(47329,0,0),(47330,0,0),(47331,0,0),(47332,0,0),(47337,0,0),(47338,0,0),(47340,0,0),(47339,0,0),(47346,0,0),(47347,0,0),(47348,0,0),(47349,0,0),(47350,0,0),(47356,0,0),(47592,0,0),(47357,0,0),(47358,0,0),(47359,0,0),(47360,0,0),(48762,0,0),(48763,0,0),(48765,0,0),(48768,0,0),(48770,0,0),(48773,0,0),(2101,0,0),(48776,0,0),(48778,0,0),(48780,0,0),(48782,0,0),(48783,0,0),(48785,0,0),(48786,0,0),(48788,0,0),(48793,0,0),(48795,0,0),(48797,0,0),(48799,0,0),(48714,0,0),(48802,0,0),(48806,0,0),(48809,0,0),(48808,0,0),(48810,0,0),(48812,0,0),(48814,0,0),(48817,0,0),(48820,0,0),(48825,0,0),(48827,0,0),(48828,0,0),(48830,0,0),(48831,0,0),(48832,0,0),(48833,0,0),(48835,0,0),(48837,0,0),(48839,0,0),(48840,0,0),(48843,0,0),(48845,0,0),(48847,0,0),(48849,0,0),(48067,0,0),(48853,0,0),(48850,0,0),(48855,0,0),(48857,0,0),(48859,0,0),(48860,0,0),(48862,0,0),(48865,0,0),(2151,0,0),(48867,0,0),(48891,0,0),(48899,0,0),(48902,0,0),(48904,0,0),(48906,0,0),(48908,0,0),(48910,0,0),(48912,0,0),(48914,0,0),(48916,0,0),(48918,0,0),(48920,0,0),(48922,0,0),(48924,0,0),(48926,0,0),(48927,0,0),(48929,0,0),(48931,0,0),(48933,0,0),(48935,0,0),(48937,0,0),(48939,0,0),(48940,0,0),(48942,0,0),(48945,0,0),(48947,0,0),(48949,0,0),(48951,0,0),(48960,0,0),(48968,0,0),(48967,0,0),(48966,0,0),(48965,0,0),(48959,0,0),(48964,0,0),(48963,0,0),(48962,0,0),(48961,0,0),(48979,0,0),(48978,0,0),(48977,0,0),(48976,0,0),(48975,0,0),(48974,0,0),(48973,0,0),(48969,0,0),(48972,0,0),(48971,0,0),(48970,0,0),(48987,0,0),(48988,0,0),(48986,0,0),(48985,0,0),(48984,0,0),(48983,0,0),(48982,0,0),(48981,0,0),(48980,0,0),(48990,0,0),(48989,0,0),(48991,0,0),(48993,0,0),(48992,0,0),(48994,0,0),(48995,0,0),(48999,0,0),(49011,0,0),(49010,0,0),(49009,0,0),(48998,0,0),(48997,0,0),(48996,0,0),(49008,0,0),(49007,0,0),(49006,0,0),(49005,0,0),(49004,0,0),(49003,0,0),(49002,0,0),(49001,0,0),(49000,0,0),(49018,0,0),(49017,0,0),(49016,0,0),(49015,0,0),(49014,0,0),(49012,0,0),(49013,0,0),(49019,0,0),(49020,0,0),(49021,0,0),(49022,0,0),(49023,0,0),(49024,0,0),(49025,0,0),(49026,0,0),(49027,0,0),(49028,0,0),(49029,0,0),(49030,0,0),(49031,0,0),(49032,0,0),(49033,0,0),(49034,0,0),(49035,0,0),(49036,0,0),(49037,0,0),(49038,0,0),(49039,0,0),(49040,0,0),(49041,0,0),(49042,0,0),(49043,0,0),(49044,0,0),(49045,0,0),(49046,0,0),(49047,0,0),(49048,0,0),(47171,0,0),(2432,0,0),(49098,0,0),(49099,0,0),(49049,0,0),(49050,0,0),(49051,0,0),(49052,0,0),(49053,0,0),(49056,0,0),(49055,0,0),(49054,0,0),(49061,0,0),(49060,0,0),(49059,0,0),(49058,0,0),(49057,0,0),(49062,0,0),(49063,0,0),(49064,0,0),(49065,0,0),(49066,0,0),(49067,0,0),(49068,0,0),(49070,0,0),(49072,0,0),(49073,0,0),(49074,0,0),(49075,0,0),(49076,0,0),(49077,0,0),(49078,0,0),(49079,0,0),(49080,0,0),(49081,0,0),(49082,0,0),(49084,0,0),(49085,0,0),(49086,0,0),(49087,0,0),(49088,0,0),(49089,0,0),(49090,0,0),(49091,0,0),(49092,0,0),(49093,0,0),(49094,0,0),(49095,0,0),(49096,0,0),(49097,0,0),(49102,0,0),(49103,0,0),(49100,0,0),(49101,0,0),(49104,0,0),(49105,0,0),(49106,0,0),(49107,0,0),(47165,0,0),(2300,0,0),(2145,0,0),(1184,0,0),(2062,0,0),(481,0,0),(2397,0,0),(908,0,0),(895,0,0),(897,0,0),(912,0,0),(2303,0,0),(2393,0,0),(49176,0,0),(49175,0,0),(49124,0,0),(49125,0,0),(49153,0,0),(49114,0,0),(49118,0,0),(49119,0,0),(49150,0,0),(49117,0,0),(49166,0,0),(49133,0,0),(49122,0,0),(49160,0,0),(49162,0,0),(49156,0,0),(49155,0,0),(49164,0,0),(49158,0,0),(49165,0,0),(49163,0,0),(49157,0,0),(49131,0,0),(49141,0,0),(49129,0,0),(49128,0,0),(49132,0,0),(49130,0,0),(49140,0,0),(49139,0,0),(49146,0,0),(49161,0,0),(49115,0,0),(49134,0,0),(49135,0,0),(49151,0,0),(49113,0,0),(49152,0,0),(49116,0,0),(49168,0,0),(49112,0,0),(49136,0,0),(49137,0,0),(49138,0,0),(49167,0,0),(49143,0,0),(49111,0,0),(49123,0,0),(49149,0,0),(49147,0,0),(49144,0,0),(49110,0,0),(49145,0,0),(49127,0,0),(49142,0,0),(49148,0,0),(49108,0,0),(49109,0,0),(49126,0,0),(49121,0,0),(49120,0,0),(49159,0,0),(49170,0,0),(49171,0,0),(49169,0,0),(49172,0,0),(49174,0,0),(49179,0,0),(49180,0,0),(49182,0,0),(49184,0,0),(49185,0,0),(49187,0,0),(49189,0,0),(49191,0,0),(49192,0,0),(49194,0,0),(49196,0,0),(49197,0,0),(49199,0,0),(49201,0,0),(49203,0,0),(49204,0,0),(49208,0,0),(49210,0,0),(49211,0,0),(49213,0,0),(49215,0,0),(49217,0,0),(49219,0,0),(49221,0,0),(49223,0,0),(49206,0,0),(49224,0,0),(49228,0,0),(49231,0,0),(49233,0,0),(49226,0,0),(49237,0,0),(49235,0,0),(49275,0,0),(49280,0,0),(49281,0,0),(49250,0,0),(49282,0,0),(49243,0,0),(49285,0,0),(49290,0,0),(49291,0,0),(49293,0,0),(49295,0,0),(49296,0,0),(49297,0,0),(49299,0,0),(49302,0,0),(49304,0,0),(49307,0,0),(49309,0,0),(49311,0,0),(49313,0,0),(49318,0,0),(49320,0,0),(49322,0,0),(49324,0,0),(49326,0,0),(49327,0,0),(49329,0,0),(49331,0,0),(49333,0,0),(49334,0,0),(49336,0,0),(49338,0,0),(49340,0,0),(49342,0,0),(49344,0,0),(49346,0,0),(49348,0,0),(49349,0,0),(49351,0,0),(49353,0,0),(49355,0,0),(49357,0,0),(49359,0,0),(49360,0,0),(49361,0,0),(49362,0,0),(49363,0,0),(49364,0,0),(49365,0,0),(49367,0,0),(49368,0,0),(49241,0,0),(49370,0,0),(49372,0,0),(49230,0,0),(49373,0,0),(49375,0,0),(49377,0,0),(49379,0,0),(49380,0,0),(49382,0,0),(49384,0,0),(49385,0,0),(49387,0,0),(49389,0,0),(49391,0,0),(49392,0,0),(49394,0,0),(49396,0,0),(49398,0,0),(49401,0,0),(49403,0,0),(49406,0,0),(49412,0,0),(49413,0,0),(49415,0,0),(49284,0,0),(49416,0,0),(49423,0,0),(49425,0,0),(49427,0,0),(49429,0,0),(49431,0,0),(49242,0,0),(49405,0,0),(49420,0,0),(49432,0,0),(49434,0,4),(49447,0,0),(49449,0,0),(49433,0,0),(49177,0,0),(49207,0,0),(49453,0,0),(49276,0,0),(49277,0,0),(49439,0,0),(49451,0,0),(49456,0,0),(49457,0,0),(49458,0,5),(49461,0,0),(49462,0,0),(49467,0,0),(49468,0,0),(49492,0,0),(49455,0,0),(49494,1,5),(49500,0,0),(49501,0,0),(49503,0,0),(49505,0,0),(49511,0,0),(49514,0,7),(49519,0,0),(49521,0,0),(49491,0,0),(49493,0,0),(49524,0,6),(49528,0,0),(49530,0,0),(49532,0,0),(49523,0,0),(49535,2,5),(49543,0,0),(49551,0,0),(49553,0,5),(49561,0,0),(49533,0,0),(49534,0,0),(49568,0,0),(49570,3,1),(49573,0,0),(49577,0,0),(49569,0,0),(49562,0,0),(49583,0,5),(49590,0,0),(49595,9,0),(49596,0,5),(49603,0,0),(49605,0,0),(49607,0,0),(49609,0,0),(49580,0,0),(49581,0,0),(49612,0,0),(49614,0,0),(49618,0,0),(2457,0,0),(2458,0,0),(2459,0,0),(2460,0,0),(2461,0,0),(2462,0,0),(2463,0,0),(2464,0,0),(2465,0,0),(2466,0,0),(2435,0,0),(2436,0,0),(2437,0,0),(2438,0,0),(2439,0,0),(2440,0,0),(2441,0,0),(2442,0,0),(2443,0,0),(2444,0,0),(2445,0,0),(2446,0,0),(2447,0,0),(2448,0,0),(2449,0,0),(2450,0,0),(2451,0,0),(2452,0,0),(2453,0,0),(2454,0,0),(2455,0,0),(2456,0,0),(49620,0,0),(49631,0,0),(49632,0,0),(49649,0,4),(49660,0,0),(49611,0,0),(49610,0,0),(49619,0,0),(49666,0,0),(49668,0,0),(49633,0,0),(49634,0,0),(49635,0,0),(49648,0,0),(49664,0,0),(49665,0,0),(49671,0,0),(49670,0,0),(49676,0,0),(49677,0,0),(49675,0,0),(49679,0,0),(49737,0,0),(49739,0,0),(49760,0,0),(49678,0,0),(49797,0,0),(49681,0,0),(49796,0,0),(49763,0,0),(49801,0,0),(49843,0,0),(49819,0,0),(49850,0,0),(49845,0,0),(49851,0,0),(49855,0,0),(49856,0,0),(49857,0,0),(49872,0,0),(49874,0,0),(49877,0,0),(49798,0,0),(49878,0,0),(49880,0,0),(49882,0,0),(49884,0,0),(49886,0,0),(49888,0,0),(49891,0,0),(49893,0,0),(49900,0,0),(49905,0,0),(49745,0,0),(49919,0,0),(49927,0,0),(49904,0,0),(49929,0,0),(49932,0,0),(49938,0,0),(49942,0,0),(49944,0,0),(49950,0,0),(49956,0,0),(49949,0,0),(49777,0,0),(49975,0,0),(2086,0,0),(2088,0,0),(47134,0,0),(47136,0,0),(49974,0,0),(49933,0,0),(49934,0,0),(49976,0,0),(49977,0,0),(49978,0,0),(49986,0,0),(49987,0,0),(49984,0,0),(49805,0,0),(49990,0,0),(49991,0,0),(50009,0,0),(49985,0,0),(50015,0,0),(50014,0,0),(50016,0,0),(50017,0,0),(50018,0,0),(49996,0,0),(50021,0,0),(50028,0,0),(50040,0,0),(50042,0,0),(48013,0,0),(50054,0,0),(50020,0,0),(50049,0,0),(50037,0,0),(50056,0,0),(50059,0,0),(50060,0,8),(50064,0,0),(50065,1,4),(50058,0,0),(50057,0,0),(50044,0,0),(50047,0,0),(50050,0,0),(50052,0,0),(50071,1,6),(50083,0,0),(50084,0,0),(50070,0,0),(50087,1,6),(50098,0,0),(50086,0,0),(50105,0,0),(50099,0,0),(50101,0,0),(50103,0,0),(50111,0,8),(50106,0,0),(50108,0,0),(50117,0,0),(50110,0,0),(50119,0,9),(50118,0,0),(50130,0,12),(50136,0,0),(50129,0,0),(50138,0,0),(50144,0,0),(50146,0,0),(50149,0,0),(50151,0,0),(49982,0,0),(50154,0,0),(50157,0,0),(50159,0,12),(50163,0,0),(50137,0,0),(50141,0,0),(50143,0,0),(50166,0,0),(50168,0,12),(50172,0,0),(50173,0,0),(50175,0,0),(50177,0,0),(50183,0,0),(50167,0,0),(50171,0,0),(50140,0,0),(50142,0,0),(50185,0,0),(50189,0,0),(50145,0,0),(50153,0,0),(50147,0,0),(50148,0,0),(50150,0,0),(50152,0,0),(50155,0,0),(50156,0,0),(50158,0,0),(50192,0,0),(50179,0,0),(50188,0,0),(50196,0,0),(50197,0,0),(50206,0,0),(50208,0,0),(50211,0,0),(50214,0,0),(50222,0,0),(50227,0,0),(50229,0,0),(50232,0,0),(50234,0,0),(50235,0,0),(50237,0,0),(50238,0,0),(50240,0,0),(50243,0,0),(50244,0,0),(50251,0,0),(50256,0,0),(50258,0,0),(50263,0,0),(50266,0,0),(50269,0,0),(50272,0,0),(50274,0,0),(50280,0,0),(50282,0,0),(50285,0,0),(50288,0,0),(50291,0,0),(50296,0,0),(50298,0,0),(50306,0,0),(50309,0,0),(50310,0,0),(50312,0,0),(50315,0,0),(50317,0,0),(50319,0,0),(50321,0,0),(50323,0,0),(50325,0,0),(50330,0,0),(50338,0,0),(50360,0,0),(50364,0,0),(50366,0,0),(50316,0,0),(50372,0,0),(50374,0,0),(50375,0,0),(50377,0,0),(50376,0,0),(50379,0,0),(50380,0,0),(50381,0,0),(50382,0,0),(50383,0,0),(50384,0,0),(50385,0,0),(50055,0,0),(499,0,0),(50386,0,0),(50390,0,0),(6,0,0),(7,0,0),(8,0,0),(125,0,0),(129,0,0),(131,0,0),(138,0,0),(140,0,0),(142,0,0),(43005,0,0),(144,0,0),(146,0,0),(148,0,0),(221,0,0),(512,0,0),(514,0,0),(516,0,0),(521,0,0),(525,0,0),(565,0,0),(633,0,0),(78939,0,0),(754,0,0),(758,0,0),(763,0,0),(784,0,0),(812,0,0),(78949,0,0),(876,0,0),(925,0,0),(3302,0,0),(3393,0,0),(3502,0,0),(3541,0,0),(3624,0,0),(3876,0,0),(3974,0,0),(3982,0,0),(4010,0,0),(4012,0,0),(4046,0,0),(4195,0,0),(4274,0,0),(4277,0,0),(4280,0,0),(4299,0,0),(4302,0,0),(4305,0,0),(24366,0,0),(4315,0,0),(4325,0,0),(4327,0,0),(4349,0,0),(4351,0,0),(4431,0,0),(4435,0,0),(4441,0,0),(4445,0,0),(4451,0,0),(4456,0,0),(4459,0,0),(4461,0,0),(4472,0,0),(4474,0,0),(4476,0,0),(4478,0,0),(4480,0,0),(4482,0,0),(4484,0,0),(4503,0,0),(4508,0,0),(4538,0,0),(4596,0,0),(4611,0,0),(4763,0,0),(4816,0,0),(4835,0,0),(4858,0,0),(4894,0,0),(4898,0,0),(4917,0,0),(4925,0,0),(4929,0,0),(4931,0,0),(4935,0,0),(6360,0,0),(6479,0,0),(6549,0,0),(7172,0,0),(9547,0,0),(10185,0,0),(11087,0,0),(12201,0,0),(12716,0,0),(18379,0,0),(19064,0,0),(19200,0,0),(19884,0,0),(20064,0,0),(20801,0,0),(20829,0,0),(20949,0,0),(20956,0,0),(20962,0,0),(21158,0,0),(21524,0,0),(22170,0,0),(22172,0,0),(22179,0,0),(22794,0,0),(22929,0,0),(22931,0,0),(24363,0,0),(27056,0,0),(27061,0,0),(27153,0,0),(27161,0,0),(27170,0,0),(27176,0,0),(32691,0,0),(34017,0,0),(34286,0,0),(36601,0,0),(36612,0,0),(36645,0,0),(36646,0,0),(37056,0,0),(39906,0,0),(43938,0,0),(44789,0,0),(44822,0,0),(44828,0,0),(44835,0,0),(44841,0,0),(44854,0,0),(44894,0,0),(44966,0,0),(45461,0,0),(45653,0,0),(48172,0,0),(54885,0,0),(54892,0,0),(54911,0,0),(54922,0,0),(54926,0,0),(54932,0,0),(54936,0,0),(54944,0,0),(54948,0,0),(54954,0,0),(54967,0,0),(54974,0,0),(56971,0,0),(56995,0,0),(57007,0,0),(57022,0,0),(57033,0,0),(57044,0,0),(57066,0,0),(57090,0,0),(57467,0,0),(57495,0,0),(57560,0,0),(57781,0,0),(58600,0,0),(58945,0,0),(59202,0,0),(60847,0,0),(61057,0,0),(62532,0,0),(63721,0,0),(63877,0,0),(63907,0,0),(63924,0,0),(65550,0,0),(65805,0,0),(65986,0,0),(66687,0,0),(68719,0,0),(72178,0,0),(72191,0,0),(72353,0,0),(72402,0,0),(72407,0,0),(72412,0,0),(72416,0,0),(79352,0,1),(4063,0,1),(4065,0,1),(4067,0,1),(4069,0,1),(4071,10,1),(4078,0,2),(4081,5,3),(4085,0,3),(72653,0,0),(73071,0,0),(74516,0,0),(74910,0,0),(75030,0,0),(75602,0,1),(75812,0,1),(75823,0,1),(75930,0,1),(76751,0,1),(4087,0,3),(4089,7,5),(4140,0,5),(4142,0,5),(4146,0,5),(4151,0,5),(4154,0,5),(4229,0,4),(4231,0,6),(4233,0,6),(4237,0,4),(4239,0,4),(4241,0,4),(4243,0,4),(4245,0,4),(4247,0,4),(4252,0,4),(4254,0,3),(4262,0,6),(4629,0,4),(4193,0,4),(4225,0,3),(4636,0,4),(18937,0,2),(18962,0,3),(18963,0,3),(18964,0,2),(18966,0,2),(18967,0,2),(18995,0,2),(18996,0,2),(18997,0,2),(18998,0,2),(18999,0,2),(19262,0,2),(19264,0,2),(19265,0,2),(20518,0,4),(20520,0,4),(20528,0,4),(18907,0,3),(18932,0,3),(18933,0,2),(18934,0,2),(18935,0,3),(18936,0,3),(18965,0,2),(19235,0,2),(19261,0,2),(19263,0,2),(15588,0,0),(19728,0,0),(26837,0,0),(26859,0,0),(26887,1,0),(26897,0,0),(26946,0,0),(27029,1,0),(27031,0,0),(27033,2,0),(27035,6,0),(27045,0,0),(27047,3,0),(27052,0,0),(27096,0,0),(27111,0,0),(28560,0,0),(29295,0,0),(31199,1,0),(37055,0,0),(37769,9,0),(38371,0,0),(38420,0,0),(38433,1,0),(38446,0,0),(38900,0,0),(40039,0,0),(40440,11,0),(43884,0,0),(44791,0,0),(44820,1,0),(44829,0,0),(44839,0,0),(44853,20,0),(45376,10,0),(45395,133,0),(45418,164,0),(45655,0,0),(48174,18,0),(79531,3,0),(79532,20,0),(79533,71,0),(53970,12,0),(54855,0,0),(54874,6,0),(54887,1,0),(54894,5,0),(54928,9,0),(54931,0,0),(54945,1,0),(54949,1,0),(54955,1,0),(55966,2,0),(56617,0,0),(58024,0,0),(58182,0,0),(58698,0,0),(2084,0,0),(49712,0,0),(49713,0,0),(49714,0,0),(2099,0,0),(48868,0,0),(79543,0,0),(79544,0,0),(79559,0,0),(79540,0,0),(79579,0,0),(79580,0,0),(79583,0,0),(79585,0,0),(79590,0,0),(79593,0,0),(50407,0,0),(79534,0,0),(79598,0,0),(79607,0,0),(79611,0,0),(79614,0,0),(79616,0,0),(79619,0,0),(50031,0,0),(79549,0,0),(79624,0,0),(79627,0,0),(49709,0,0),(79623,0,0),(79596,0,0),(79630,0,0),(2082,0,0),(79635,0,0),(79631,0,0),(79648,0,0),(79664,0,0),(79672,0,0),(79675,0,0),(79674,0,0),(79692,0,0),(79697,0,0),(79698,0,0),(79722,0,0),(79726,0,0),(79734,0,0),(79739,0,0),(79747,0,0),(79732,0,0),(79730,0,0),(79727,0,0),(79753,0,0),(79756,0,0),(79601,0,0),(79600,0,0),(79764,0,0),(79765,0,0),(79763,0,0),(79766,0,0),(79774,0,0),(79777,0,0),(79779,0,0),(79731,0,0),(79729,0,0),(79728,0,0),(79780,0,0),(79759,0,0),(79760,0,0),(79758,0,0),(50012,0,0),(79797,0,0),(49422,0,0),(79806,0,0),(79809,0,0),(79805,0,0),(79811,0,0),(79814,0,0),(81408,0,0),(81409,0,0),(81448,0,0),(80398,6,15),(81522,0,0),(81530,0,0),(81532,0,0),(49960,0,0),(81570,0,1),(80987,0,0),(80980,0,0),(81575,0,0),(81576,0,0),(50408,0,0),(79536,0,0),(79537,0,0),(79538,0,0),(81527,0,0),(81528,0,0),(81547,0,0),(79554,0,0),(79557,0,0),(79561,0,0),(79563,0,0),(79565,0,0),(79584,0,0),(79588,0,0),(79602,0,0),(79599,0,0),(79606,0,0),(79620,0,0),(79633,0,0),(79790,0,0),(79791,0,0),(79789,0,0),(79767,0,0),(79768,0,0),(79769,0,0),(79770,0,0),(79771,0,0),(79772,0,0),(79773,0,0),(79787,0,0),(79807,0,0),(79808,0,0),(79810,0,0),(79813,0,0),(79815,0,0),(79755,0,0),(79605,0,0),(79608,0,0),(79612,0,0),(79613,0,0),(79615,0,0),(79617,0,0),(79621,0,0),(79625,0,0),(79636,0,0),(79637,0,0),(79638,0,0),(79639,0,0),(79812,0,0),(79603,0,0),(79829,0,0),(79830,0,0),(79828,0,0),(79826,0,0),(79827,0,0),(79821,0,0),(79823,0,0),(79822,0,0),(79833,0,0),(79832,0,0),(79834,0,0),(79835,0,0),(79831,0,0),(79825,0,0),(79824,0,0),(79843,0,0),(79842,0,0),(79839,0,0),(79840,0,0),(79836,0,0),(79838,0,0),(79837,0,0),(79848,0,0),(79847,0,0),(79844,0,0),(79845,0,0),(79851,0,0),(79852,0,0),(79853,0,0),(79854,0,0),(79855,0,0),(79857,0,0),(79858,0,0),(79859,0,0),(79841,0,0),(79885,0,0),(79886,0,0),(79884,0,0),(81578,0,0),(80238,0,0),(80239,0,0),(80237,0,0),(80550,0,0),(80551,0,0),(80549,0,0),(79862,0,0),(79931,0,0),(79861,0,0),(80620,0,0),(80621,0,0),(80619,0,0),(80727,0,0),(80728,0,0),(80735,0,0),(80726,0,0),(80782,0,0),(80783,0,0),(80781,0,0),(80793,0,0),(80794,0,0),(80792,0,0),(80947,0,0),(80948,0,0),(80946,0,0),(81026,0,0),(81027,0,0),(81025,0,0),(81057,0,0),(81058,0,0),(81056,0,0),(81041,0,0),(81042,0,0),(81040,0,0),(81075,0,0),(81076,0,0),(81074,0,0),(81081,0,0),(81082,0,0),(81097,0,0),(81100,0,0),(81101,0,0),(81080,0,0),(80961,0,0),(80962,0,0),(80963,0,0),(80960,0,0),(80786,0,0),(80787,0,0),(81096,0,0),(81098,0,0),(80785,0,0),(80709,0,0),(80710,0,0),(80733,0,0),(80734,0,0),(80708,0,0),(81116,0,0),(81117,0,0),(81115,0,0),(81128,0,0),(81129,0,0),(81127,0,0),(81110,0,0),(81111,0,0),(81109,0,0),(81107,0,0),(81108,0,0),(81106,0,0),(81113,0,0),(81114,0,0),(81112,0,0),(81174,0,0),(81147,0,0),(81148,0,0),(81146,0,0),(80074,0,0),(80075,0,0),(80732,0,0),(80914,0,0),(80916,0,0),(80073,0,0),(80089,0,0),(80090,0,0),(80731,0,0),(80088,0,0),(80208,0,0),(80209,0,0),(80730,0,0),(81093,0,0),(81094,0,0),(81095,0,0),(81102,0,0),(80207,0,0),(80703,0,0),(80704,0,0),(80729,0,0),(80702,0,0),(81251,0,0),(81252,0,0),(81250,0,0),(81263,0,0),(81264,0,0),(81262,0,0),(81137,0,0),(81138,0,0),(81136,0,0),(81584,0,0),(81585,0,0),(50395,0,0),(81587,0,0),(81589,0,0),(81590,0,0),(81806,0,0),(50019,0,0),(81073,0,0),(81591,0,0),(81592,0,0),(81593,0,0),(81594,0,0),(81595,0,0),(81596,0,0),(81597,0,0),(81598,0,0),(81599,0,0),(81600,0,0),(81601,0,0),(81602,0,0),(81603,0,0),(81604,0,0),(81605,0,0),(81606,0,0),(81607,0,0),(81608,0,0),(81609,0,0),(81610,0,0),(81611,0,0),(81612,0,0),(81613,0,0),(81614,0,0),(81615,0,0),(81616,0,0),(81617,0,0),(81618,0,0),(81619,0,0),(81620,0,0),(81621,0,0),(81622,0,0),(81623,0,0),(81624,0,0),(81625,0,0),(81626,0,0),(81627,0,0),(81628,0,0),(81629,0,0),(81630,0,0),(81631,0,0),(81632,0,0),(81633,0,0),(81634,0,0),(81635,0,0),(81636,0,0),(81637,0,0),(81638,0,0),(81639,0,0),(81640,0,0),(79542,0,0),(81641,0,0),(81642,0,0),(81643,0,0),(81644,0,0),(81645,0,0),(81646,0,0),(81647,0,0),(81648,0,0),(81649,0,0),(81650,0,0),(81651,0,0),(81652,0,0),(81653,0,0),(81654,0,0),(81655,0,0),(81656,0,0),(81657,0,0),(81658,0,0),(81659,0,0),(81660,0,0),(81661,0,0),(81662,0,0),(81663,0,0),(81664,0,0),(81665,0,0),(81666,0,0),(81667,0,0),(81668,0,0),(81669,0,0),(79560,0,0),(81670,0,0),(81671,0,0),(81672,0,0),(81673,0,0),(81674,0,0),(81675,0,0),(81676,0,0),(81677,0,0),(81678,0,0),(81679,0,0),(81680,0,0),(81681,0,0),(81682,0,0),(81683,0,0),(81684,0,0),(81685,0,0),(81686,0,0),(81687,0,0),(81688,0,0),(81689,0,0),(81690,0,0),(81691,0,0),(81692,0,0),(81693,0,0),(81694,0,0),(81695,0,0),(81696,0,0),(81697,0,0),(81698,0,0),(81699,0,0),(81700,0,0),(81701,0,0),(81702,0,0),(81703,0,0),(81704,0,0),(81705,0,0),(81706,0,0),(81707,0,0),(81708,0,0),(81709,0,0),(81710,0,0),(81711,0,0),(81712,0,0),(81713,0,0),(81714,0,0),(81715,0,0),(81716,0,0),(81717,0,0),(81718,0,0),(81719,0,0),(81720,0,0),(81721,0,0),(774,0,0),(81722,0,0),(81723,0,0),(81724,0,0),(81725,0,0),(81726,0,0),(81727,0,0),(81728,0,0),(81729,0,0),(81730,0,0),(81731,0,0),(81732,0,0),(81733,0,0),(81734,0,0),(81735,0,0),(81736,0,0),(81737,0,0),(81738,0,0),(81739,0,0),(81740,0,0),(81741,0,0),(81742,0,0),(81743,0,0),(81744,0,0),(81745,0,0),(81746,0,0),(81747,0,0),(81748,0,0),(81749,0,0),(81750,0,0),(81751,0,0),(81752,0,0),(81753,0,0),(81754,0,0),(81755,0,0),(81756,0,0),(81757,0,0),(81758,0,0),(81759,0,0),(81760,0,0),(81761,0,0),(81762,0,0),(81763,0,0),(81764,0,0),(81765,0,0),(81766,0,0),(81767,0,0),(81768,0,0),(81769,0,0),(81770,0,0),(81771,0,0),(81772,0,0),(81773,0,0),(81774,0,0),(81775,0,0),(81776,0,0),(81777,0,0),(81778,0,0),(81779,0,0),(81780,0,0),(81781,0,0),(81782,0,0),(81783,0,0),(81784,0,0),(81785,0,0),(81786,0,0),(81787,0,0),(81788,0,0),(81789,0,0),(81790,0,0),(81791,0,0),(81792,0,0),(81793,0,0),(81794,0,0),(81795,0,0),(81796,0,0),(81797,0,0),(81798,0,0),(81799,0,0),(81800,0,0),(81801,0,0),(81802,0,0),(81803,0,0),(81804,0,0),(81805,0,0),(81809,0,0),(81811,0,0),(81813,0,0),(81820,0,0),(81829,0,0),(81890,0,0),(81889,0,0),(81892,0,0),(81898,0,0),(81902,0,0),(81914,0,0),(81919,0,0),(81927,0,0),(81936,0,0),(81946,0,0),(81948,0,0),(81952,0,0),(81957,0,0),(81960,0,0),(79541,0,0),(81972,0,0),(81977,0,0),(81976,0,0),(81171,0,0),(81172,0,0),(81170,0,0),(81815,0,0),(79567,0,0),(81984,0,0),(81991,0,0),(81992,4,0),(81993,0,1),(81994,0,0),(81998,0,2),(82000,0,0),(82002,0,0),(82006,0,0),(82007,0,0),(82008,0,0),(82009,0,0),(82010,0,0),(82011,0,0),(82012,0,0),(82023,0,0),(82030,0,0),(82051,0,0),(82067,0,0),(82058,0,0),(82059,0,0),(82062,0,0),(82091,0,0),(82107,0,0),(82119,0,0),(82128,0,0),(82020,0,0),(82134,0,0),(82138,0,0),(82142,0,0),(81878,0,0),(82148,0,0),(82159,0,0),(82166,0,0),(82167,0,0),(82168,0,0),(82169,0,0),(82163,0,0),(82139,0,0),(81986,0,0),(82170,0,0),(82193,0,0),(82195,0,0),(82176,0,0),(82197,0,0),(82243,0,0),(82246,0,0),(82259,0,0),(81937,0,0),(81894,0,0),(82342,0,0),(82346,0,0),(82347,0,0),(82345,0,0),(81980,0,0),(81981,0,0),(81979,0,0),(81817,0,0),(47135,0,0),(49979,0,0),(49980,0,0),(50045,0,0),(79566,0,0),(82357,0,0),(82365,0,0),(81982,0,0),(82137,0,0),(49741,0,0),(82428,0,0),(82430,0,0),(49563,0,0),(82436,0,0),(82441,0,0),(82444,0,0),(82446,0,0),(82450,0,0),(82386,0,0),(82451,0,0),(82456,0,0),(82455,0,0),(82458,0,0),(82467,0,0),(82469,0,0),(82471,0,0),(82482,0,0),(82447,0,0),(82448,0,0),(82449,0,0),(82452,0,0),(82453,0,0),(82454,0,0),(82457,0,0),(82497,1,0),(82503,0,0),(82408,0,0),(82388,0,0),(82413,0,0),(82414,0,0),(82424,0,0),(81814,0,0),(82517,1,7),(82522,0,0),(82525,0,0),(82534,0,0),(82539,0,0),(82542,0,0),(82543,0,0),(82545,0,0),(82544,0,0),(82548,0,0),(82550,0,0),(82554,0,0),(82560,0,0),(82564,0,0),(82574,1,3),(82576,1,3),(82579,0,0),(82549,0,0),(82587,0,0),(82589,0,0),(82597,0,0),(82604,0,0),(82617,0,0),(82620,0,0),(82697,0,0),(82716,0,0),(82719,0,0),(82738,0,0),(82739,2,0),(82745,0,0),(82753,0,0),(82771,1,0),(82773,0,0),(82776,0,0),(82782,1,0),(82784,0,0),(82781,0,0),(82791,0,0),(82792,0,0),(82793,0,0),(82795,0,0),(82796,0,0),(82799,0,0),(82800,0,0),(82843,0,0),(82845,0,0),(82849,0,0),(82881,0,0),(82883,0,0),(82736,0,0),(82885,0,0),(82387,0,0),(82127,0,0),(82513,0,0),(82516,0,0),(82918,0,0),(82927,0,0),(82586,0,0),(82963,0,0),(82913,0,0),(82964,0,0),(82969,0,0),(82770,0,0),(82970,0,0),(82971,0,0),(82981,0,0),(81983,0,0),(82982,20,0),(82984,0,0),(83004,0,0),(79539,0,0),(83061,0,0),(83064,0,0),(83067,0,0),(83062,0,0),(83071,0,0),(81995,0,0),(81996,0,0),(81997,0,0),(49667,0,0),(49680,0,0),(49683,0,0),(49696,0,0),(49697,0,0),(49700,0,0),(49703,0,0),(49704,0,0),(49705,0,0),(49706,0,0),(49707,0,0),(49708,0,0),(49710,0,0),(49711,0,0),(49734,0,0),(49735,0,0),(49736,0,0),(49747,0,0),(49748,0,0),(49749,0,0),(49750,0,0),(49751,0,0),(49754,0,0),(49755,0,0),(49756,0,0),(49757,0,0),(49758,0,0),(49759,0,0),(49766,0,0),(49774,0,0),(49780,0,0),(49781,0,0),(49782,0,0),(49783,0,0),(49784,0,0),(49799,0,0),(49800,0,0),(49804,0,0),(49817,0,0),(49831,0,0),(49833,0,0),(49834,0,0),(49836,0,0),(49837,0,0),(49838,0,0),(49839,0,0),(49840,0,0),(49841,0,0),(49842,0,0),(49859,0,0),(49879,0,0),(49881,0,0),(49883,0,0),(49885,0,0),(49887,0,0),(49890,0,0),(49898,0,0),(49903,0,0),(49928,0,0),(49939,0,0),(49941,0,0),(49983,0,0),(49997,0,0),(49998,0,0),(50007,0,0),(50022,0,0),(50025,0,0),(50026,0,0),(50027,0,0),(50032,0,0),(50033,0,0),(50034,0,0),(50046,0,0),(50184,0,0),(50195,0,0),(50198,0,0),(50201,0,0),(50202,0,0),(50351,0,0),(50352,0,0),(50355,0,0),(50356,0,0),(50359,0,0),(50361,0,0),(50365,0,0),(50367,0,0),(50370,0,0),(50371,0,0),(50373,0,0),(79622,0,0),(49247,0,0),(49283,0,0),(49289,0,0),(49292,0,0),(49294,0,0),(49298,0,0),(49300,0,0),(49303,0,0),(49305,0,0),(49306,0,0),(49308,0,0),(49310,0,0),(49312,0,0),(49314,0,0),(49317,0,0),(49319,0,0),(49321,0,0),(49323,0,0),(49325,0,0),(49328,0,0),(49330,0,0),(49332,0,0),(49335,0,0),(49337,0,0),(49339,0,0),(49341,0,0),(49343,0,0),(49345,0,0),(49347,0,0),(49390,0,0),(49393,0,0),(49395,0,0),(49397,0,0),(49400,0,0),(49407,0,0),(49408,0,0),(49410,0,0),(49414,0,0),(49445,0,0),(79548,0,0),(79550,0,0),(79551,0,0),(79552,0,0),(79553,0,0),(79569,0,0),(79570,0,0),(79571,0,0),(79572,0,0),(79573,0,0),(79574,0,0),(79575,0,0),(79576,0,0),(79577,0,0),(79582,0,0),(79589,0,0),(79626,0,0),(79628,0,0),(79632,0,0),(49669,0,0),(50043,0,0),(50085,0,0),(49615,0,0),(82013,0,0),(82014,0,0),(49621,0,0),(82015,0,0),(49761,0,0),(49767,0,0),(49770,0,0),(49771,0,0),(49772,0,0),(49773,0,0),(49775,0,0),(49776,0,0),(49785,0,0),(49786,0,0),(49787,0,0),(49788,0,0),(49789,0,0),(49790,0,0),(49791,0,0),(49792,0,0),(49821,0,0),(49822,0,0),(49823,0,0),(49824,0,0),(49825,0,0),(49827,0,0),(49829,0,0),(49853,0,0),(49854,0,0),(49858,0,0),(49861,0,0),(49871,0,0),(49873,0,0),(49892,0,0),(49896,0,0),(49918,0,0),(49926,0,0),(49930,0,0),(49931,0,0),(49945,0,0),(49955,0,0),(49959,0,0),(49961,0,0),(49963,0,0),(49964,0,0),(49966,0,0),(49967,0,0),(49968,0,0),(49969,0,0),(49970,0,0),(82016,0,0),(49202,0,0),(49248,0,0),(49381,0,0),(49383,0,0),(49424,0,0),(49613,0,0),(82017,0,0),(49205,0,0),(49386,0,0),(49388,0,0),(49402,0,0),(49404,0,0),(49409,0,0),(49411,0,0),(50035,0,0),(81453,0,0),(49198,0,0),(49200,0,0),(49225,0,0),(49236,0,0),(49240,0,0),(49369,0,0),(49371,0,0),(49642,0,0),(49644,0,0),(49645,0,0),(49154,0,0),(49844,0,0),(49846,0,0),(49847,0,0),(49848,0,0),(49849,0,0),(49860,0,0),(49875,0,0),(49876,0,0),(49183,0,0),(49186,0,0),(49188,0,0),(49190,0,0),(49193,0,0),(49195,0,0),(49209,0,0),(49212,0,0),(49214,0,0),(49216,0,0),(49218,0,0),(49220,0,0),(49222,0,0),(49232,0,0),(49234,0,0),(49279,0,0),(49366,0,0),(49426,0,0),(49428,0,0),(49430,0,0),(49647,0,0),(50039,0,0),(50041,0,0),(50387,0,0),(50388,0,0),(50389,0,0),(19659,0,0),(19658,0,0),(19657,0,0),(65459,0,0),(65458,0,0),(49229,0,0),(49374,0,0),(49376,0,0),(49378,0,0),(49646,0,0),(49830,0,0),(49947,0,0),(82068,0,0),(82120,0,0),(82186,0,0),(82188,0,0),(82207,0,0),(82209,0,0),(82211,0,0),(82213,0,0),(82215,0,0),(82217,0,0),(82219,0,0),(82221,0,0),(82223,0,0),(82225,0,0),(82227,0,0),(82229,0,0),(82231,0,0),(82233,0,0),(82235,0,0),(82237,0,0),(82239,0,0),(82244,0,0),(82255,0,0),(82257,0,0),(82261,0,0),(82263,0,0),(82265,0,0),(82267,0,0),(82269,0,0),(82271,0,0),(82273,0,0),(82277,0,0),(82279,0,0),(82281,0,0),(82283,0,0),(82285,0,0),(82287,0,0),(82289,0,0),(82291,0,0),(82293,0,0),(82295,0,0),(82297,0,0),(82299,0,0),(83072,0,0),(82887,0,0),(82888,0,0),(83080,0,0),(83081,0,0),(83079,0,0),(81280,0,0),(81281,0,0),(81531,0,0),(81279,0,0),(83137,0,0),(83165,0,0),(83166,0,0),(83164,0,0),(83199,0,0),(83200,0,0),(83198,0,0),(81334,0,0),(81335,0,0),(81333,0,0),(83058,0,0),(83059,0,0),(83057,0,0),(83216,0,0),(82917,0,0),(82953,0,0),(82384,0,0),(83060,0,0),(82390,0,0),(82391,0,0),(82393,0,0),(82394,0,0),(82396,0,0),(82398,0,0),(82400,0,0),(82402,0,0),(82404,0,0),(82406,0,0),(82410,0,0),(83218,0,0),(82490,0,0),(82494,0,0),(83225,0,0),(83224,0,0),(83219,0,0),(83220,0,0),(83237,0,0),(83249,0,0),(83251,0,0),(83252,0,0),(82535,0,0),(82537,0,0),(82540,0,0),(82551,0,0),(82514,0,0),(83222,0,0),(83236,0,0),(83245,0,0),(83246,0,0),(50419,0,0),(50420,0,0),(50421,0,0),(50422,0,0),(50423,0,0),(50424,0,0),(50425,0,0),(50426,0,0),(50409,0,0),(75896,0,0),(75384,0,0),(72492,0,0),(69222,0,0),(62791,0,0),(61789,0,0),(61541,0,0),(60824,0,0),(55019,0,0),(47194,0,0),(47167,0,0),(31132,0,0),(22444,0,0),(22102,0,0),(10131,0,0),(3884,0,0),(630,0,0),(2286,0,0),(13762,0,0),(12456,0,0),(12169,0,0),(12168,0,0),(12158,0,0),(11764,0,0),(11649,0,0),(11419,0,0),(11316,0,0),(11315,0,0),(11312,0,0),(11311,0,0),(11309,0,0),(11308,0,0),(11307,0,0),(11306,0,0),(11305,0,0),(11304,0,0),(11300,0,0),(11299,0,0),(11298,0,0),(11297,0,0),(11296,0,0),(11295,0,0),(11362,0,0),(11357,0,0),(11269,0,0),(15056,0,0),(15055,0,0),(15051,0,0),(15046,0,0),(15042,0,0),(19719,0,0),(18920,0,0),(18918,0,0),(18916,0,0),(18912,0,0),(18796,0,0),(17917,0,0),(23625,0,0),(23495,0,0),(23339,0,0),(23198,0,0),(23116,0,0),(29482,0,0),(38260,0,0),(42256,0,0),(44569,0,0),(44814,0,0),(44810,0,0),(78917,0,0),(78907,0,0),(78651,0,0),(78645,0,0),(78643,0,0),(78638,0,0),(78632,0,0),(78631,0,0),(78630,0,0),(78629,0,0),(78628,0,0),(78627,0,0),(78626,0,0),(78625,0,0),(78624,0,0),(78623,0,0),(78622,0,0),(78621,0,0),(78618,0,0),(78617,0,0),(78616,0,0),(78615,0,0),(78614,0,0),(78613,0,0),(78612,0,0),(78610,0,0),(78609,0,0),(78608,0,0),(78607,0,0),(78606,0,0),(78605,0,0),(78604,0,0),(78603,0,0),(78602,0,0),(78601,0,0),(78600,0,0),(78599,0,0),(78598,0,0),(78597,0,0),(78596,0,0),(78595,0,0),(78594,0,0),(78592,0,0),(78591,0,0),(78590,0,0),(78589,0,0),(78587,0,0),(78586,0,0),(78585,0,0),(78584,0,0),(78583,0,0),(78582,0,0),(78581,0,0),(78580,0,0),(78579,0,0),(78578,0,0),(78577,0,0),(78576,0,0),(78575,0,0),(78574,0,0),(74591,0,0),(72363,0,0),(72008,0,0),(65437,0,0),(63030,0,0),(55089,0,0),(50413,0,0),(50414,0,0),(50415,0,0),(50417,0,0),(50412,0,0),(50411,0,0),(50410,0,0),(50416,0,0),(82954,0,0),(83256,0,0),(83258,0,0),(83217,0,0),(82980,0,0),(82979,0,0),(82978,0,0),(82977,0,0),(82976,0,0),(82975,0,0),(82974,0,0),(82973,0,0),(82968,0,0),(82965,0,0),(82962,0,0),(82961,0,0),(82960,0,0),(82959,0,0),(82956,0,0),(83265,0,0),(83267,0,0),(83279,0,0),(83281,0,0),(83280,0,0),(83223,0,0),(50164,0,0),(50165,0,0),(50169,0,0),(50170,0,0),(50199,0,0),(50200,0,0),(50203,0,0),(50204,0,0),(50205,0,0),(50207,0,0),(50209,0,0),(50210,0,0),(50212,0,0),(50213,0,0),(50215,0,0),(50216,0,0),(50217,0,0),(50218,0,0),(50219,0,0),(50220,0,0),(50221,0,0),(50223,0,0),(50224,0,0),(50225,0,0),(50226,0,0),(50228,0,0),(50230,0,0),(50231,0,0),(50233,0,0),(50236,0,0),(50239,0,0),(50241,0,0),(50242,0,0),(50245,0,0),(50246,0,0),(50247,0,0),(50248,0,0),(50249,0,0),(50250,0,0),(50252,0,0),(50253,0,0),(50254,0,0),(50255,0,0),(50257,0,0),(50259,0,0),(50260,0,0),(50261,0,0),(50262,0,0),(50264,0,0),(50265,0,0),(50267,0,0),(50268,0,0),(50270,0,0),(50271,0,0),(50273,0,0),(50275,0,0),(50276,0,0),(50277,0,0),(50278,0,0),(50279,0,0),(50281,0,0),(50283,0,0),(50284,0,0),(50286,0,0),(50287,0,0),(50289,0,0),(50290,0,0),(50292,0,0),(50293,0,0),(50294,0,0),(50295,0,0),(50297,0,0),(50299,0,0),(50300,0,0),(50301,0,0),(50302,0,0),(50303,0,0),(50304,0,0),(50305,0,0),(50307,0,0),(50308,0,0),(50311,0,0),(50318,0,0),(50320,0,0),(50322,0,0),(50324,0,0),(50326,0,0),(50327,0,0),(50328,0,0),(50329,0,0),(50331,0,0),(50332,0,0),(50333,0,0),(50334,0,0),(50335,0,0),(50336,0,0),(50337,0,0),(50339,0,0),(50340,0,0),(50341,0,0),(50342,0,0),(50343,0,0),(50344,0,0),(50345,0,0),(50346,0,0),(50347,0,0),(50348,0,0),(50349,0,0),(50350,0,0),(50353,0,0),(50354,0,0),(50368,0,0),(50369,0,0),(50378,0,0),(79591,0,0),(79592,0,0),(79594,0,0),(79595,0,0),(79610,0,0),(79629,0,0),(79640,0,0),(79649,0,0),(79650,0,0),(79651,0,0),(79652,0,0),(79653,0,0),(79654,0,0),(79655,0,0),(79662,0,0),(79663,0,0),(79668,0,0),(79670,0,0),(79671,0,0),(79673,0,0),(79678,0,0),(79679,0,0),(79680,0,0),(79681,0,0),(79682,0,0),(79683,0,0),(79684,0,0),(79685,0,0),(79686,0,0),(79687,0,0),(79688,0,0),(79690,0,0),(79691,0,0),(79694,0,0),(79695,0,0),(79696,0,0),(79700,0,0),(79701,0,0),(79702,0,0),(79703,0,0),(79704,0,0),(79705,0,0),(79707,0,0),(79708,0,0),(79709,0,0),(79710,0,0),(79711,0,0),(79712,0,0),(79713,0,0),(79714,0,0),(79715,0,0),(79716,0,0),(79717,0,0),(79718,0,0),(79719,0,0),(79720,0,0),(79721,0,0),(79725,0,0),(79733,0,0),(79735,0,0),(79736,0,0),(79737,0,0),(79738,0,0),(79740,0,0),(79742,0,0),(79745,0,0),(79746,0,0),(79748,0,0),(79749,0,0),(79750,0,0),(79751,0,0),(79754,0,0),(79757,0,0),(79761,0,0),(79762,0,0),(79775,0,0),(79778,0,0),(79785,0,0),(79786,0,0),(79788,0,0),(79795,0,0),(79796,0,0),(79798,0,0),(79799,0,0),(79800,0,0),(79801,0,0),(79802,0,0),(79803,0,0),(79816,0,0),(79817,0,0),(79818,0,0),(79819,0,0),(79820,0,0),(79849,0,0),(79850,0,0),(81973,0,0),(81974,0,0),(81975,0,0),(82174,0,0),(82175,0,0),(82177,0,0),(82183,0,0),(82336,0,0),(79846,0,0),(79863,0,0),(79864,0,0),(80068,0,0),(80069,0,0),(80070,0,0),(80071,0,0),(80072,0,0),(81985,0,0),(81987,0,0),(81988,0,0),(81989,0,0),(81990,0,0),(82178,0,0),(82339,0,0),(82340,0,0),(82341,0,0),(82343,0,0),(82344,0,0),(82683,0,0),(79860,0,0),(79866,0,0),(79867,0,0),(79868,0,0),(79869,0,0),(79870,0,0),(79871,0,0),(79872,0,0),(79873,0,0),(79874,0,0),(79875,0,0),(79876,0,0),(79877,0,0),(79879,0,0),(79880,0,0),(79881,0,0),(79883,0,0),(79888,0,0),(79891,0,0),(79893,0,0),(79894,0,0),(79895,0,0),(79896,0,0),(79897,0,0),(79898,0,0),(79899,0,0),(79900,0,0),(79901,0,0),(79902,0,0),(79903,0,0),(79904,0,0),(79905,0,0),(79906,0,0),(79907,0,0),(79908,0,0),(79909,0,0),(79910,0,0),(79911,0,0),(79912,0,0),(79913,0,0),(79914,0,0),(79915,0,0),(79916,0,0),(79917,0,0),(79918,0,0),(79919,0,0),(79920,0,0),(79921,0,0),(79922,0,0),(79923,0,0),(79933,0,0),(79934,0,0),(79935,0,0),(79936,0,0),(79937,0,0),(79938,0,0),(79939,0,0),(79941,0,0),(79942,0,0),(79943,0,0),(79944,0,0),(79945,0,0),(79946,0,0),(79947,0,0),(79948,0,0),(79949,0,0),(79950,0,0),(79951,0,0),(79952,0,0),(79953,0,0),(79954,0,0),(79955,0,0),(79956,0,0),(79957,0,0),(79958,0,0),(79959,0,0),(79960,0,0),(79961,0,0),(79962,0,0),(79964,0,0),(79965,0,0),(79966,0,0),(79967,0,0),(79968,0,0),(79969,0,0),(79970,0,0),(79971,0,0),(79972,0,0),(79973,0,0),(79974,0,0),(79975,0,0),(79976,0,0),(79977,0,0),(79978,0,0),(79979,0,0),(79983,0,0),(79984,0,0),(79985,0,0),(79986,0,0),(79987,0,0),(79989,0,0),(79990,0,0),(79991,0,0),(79993,0,0),(79995,0,0),(79996,0,0),(79997,0,0),(79998,0,0),(79999,0,0),(80000,0,0),(80001,0,0),(80002,0,0),(80003,0,0),(80004,0,0),(80005,0,0),(80007,0,0),(80008,0,0),(80009,0,0),(80964,0,0),(80010,0,0),(80966,0,0),(80012,0,0),(80013,0,0),(80967,0,0),(80021,0,0),(80969,0,0),(80022,0,0),(80971,0,0),(80023,0,0),(80972,0,0),(80973,0,0),(80025,0,0),(80974,0,0),(80026,0,0),(80975,0,0),(80027,0,0),(80976,0,0),(80028,0,0),(80983,0,0),(80029,0,0),(80030,0,0),(80984,0,0),(80031,0,0),(80985,0,0),(80032,0,0),(80986,0,0),(80996,0,0),(80033,0,0),(80997,0,0),(80034,0,0),(80035,0,0),(80998,0,0),(80036,0,0),(80999,0,0),(80037,0,0),(81001,0,0),(80038,0,0),(81002,0,0),(80039,0,0),(81003,0,0),(80041,0,0),(81004,0,0),(80043,0,0),(81005,0,0),(80044,0,0),(81006,0,0),(80045,0,0),(81007,0,0),(80046,0,0),(81009,0,0),(80047,0,0),(81011,0,0),(80048,0,0),(81012,0,0),(80049,0,0),(81013,0,0),(80050,0,0),(81014,0,0),(80051,0,0),(81015,0,0),(81016,0,0),(80052,0,0),(80053,0,0),(81017,0,0),(80054,0,0),(81019,0,0),(80055,0,0),(81020,0,0),(80056,0,0),(81021,0,0),(80057,0,0),(81022,0,0),(80058,0,0),(81023,0,0),(80059,0,0),(81024,0,0),(80060,0,0),(81028,0,0),(80061,0,0),(81029,0,0),(80062,0,0),(81030,0,0),(80063,0,0),(81031,0,0),(80077,0,0),(81032,0,0),(81033,0,0),(80079,0,0),(81034,0,0),(80084,0,0),(81035,0,0),(80085,0,0),(81036,0,0),(80086,0,0),(81037,0,0),(80087,0,0),(81038,0,0),(80091,0,0),(81046,0,0),(80092,0,0),(81048,0,0),(80094,0,0),(81049,0,0),(80095,0,0),(81065,0,0),(80096,0,0),(81068,0,0),(80097,0,0),(80105,0,0),(81069,0,0),(80110,0,0),(81070,0,0),(81071,0,0),(80111,0,0),(80112,0,0),(81077,0,0),(80114,0,0),(81078,0,0),(80122,0,0),(81079,0,0),(80125,0,0),(81118,0,0),(80127,0,0),(81119,0,0),(80128,0,0),(81120,0,0),(80129,0,0),(81121,0,0),(80130,0,0),(81122,0,0),(81123,0,0),(80131,0,0),(81124,0,0),(80132,0,0),(81125,0,0),(80133,0,0),(81126,0,0),(80134,0,0),(81337,0,0),(80135,0,0),(81338,0,0),(80136,0,0),(81538,0,0),(80137,0,0),(82351,0,0),(80138,0,0),(80140,0,0),(80141,0,0),(80142,0,0),(80143,0,0),(80144,0,0),(80145,0,0),(80146,0,0),(80147,0,0),(80149,0,0),(80203,0,0),(80150,0,0),(80204,0,0),(80151,0,0),(80206,0,0),(80152,0,0),(80240,0,0),(80153,0,0),(80578,0,0),(80154,0,0),(80688,0,0),(80155,0,0),(80689,0,0),(80156,0,0),(80690,0,0),(80157,0,0),(80697,0,0),(80158,0,0),(81084,0,0),(80159,0,0),(80160,0,0),(81087,0,0),(81090,0,0),(80161,0,0),(80162,0,0),(81092,0,0),(80163,0,0),(81099,0,0),(80164,0,0),(81145,0,0),(80165,0,0),(81178,0,0),(80166,0,0),(81179,0,0),(81181,0,0),(80167,0,0),(80168,0,0),(81182,0,0),(80169,0,0),(81184,0,0),(80170,0,0),(81186,0,0),(80171,0,0),(81187,0,0),(80172,0,0),(81191,0,0),(80173,0,0),(81192,0,0),(80174,0,0),(81197,0,0),(80175,0,0),(81198,0,0),(80176,0,0),(81200,0,0),(80177,0,0),(81208,0,0),(80178,0,0),(81211,0,0),(80179,0,0),(81212,0,0),(80180,0,0),(81216,0,0),(80183,0,0),(81218,0,0),(80184,0,0),(81219,0,0),(80185,0,0),(81223,0,0),(80186,0,0),(81225,0,0),(80187,0,0),(81229,0,0),(80188,0,0),(81230,0,0),(80191,0,0),(81232,0,0),(80192,0,0),(81233,0,0),(80193,0,0),(81234,0,0),(80194,0,0),(81235,0,0),(80195,0,0),(81236,0,0),(80196,0,0),(81237,0,0),(80197,0,0),(81238,0,0),(80198,0,0),(81239,0,0),(80199,0,0),(81240,0,0),(80200,0,0),(81241,0,0),(80201,0,0),(80202,0,0),(81242,0,0),(80210,0,0),(81244,0,0),(80212,0,0),(81245,0,0),(80213,0,0),(81246,0,0),(81247,0,0),(80214,0,0),(81248,0,0),(80215,0,0),(81249,0,0),(80216,0,0),(81274,0,0),(80217,0,0),(81275,0,0),(80218,0,0),(80219,0,0),(81276,0,0),(80220,0,0),(81277,0,0),(80221,0,0),(81278,0,0),(80222,0,0),(81533,0,0),(80223,0,0),(81534,0,0),(80225,0,0),(81548,0,0),(80226,0,0),(81550,0,0),(80227,0,0),(81551,0,0),(80228,0,0),(81552,0,0),(80229,0,0),(81553,0,0),(80231,0,0),(81554,0,0),(80232,0,0),(81568,0,0),(80234,0,0),(81574,0,0),(80235,0,0),(82135,0,0),(80236,0,0),(82172,0,0),(80243,0,0),(82173,0,0),(80244,0,0),(83073,0,0),(80245,0,0),(83074,0,0),(80246,0,0),(83075,0,0),(80247,0,0),(83076,0,0),(80248,0,0),(83077,0,0),(80249,0,0),(83078,0,0),(80250,0,0),(83082,0,0),(80251,0,0),(83083,0,0),(80252,0,0),(83084,0,0),(80253,0,0),(83085,0,0),(80256,0,0),(83086,0,0),(83087,0,0),(80257,0,0),(80258,0,0),(83088,0,0),(80259,0,0),(83089,0,0),(80260,0,0),(83090,0,0),(80261,0,0),(83091,0,0),(80262,0,0),(83092,0,0),(80263,0,0),(83093,0,0),(80264,0,0),(83094,0,0),(80265,0,0),(83095,0,0),(80266,0,0),(83096,0,0),(80267,0,0),(83097,0,0),(80268,0,0),(83098,0,0),(80269,0,0),(83099,0,0),(80270,0,0),(83100,0,0),(80273,0,0),(83101,0,0),(80274,0,0),(83102,0,0),(80276,0,0),(83103,0,0),(80277,0,0),(83104,0,0),(80278,0,0),(83105,0,0),(80279,0,0),(83106,0,0),(80280,0,0),(80281,0,0),(80282,0,0),(80283,0,0),(83241,0,0),(80284,0,0),(79634,0,0),(80285,0,0),(80286,0,0),(80287,0,0),(80288,0,0),(80289,0,0),(80290,0,0),(80291,0,0),(80292,0,0),(80293,0,0),(80294,0,0),(80295,0,0),(80296,0,0),(80297,0,0),(80298,0,0),(80299,0,0),(80300,0,0),(80301,0,0),(80302,0,0),(80303,0,0),(80304,0,0),(80310,0,0),(80311,0,0),(80312,0,0),(80313,0,0),(80314,0,0),(80315,0,0),(80316,0,0),(80317,0,0),(80318,0,0),(80319,0,0),(80320,0,0),(80322,0,0),(80330,0,0),(80331,0,0),(80332,0,0),(80333,0,0),(80334,0,0),(80335,0,0),(80337,0,0),(80338,0,0),(80339,0,0),(80340,0,0),(80341,0,0),(80342,0,0),(80343,0,0),(80344,0,0),(80345,0,0),(80346,0,0),(80347,0,0),(80348,0,0),(80349,0,0),(80350,0,0),(80351,0,0),(80352,0,0),(80353,0,0),(80354,0,0),(80355,0,0),(80356,0,0),(80357,0,0),(80359,0,0),(80360,0,0),(80361,0,0),(80362,0,0),(80363,0,0),(80364,0,0),(80365,0,0),(80366,0,0),(80367,0,0),(80368,0,0),(80369,0,0),(80376,0,0),(80377,0,0),(80378,0,0),(80379,0,0),(80380,0,0),(80383,0,0),(80384,0,0),(80385,0,0),(80386,0,0),(80387,0,0),(80388,0,0),(80389,0,0),(80390,0,0),(80391,0,0),(80399,0,0),(80400,0,0),(80403,0,0),(80404,0,0),(80405,0,0),(80406,0,0),(80407,0,0),(80414,0,0),(80418,0,0),(80419,0,0),(80420,0,0),(80421,0,0),(80422,0,0),(80423,0,0),(80424,0,0),(80425,0,0),(80426,0,0),(80428,0,0),(80429,0,0),(80430,0,0),(80434,0,0),(80435,0,0),(80436,0,0),(80437,0,0),(80438,0,0),(80439,0,0),(80440,0,0),(80441,0,0),(80442,0,0),(80443,0,0),(80444,0,0),(80445,0,0),(80446,0,0),(80447,0,0),(80448,0,0),(80449,0,0),(80450,0,0),(80451,0,0),(80452,0,0),(80453,0,0),(80459,0,0),(80460,0,0),(80461,0,0),(80462,0,0),(80463,0,0),(80464,0,0),(80465,0,0),(80466,0,0),(80467,0,0),(80468,0,0),(80469,0,0),(80471,0,0),(80473,0,0),(80474,0,0),(80477,0,0),(80478,0,0),(80479,0,0),(80480,0,0),(80483,0,0),(80485,0,0),(80486,0,0),(80487,0,0),(80488,0,0),(80489,0,0),(80490,0,0),(80491,0,0),(80492,0,0),(80493,0,0),(80496,0,0),(80498,0,0),(80500,0,0),(80502,0,0),(80503,0,0),(80504,0,0),(80505,0,0),(80506,0,0),(80507,0,0),(80509,0,0),(80513,0,0),(80514,0,0),(80515,0,0),(80516,0,0),(80517,0,0),(80520,0,0),(80521,0,0),(80523,0,0),(80524,0,0),(80525,0,0),(80526,0,0),(80527,0,0),(80528,0,0),(80529,0,0),(80530,0,0),(80531,0,0),(80532,0,0),(80533,0,0),(80534,0,0),(80538,0,0),(80539,0,0),(80540,0,0),(80543,0,0),(80544,0,0),(80545,0,0),(80546,0,0),(80547,0,0),(80548,0,0),(80552,0,0),(80553,0,0),(80554,0,0),(80555,0,0),(80556,0,0),(80565,0,0),(80566,0,0),(80567,0,0),(80568,0,0),(80569,0,0),(80570,0,0),(80571,0,0),(80573,0,0),(80574,0,0),(80575,0,0),(80576,0,0),(80577,0,0),(80582,0,0),(80583,0,0),(80584,0,0),(80585,0,0),(80586,0,0),(80587,0,0),(80588,0,0),(80589,0,0),(80590,0,0),(80591,0,0),(80592,0,0),(80600,0,0),(80601,0,0),(80602,0,0),(80604,0,0),(80605,0,0),(80606,0,0),(80607,0,0),(80610,0,0),(80611,0,0),(80612,0,0),(80613,0,0),(80614,0,0),(80615,0,0),(80622,0,0),(80624,0,0),(80625,0,0),(80626,0,0),(80627,0,0),(80628,0,0),(80629,0,0),(80630,0,0),(80632,0,0),(80633,0,0),(80634,0,0),(80635,0,0),(80636,0,0),(80637,0,0),(80640,0,0),(80642,0,0),(80643,0,0),(80644,0,0),(80646,0,0),(80647,0,0),(80648,0,0),(80649,0,0),(80650,0,0),(80652,0,0),(80655,0,0),(80656,0,0),(80660,0,0),(80667,0,0),(80668,0,0),(80670,0,0),(80671,0,0),(80673,0,0),(80674,0,0),(80675,0,0),(80678,0,0),(80679,0,0),(80680,0,0),(80683,0,0),(80686,0,0),(80705,0,0),(80706,0,0),(80707,0,0),(80712,0,0),(80713,0,0),(80714,0,0),(80715,0,0),(80716,0,0),(80717,0,0),(80718,0,0),(80719,0,0),(80720,0,0),(80721,0,0),(80722,0,0),(80723,0,0),(80724,0,0),(80725,0,0),(80736,0,0),(80737,0,0),(80738,0,0),(80739,0,0),(80740,0,0),(80741,0,0),(80742,0,0),(80743,0,0),(80744,0,0),(80745,0,0),(80746,0,0),(80747,0,0),(80748,0,0),(80749,0,0),(80750,0,0),(80751,0,0),(80752,0,0),(80753,0,0),(80754,0,0),(80755,0,0),(80756,0,0),(80757,0,0),(80758,0,0),(80759,0,0),(80760,0,0),(80761,0,0),(80762,0,0),(80764,0,0),(80765,0,0),(80766,0,0),(80767,0,0),(80768,0,0),(80769,0,0),(80770,0,0),(80771,0,0),(80772,0,0),(80773,0,0),(80774,0,0),(80775,0,0),(80776,0,0),(80779,0,0),(80780,0,0),(80784,0,0),(80788,0,0),(80789,0,0),(80790,0,0),(80791,0,0),(80795,0,0),(80796,0,0),(80797,0,0),(80798,0,0),(80799,0,0),(80800,0,0),(80801,0,0),(80802,0,0),(80803,0,0),(80804,0,0),(80805,0,0),(80806,0,0),(80807,0,0),(80808,0,0),(80809,0,0),(80810,0,0),(80811,0,0),(80812,0,0),(80813,0,0),(80814,0,0),(80815,0,0),(80817,0,0),(80818,0,0),(80819,0,0),(80820,0,0),(80821,0,0),(80822,0,0),(80823,0,0),(80824,0,0),(80825,0,0),(80826,0,0),(80833,0,0),(80834,0,0),(80835,0,0),(80836,0,0),(80837,0,0),(80838,0,0),(80839,0,0),(80840,0,0),(80841,0,0),(80842,0,0),(80843,0,0),(80844,0,0),(80845,0,0),(80847,0,0),(80848,0,0),(80849,0,0),(80850,0,0),(80855,0,0),(80856,0,0),(80857,0,0),(80858,0,0),(80859,0,0),(80860,0,0),(80861,0,0),(80863,0,0),(80864,0,0),(80865,0,0),(80866,0,0),(80867,0,0),(80868,0,0),(80869,0,0),(80870,0,0),(80871,0,0),(80872,0,0),(80873,0,0),(80874,0,0),(80875,0,0),(80876,0,0),(80877,0,0),(80880,0,0),(80882,0,0),(80883,0,0),(80884,0,0),(80885,0,0),(80886,0,0),(80887,0,0),(80888,0,0),(80889,0,0),(80890,0,0),(80891,0,0),(80892,0,0),(80893,0,0),(80894,0,0),(80895,0,0),(80896,0,0),(80897,0,0),(80898,0,0),(80899,0,0),(80900,0,0),(80901,0,0),(80902,0,0),(80904,0,0),(80905,0,0),(80906,0,0),(80907,0,0),(80908,0,0),(80909,0,0),(80910,0,0),(80913,0,0),(80918,0,0),(80919,0,0),(80921,0,0),(80924,0,0),(80925,0,0),(80926,0,0),(80927,0,0),(80928,0,0),(80931,0,0),(80932,0,0),(80933,0,0),(80934,0,0),(80935,0,0),(80936,0,0),(80937,0,0),(80938,0,0),(80939,0,0),(80940,0,0),(80941,0,0),(80942,0,0),(80943,0,0),(80944,0,0),(80945,0,0),(80950,0,0),(80951,0,0),(80952,0,0),(80953,0,0),(80954,0,0),(80955,0,0),(80957,0,0),(80958,0,0),(80959,0,0),(80977,0,0),(80978,0,0),(80981,0,0),(80982,0,0),(80988,0,0),(80989,0,0),(80990,0,0),(80991,0,0),(80992,0,0),(80993,0,0),(80994,0,0),(80995,0,0),(81018,0,0),(81043,0,0),(81050,0,0),(81051,0,0),(81053,0,0),(81055,0,0),(81060,0,0),(81062,0,0),(81063,0,0),(81064,0,0),(81066,0,0),(81067,0,0),(81072,0,0),(81083,0,0),(81103,0,0),(81104,0,0),(81105,0,0),(81142,0,0),(81143,0,0),(81144,0,0),(81039,0,0),(81085,0,0),(81089,0,0),(81130,0,0),(81131,0,0),(81132,0,0),(81133,0,0),(81134,0,0),(81135,0,0),(81140,0,0),(81141,0,0),(81139,0,0),(81149,0,0),(81151,0,0),(81153,0,0),(81154,0,0),(81156,0,0),(81157,0,0),(81159,0,0),(81160,0,0),(81161,0,0),(81162,0,0),(81163,0,0),(81164,0,0),(81165,0,0),(81166,0,0),(81167,0,0),(81168,0,0),(81169,0,0),(81173,0,0),(81175,0,0),(81183,0,0),(81185,0,0),(81190,0,0),(81193,0,0),(81194,0,0),(81196,0,0),(81199,0,0),(81201,0,0),(81202,0,0),(81205,0,0),(81206,0,0),(81207,0,0),(81213,0,0),(81215,0,0),(81217,0,0),(81220,0,0),(81221,0,0),(81222,0,0),(81224,0,0),(81226,0,0),(81228,0,0),(81231,0,0),(81243,0,0),(81254,0,0),(81255,0,0),(81535,0,0),(81564,0,0),(83185,0,0),(81253,0,0),(81257,0,0),(81258,0,0),(81266,0,0),(81319,0,0),(81320,0,0),(81256,0,0),(81260,0,0),(81261,0,0),(81523,0,0),(81524,0,0),(81549,0,0),(83192,0,0),(83196,0,0),(81259,0,0),(81268,0,0),(81269,0,0),(81321,0,0),(83190,0,0),(81267,0,0),(81270,0,0),(81271,0,0),(81272,0,0),(81283,0,0),(81284,0,0),(81282,0,0),(81285,0,0),(81286,0,0),(81287,0,0),(81288,0,0),(81289,0,0),(81290,0,0),(81291,0,0),(81292,0,0),(81293,0,0),(81294,0,0),(81295,0,0),(81296,0,0),(81297,0,0),(81298,0,0),(81299,0,0),(81300,0,0),(81301,0,0),(81302,0,0),(81306,0,0),(81307,0,0),(81308,0,0),(81309,0,0),(81310,0,0),(81311,0,0),(81312,0,0),(81313,0,0),(81314,0,0),(81315,0,0),(81316,0,0),(81317,0,0),(81318,0,0),(81322,0,0),(81323,0,0),(81324,0,0),(81325,0,0),(81326,0,0),(81327,0,0),(81328,0,0),(81329,0,0),(81330,0,0),(81331,0,0),(81332,0,0),(81336,0,0),(81339,0,0),(81340,0,0),(81341,0,0),(81342,0,0),(81343,0,0),(81345,0,0),(81346,0,0),(81351,0,0),(81352,0,0),(81353,0,0),(81356,0,0),(81358,0,0),(81359,0,0),(81360,0,0),(81362,0,0),(81365,0,0),(81372,0,0),(81377,0,0),(81379,0,0),(81380,0,0),(81381,0,0),(81382,0,0),(81383,0,0),(81384,0,0),(81385,0,0),(81386,0,0),(81388,0,0),(81389,0,0),(81390,0,0),(81391,0,0),(81393,0,0),(81394,0,0),(81395,0,0),(81396,0,0),(81397,0,0),(81398,0,0),(81407,0,0),(81411,0,0),(81412,0,0),(81413,0,0),(81414,0,0),(81415,0,0),(81416,0,0),(81417,0,0),(81418,0,0),(81419,0,0),(81420,0,0),(81421,0,0),(81422,0,0),(81423,0,0),(81424,0,0),(81425,0,0),(81428,0,0),(81430,0,0),(81431,0,0),(81432,0,0),(81433,0,0),(81434,0,0),(81435,0,0),(81438,0,0),(81439,0,0),(81440,0,0),(81441,0,0),(81442,0,0),(81443,0,0),(81444,0,0),(81447,0,0),(81449,0,0),(81450,0,0),(81454,0,0),(81455,0,0),(81456,0,0),(81457,0,0),(81458,0,0),(81459,0,0),(81460,0,0),(81461,0,0),(81463,0,0),(81464,0,0),(81465,0,0),(81466,0,0),(81467,0,0),(81468,0,0),(81469,0,0),(81470,0,0),(81471,0,0),(81474,0,0),(81475,0,0),(81476,0,0),(81477,0,0),(81478,0,0),(81479,0,0),(81480,0,0),(81483,0,0),(81484,0,0),(81485,0,0),(81486,0,0),(81487,0,0),(81488,0,0),(81489,0,0),(81490,0,0),(81491,0,0),(81492,0,0),(81493,0,0),(81494,0,0),(81495,0,0),(81496,0,0),(81497,0,0),(81498,0,0),(81500,0,0),(81501,0,0),(81502,0,0),(81503,0,0),(81504,0,0),(81505,0,0),(81506,0,0),(81508,0,0),(81509,0,0),(81510,0,0),(81511,0,0),(81512,0,0),(81514,0,0),(81515,0,0),(81517,0,0),(81519,0,0),(81520,0,0),(81521,0,0),(81818,0,0),(81819,0,0),(81821,0,0),(81822,0,0),(81823,0,0),(81824,0,0),(81825,0,0),(81826,0,0),(81827,0,0),(81828,0,0),(81830,0,0),(81831,0,0),(81832,0,0),(81834,0,0),(81835,0,0),(81836,0,0),(81837,0,0),(81838,0,0),(81839,0,0),(81840,0,0),(81841,0,0),(81842,0,0),(81843,0,0),(81844,0,0),(81845,0,0),(81846,0,0),(81847,0,0),(81848,0,0),(81849,0,0),(81850,0,0),(81851,0,0),(81852,0,0),(81853,0,0),(81854,0,0),(81855,0,0),(81856,0,0),(81857,0,0),(81858,0,0),(81859,0,0),(81860,0,0),(81861,0,0),(81862,0,0),(81863,0,0),(81864,0,0),(81865,0,0),(81866,0,0),(81867,0,0),(81868,0,0),(81869,0,0),(81874,0,0),(81875,0,0),(81881,0,0),(81882,0,0),(81883,0,0),(81884,0,0),(81885,0,0),(81886,0,0),(81887,0,0),(81888,0,0),(82179,0,0),(82180,0,0),(82640,0,0),(82642,0,0),(81816,0,0),(81833,0,0),(81871,0,0),(81872,0,0),(81873,0,0),(81876,0,0),(81877,0,0),(81879,0,0),(81880,0,0),(81978,0,0),(82181,0,0),(82182,0,0),(82338,0,0),(82884,0,0),(81870,0,0),(81891,0,0),(81893,0,0),(81895,0,0),(81896,0,0),(81897,0,0),(81899,0,0),(81900,0,0),(81901,0,0),(81903,0,0),(81904,0,0),(81905,0,0),(81906,0,0),(81907,0,0),(81908,0,0),(81909,0,0),(81910,0,0),(81911,0,0),(81912,0,0),(81913,0,0),(81915,0,0),(81916,0,0),(81917,0,0),(81918,0,0),(81920,0,0),(81921,0,0),(81922,0,0),(81923,0,0),(81924,0,0),(81925,0,0),(81926,0,0),(81928,0,0),(81929,0,0),(81930,0,0),(81931,0,0),(81932,0,0),(81933,0,0),(81934,0,0),(81935,0,0),(81938,0,0),(81939,0,0),(81940,0,0),(81941,0,0),(81942,0,0),(81943,0,0),(81944,0,0),(81945,0,0),(81947,0,0),(81949,0,0),(81950,0,0),(81951,0,0),(81953,0,0),(81954,0,0),(81955,0,0),(81956,0,0),(81958,0,0),(81959,0,0),(81961,0,0),(81962,0,0),(81963,0,0),(81964,0,0),(81965,0,0),(81966,0,0),(81967,0,0),(81999,0,0),(82003,0,0),(82004,0,0),(82005,0,0),(82019,0,0),(82021,0,0),(82022,0,0),(82024,0,0),(82025,0,0),(82026,0,0),(82027,0,0),(82028,0,0),(82029,0,0),(82031,0,0),(82032,0,0),(82033,0,0),(82034,0,0),(82035,0,0),(82036,0,0),(82037,0,0),(82038,0,0),(82039,0,0),(82040,0,0),(82041,0,0),(82042,0,0),(82043,0,0),(82044,0,0),(82045,0,0),(82046,0,0),(82047,0,0),(82048,0,0),(82049,0,0),(82050,0,0),(82052,0,0),(82053,0,0),(82054,0,0),(82055,0,0),(82072,0,0),(82073,0,0),(82074,0,0),(82075,0,0),(82076,0,0),(82077,0,0),(82078,0,0),(82079,0,0),(82080,0,0),(82081,0,0),(82082,0,0),(82083,0,0),(82084,0,0),(82085,0,0),(82086,0,0),(82087,0,0),(82088,0,0),(82089,0,0),(82090,0,0),(82092,0,0),(82093,0,0),(82094,0,0),(82095,0,0),(82096,0,0),(82097,0,0),(82098,0,0),(82099,0,0),(82100,0,0),(82101,0,0),(82102,0,0),(82103,0,0),(82104,0,0),(82105,0,0),(82106,0,0),(82108,0,0),(82109,0,0),(82110,0,0),(82111,0,0),(82112,0,0),(82113,0,0),(82114,0,0),(82115,0,0),(82116,0,0),(82117,0,0),(82118,0,0),(82123,0,0),(82125,0,0),(82254,0,0),(82260,0,0),(82383,0,0),(82389,0,0),(82533,0,0),(82018,0,0),(82056,0,0),(82124,0,0),(82185,0,0),(82189,0,0),(82190,0,0),(82198,0,0),(82199,0,0),(82200,0,0),(82201,0,0),(82206,0,0),(82248,0,0),(82249,0,0),(82252,0,0),(82392,0,0),(82409,0,0),(82412,0,0),(82459,0,0),(82460,0,0),(82461,0,0),(82462,0,0),(82463,0,0),(82464,0,0),(82465,0,0),(82466,0,0),(82468,0,0),(82470,0,0),(82472,0,0),(82473,0,0),(82474,0,0),(82475,0,0),(82476,0,0),(82477,0,0),(82478,0,0),(82479,0,0),(82480,0,0),(82481,0,0),(82483,0,0),(82484,0,0),(82485,0,0),(82486,0,0),(82487,0,0),(82488,0,0),(82489,0,0),(82492,0,0),(82493,0,0),(82057,0,0),(82064,0,0),(82065,0,0),(82066,0,0),(82069,0,0),(82070,0,0),(82071,0,0),(82063,0,0),(82122,0,0),(82126,0,0),(82130,0,0),(82131,0,0),(82132,0,0),(82133,0,0),(82136,0,0),(82140,0,0),(82141,0,0),(82143,0,0),(82144,0,0),(82184,0,0),(82203,0,0),(82204,0,0),(82205,0,0),(82241,0,0),(82242,0,0),(82247,0,0),(82250,0,0),(82251,0,0),(82275,0,0),(82276,0,0),(82129,0,0),(82145,0,0),(82146,0,0),(82147,0,0),(82149,0,0),(82150,0,0),(82151,0,0),(82152,0,0),(82153,0,0),(82154,0,0),(82155,0,0),(82156,0,0),(82157,0,0),(82158,0,0),(82160,0,0),(82161,0,0),(82162,0,0),(82164,0,0),(82165,0,0),(82171,0,0),(82187,0,0),(82191,0,0),(82192,0,0),(82194,0,0),(82196,0,0),(82202,0,0),(82208,0,0),(82210,0,0),(82212,0,0),(82214,0,0),(82216,0,0),(82218,0,0),(82220,0,0),(82222,0,0),(82224,0,0),(82226,0,0),(82228,0,0),(82230,0,0),(82232,0,0),(82234,0,0),(82236,0,0),(82238,0,0),(82240,0,0),(82245,0,0),(82253,0,0),(82256,0,0),(82258,0,0),(82262,0,0),(82264,0,0),(82266,0,0),(82268,0,0),(82270,0,0),(82272,0,0),(82274,0,0),(82278,0,0),(82280,0,0),(82282,0,0),(82284,0,0),(82286,0,0),(82288,0,0),(82290,0,0),(82292,0,0),(82294,0,0),(82296,0,0),(82298,0,0),(82300,0,0),(82301,0,0),(82302,0,0),(82303,0,0),(82304,0,0),(82305,0,0),(82306,0,0),(82307,0,0),(82308,0,0),(82309,0,0),(82310,0,0),(82311,0,0),(82312,0,0),(82313,0,0),(82314,0,0),(82315,0,0),(82316,0,0),(82317,0,0),(82318,0,0),(82319,0,0),(82320,0,0),(82321,0,0),(82322,0,0),(82323,0,0),(82324,0,0),(82325,0,0),(82326,0,0),(82327,0,0),(82328,0,0),(82329,0,0),(82330,0,0),(82331,0,0),(82332,0,0),(82333,0,0),(82334,0,0),(82335,0,0),(82337,0,0),(82349,0,0),(82350,0,0),(82348,0,0),(82356,0,0),(82362,0,0),(82363,0,0),(82364,0,0),(82366,0,0),(82367,0,0),(82368,0,0),(82369,0,0),(82370,0,0),(82371,0,0),(82372,0,0),(82373,0,0),(82374,0,0),(82375,0,0),(82376,0,0),(82377,0,0),(82378,0,0),(82379,0,0),(82380,0,0),(82381,0,0),(82382,0,0),(82395,0,0),(82397,0,0),(82399,0,0),(82401,0,0),(82403,0,0),(82405,0,0),(82407,0,0),(82411,0,0),(82425,0,0),(82426,0,0),(82427,0,0),(82429,0,0),(82431,0,0),(82432,0,0),(82433,0,0),(82434,0,0),(82435,0,0),(82437,0,0),(82438,0,0),(82439,0,0),(82440,0,0),(82442,0,0),(82443,0,0),(82445,0,0),(82491,0,0),(82495,0,0),(82498,0,0),(82499,0,0),(82501,0,0),(82502,0,0),(82504,0,0),(82505,0,0),(82506,0,0),(82507,0,0),(82508,0,0),(82509,0,0),(82510,0,0),(82518,0,0),(82520,0,0),(82521,0,0),(82523,0,0),(82524,0,0),(82526,0,0),(82527,0,0),(82528,0,0),(82529,0,0),(82530,0,0),(82531,0,0),(82532,0,0),(82546,0,0),(82547,0,0),(82553,0,0),(82555,0,0),(82573,0,0),(82596,0,0),(82598,0,0),(82599,0,0),(82600,0,0),(82601,0,0),(82602,0,0),(82603,0,0),(82605,0,0),(82606,0,0),(82607,0,0),(82608,0,0),(82609,0,0),(82610,0,0),(82611,0,0),(82612,0,0),(82613,0,0),(82614,0,0),(82615,0,0),(82616,0,0),(82618,0,0),(82619,0,0),(82621,0,0),(82622,0,0),(82623,0,0),(82624,0,0),(82625,0,0),(82626,0,0),(82627,0,0),(82628,0,0),(82629,0,0),(82630,0,0),(82631,0,0),(82632,0,0),(82633,0,0),(82634,0,0),(82635,0,0),(82636,0,0),(82637,0,0),(82638,0,0),(82639,0,0),(82641,0,0),(82643,0,0),(82644,0,0),(82649,0,0),(82650,0,0),(82651,0,0),(82652,0,0),(82653,0,0),(82654,0,0),(82655,0,0),(82656,0,0),(82657,0,0),(82658,0,0),(82659,0,0),(82660,0,0),(82661,0,0),(82662,0,0),(82663,0,0),(82664,0,0),(82665,0,0),(82666,0,0),(82667,0,0),(82668,0,0),(82669,0,0),(82670,0,0),(82671,0,0),(82672,0,0),(82673,0,0),(82674,0,0),(82675,0,0),(82676,0,0),(82677,0,0),(82678,0,0),(82679,0,0),(82680,0,0),(82681,0,0),(82682,0,0),(82684,0,0),(82685,0,0),(82686,0,0),(82687,0,0),(82688,0,0),(82689,0,0),(82690,0,0),(82691,0,0),(82692,0,0),(82693,0,0),(82694,0,0),(82695,0,0),(82696,0,0),(82698,0,0),(82699,0,0),(82700,0,0),(82701,0,0),(82702,0,0),(82703,0,0),(82704,0,0),(82705,0,0),(82706,0,0),(82707,0,0),(82708,0,0),(82709,0,0),(82710,0,0),(82711,0,0),(82712,0,0),(82713,0,0),(82714,0,0),(82715,0,0),(82717,0,0),(82718,0,0),(82720,0,0),(82721,0,0),(82722,0,0),(82727,0,0),(82728,0,0),(82729,0,0),(82730,0,0),(82731,0,0),(82737,0,0),(82768,0,0),(82769,0,0),(82928,0,0),(82929,0,0),(82930,0,0),(82931,0,0),(82932,0,0),(82933,0,0),(82934,0,0),(82935,0,0),(82936,0,0),(82937,0,0),(82938,0,0),(82939,0,0),(82940,0,0),(82941,0,0),(82942,0,0),(82943,0,0),(82944,0,0),(82945,0,0),(82946,0,0),(82947,0,0),(82948,0,0),(82949,0,0),(82950,0,0),(82951,0,0),(82952,0,0),(83063,0,0),(83065,0,0),(83066,0,0),(83068,0,0),(83069,0,0),(82519,0,0),(82536,0,0),(82538,0,0),(82541,0,0),(82552,0,0),(82557,0,0),(82558,0,0),(82559,0,0),(82561,0,0),(82562,0,0),(82563,0,0),(82565,0,0),(82566,0,0),(82567,0,0),(82568,0,0),(82569,0,0),(82570,0,0),(82571,0,0),(82572,0,0),(82578,0,0),(82581,0,0),(82582,0,0),(82583,0,0),(82584,0,0),(82585,0,0),(82743,0,0),(82748,0,0),(82751,0,0),(82754,0,0),(82761,0,0),(82763,0,0),(82764,0,0),(82765,0,0),(82766,0,0),(82767,0,0),(82779,0,0),(82780,0,0),(82788,0,0),(82789,0,0),(82790,0,0),(82794,0,0),(82820,0,0),(82836,0,0),(82837,0,0),(82838,0,0),(82877,0,0),(82878,0,0),(82879,0,0),(82880,0,0),(82882,0,0),(82889,0,0),(82894,0,0),(82916,0,0),(83030,0,0),(82556,0,0),(82575,0,0),(82577,0,0),(82580,0,0),(82588,0,0),(82590,0,0),(82591,0,0),(82592,0,0),(82593,0,0),(82594,0,0),(82595,0,0),(82645,0,0),(82646,0,0),(82647,0,0),(82648,0,0),(82725,0,0),(82726,0,0),(82732,0,0),(82733,0,0),(82734,0,0),(82735,0,0),(82740,0,0),(82741,0,0),(82742,0,0),(82744,0,0),(82746,0,0),(82747,0,0),(82749,0,0),(82750,0,0),(82752,0,0),(82755,0,0),(82756,0,0),(82757,0,0),(82758,0,0),(82759,0,0),(82760,0,0),(82762,0,0),(82772,0,0),(82774,0,0),(82775,0,0),(82777,0,0),(82778,0,0),(82783,0,0),(82785,0,0),(82786,0,0),(82787,0,0),(82797,0,0),(82798,0,0),(82801,0,0),(82802,0,0),(82803,0,0),(82804,0,0),(82805,0,0),(82806,0,0),(82807,0,0),(82808,0,0),(82809,0,0),(82810,0,0),(82811,0,0),(82812,0,0),(82813,0,0),(82814,0,0),(82815,0,0),(82816,0,0),(82817,0,0),(82818,0,0),(82819,0,0),(82821,0,0),(82822,0,0),(82823,0,0),(82824,0,0),(82825,0,0),(82826,0,0),(82827,0,0),(82828,0,0),(82829,0,0),(82830,0,0),(82831,0,0),(82832,0,0),(82833,0,0),(82834,0,0),(82835,0,0),(82839,0,0),(82840,0,0),(82841,0,0),(82842,0,0),(82844,0,0),(82846,0,0),(82847,0,0),(82848,0,0),(82850,0,0),(82851,0,0),(82852,0,0),(82853,0,0),(82854,0,0),(82855,0,0),(82856,0,0),(82857,0,0),(82858,0,0),(82859,0,0),(82860,0,0),(82861,0,0),(82862,0,0),(82863,0,0),(82864,0,0),(82865,0,0),(82866,0,0),(82867,0,0),(82868,0,0),(82869,0,0),(82870,0,0),(82871,0,0),(82872,0,0),(82873,0,0),(82874,0,0),(82875,0,0),(82876,0,0),(82886,0,0),(82890,0,0),(82891,0,0),(82892,0,0),(82893,0,0),(82895,0,0),(82896,0,0),(82897,0,0),(82898,0,0),(82899,0,0),(82900,0,0),(82901,0,0),(82902,0,0),(82903,0,0),(82904,0,0),(82905,0,0),(82906,0,0),(82907,0,0),(82908,0,0),(82909,0,0),(82910,0,0),(82911,0,0),(82912,0,0),(82914,0,0),(82915,0,0),(82919,0,0),(82920,0,0),(82921,0,0),(82922,0,0),(82923,0,0),(82924,0,0),(82925,0,0),(82926,0,0),(82983,0,0),(82985,0,0),(82986,0,0),(82987,0,0),(82988,0,0),(82989,0,0),(82990,0,0),(82991,0,0),(82992,0,0),(82993,0,0),(82994,0,0),(82995,0,0),(82996,0,0),(82997,0,0),(82998,0,0),(82999,0,0),(83000,0,0),(83001,0,0),(83002,0,0),(83003,0,0),(83005,0,0),(83006,0,0),(83007,0,0),(83008,0,0),(83009,0,0),(83010,0,0),(83011,0,0),(83012,0,0),(83013,0,0),(83014,0,0),(83015,0,0),(83016,0,0),(83017,0,0),(83018,0,0),(83019,0,0),(83020,0,0),(83021,0,0),(83022,0,0),(83023,0,0),(83024,0,0),(83025,0,0),(83026,0,0),(83027,0,0),(83028,0,0),(83029,0,0),(83031,0,0),(83032,0,0),(83033,0,0),(83034,0,0),(83035,0,0),(83036,0,0),(83037,0,0),(83038,0,0),(83039,0,0),(83040,0,0),(83041,0,0),(83042,0,0),(83043,0,0),(83044,0,0),(83045,0,0),(83046,0,0),(83048,0,0),(83049,0,0),(83050,0,0),(83051,0,0),(83052,0,0),(83053,0,0),(83054,0,0),(83055,0,0),(83056,0,0),(83070,0,0),(83108,0,0),(83109,0,0),(83107,0,0),(83110,0,0),(83111,0,0),(83112,0,0),(83113,0,0),(83114,0,0),(83115,0,0),(83116,0,0),(83117,0,0),(83118,0,0),(83119,0,0),(83120,0,0),(83121,0,0),(83122,0,0),(83123,0,0),(83124,0,0),(83125,0,0),(83126,0,0),(83127,0,0),(83128,0,0),(83129,0,0),(83130,0,0),(83131,0,0),(83132,0,0),(83133,0,0),(83134,0,0),(83135,0,0),(83136,0,0),(83138,0,0),(83139,0,0),(83140,0,0),(83141,0,0),(83142,0,0),(83143,0,0),(83144,0,0),(83145,0,0),(83146,0,0),(83147,0,0),(83148,0,0),(83149,0,0),(83150,0,0),(83151,0,0),(83152,0,0),(83153,0,0),(83154,0,0),(83155,0,0),(83156,0,0),(83157,0,0),(83158,0,0),(83159,0,0),(83160,0,0),(83161,0,0),(83162,0,0),(83163,0,0),(83167,0,0),(83168,0,0),(83169,0,0),(83170,0,0),(83171,0,0),(83172,0,0),(83173,0,0),(83174,0,0),(83175,0,0),(83176,0,0),(83177,0,0),(83178,0,0),(83179,0,0),(83180,0,0),(83181,0,0),(83182,0,0),(83183,0,0),(83184,0,0),(83186,0,0),(83187,0,0),(83188,0,0),(83189,0,0),(83191,0,0),(83193,0,0),(83194,0,0),(83195,0,0),(83197,0,0),(83201,0,0),(83202,0,0),(83203,0,0),(83204,0,0),(83206,0,0),(83207,0,0),(83205,0,0),(83209,0,0),(83210,0,0),(83208,0,0),(83211,0,0),(83212,0,0),(83214,0,0),(83215,0,0),(83213,0,0),(285,0,0),(286,0,0),(287,0,0),(345,0,0),(346,0,0),(347,0,0),(348,0,0),(351,0,0),(358,0,0),(359,0,0),(360,0,0),(366,0,0),(367,0,0),(368,0,0),(378,0,0),(386,0,0),(387,0,0),(402,0,0),(427,0,0),(431,0,0),(432,0,0),(433,0,0),(434,0,0),(435,0,0),(437,0,0),(476,0,0),(570,0,0),(577,0,0),(634,0,0),(644,0,0),(646,0,0),(648,0,0),(650,0,0),(651,0,0),(652,0,0),(653,0,0),(658,0,0),(788,0,0),(789,0,0),(790,0,0),(792,0,0),(794,0,0),(820,0,0),(841,0,0),(1222,0,0),(1223,0,0),(1224,0,0),(1225,0,0),(1226,0,0),(1228,0,0),(1230,0,0),(1231,0,0),(1232,0,0),(1233,0,0),(1242,0,0),(1243,0,0),(1261,0,0),(1266,0,0),(1286,0,0),(1302,0,0),(1304,0,0),(1305,0,0),(1307,0,0),(1325,0,0),(1327,0,0),(1383,0,0),(1384,0,0),(1385,0,0),(1389,0,0),(1416,0,0),(1433,0,0),(1437,0,0),(1487,0,0),(1488,0,0),(1497,0,0),(1504,0,0),(1505,0,0),(1509,0,0),(1510,0,0),(1516,0,0),(1531,0,0),(1532,0,0),(1533,0,0),(1534,0,0),(1549,0,0),(1550,0,0),(1551,0,0),(1605,0,0),(1617,0,0),(1622,0,0),(1629,0,0),(1642,0,0),(1657,0,0),(1663,0,0),(1705,0,0),(1706,0,0),(1709,0,0),(1710,0,0),(1711,0,0),(1712,0,0),(1713,0,0),(1714,0,0),(1716,0,0),(1719,0,0),(1720,0,0),(1721,0,0),(1722,0,0),(1723,0,0),(1726,0,0),(1728,0,0),(1730,0,0),(1732,0,0),(1733,0,0),(1735,0,0),(1737,0,0),(1739,0,0),(1741,0,0),(1742,0,0),(1744,0,0),(1746,0,0),(1749,0,0),(1751,0,0),(1753,0,0),(1764,0,0),(1774,0,0),(1781,0,0),(1799,0,0),(83327,8,0),(83329,0,0),(83268,0,0),(83363,0,0),(83372,0,0),(83384,0,0),(83391,0,0),(83402,0,0),(83407,0,0),(83411,0,0),(83410,0,0),(83409,0,0),(83314,0,0),(83308,0,0),(83431,0,0),(83445,0,0),(83446,0,0),(83444,0,0),(83463,0,0),(83487,0,0),(83495,0,0),(83498,0,0),(83506,0,0),(83510,0,0),(83496,0,0),(83517,0,0),(83524,0,0),(83530,0,0),(83532,0,0),(83554,0,0),(83566,0,0),(83576,0,3),(83583,0,0),(83585,0,0),(83244,0,0),(83243,0,0),(83242,0,0),(83233,0,0),(83221,0,0),(83257,0,0),(83270,0,0),(83295,0,0),(83296,0,0),(83304,0,0),(83307,0,0),(83573,0,0),(83593,0,0),(83594,0,0),(83633,0,0),(83608,0,0),(83645,0,0),(83611,0,0),(83652,0,0),(49484,0,0),(49487,0,0),(49488,0,0),(83313,0,0),(83332,0,0),(83435,0,0),(83436,0,0),(83434,0,0),(83484,0,0),(83485,0,0),(83483,0,0),(83655,0,0),(83679,0,0),(83664,0,0),(83670,0,0),(83677,0,0),(83676,0,0),(83680,0,0),(83682,0,0),(83684,0,0),(83685,0,0),(83698,0,0),(83710,0,0),(83720,0,3),(83724,0,0),(83706,0,0),(83707,0,0),(83721,0,0),(83681,0,0),(83686,0,0),(83727,0,0),(83735,0,0),(83737,0,0),(83738,0,0),(83740,0,0),(83744,0,0),(83747,0,0),(83749,0,0),(83754,0,0),(83756,0,0),(83748,0,0),(83760,0,0),(83762,0,0),(83764,0,0),(83765,0,0),(83767,0,0),(83750,0,0),(83751,0,0),(83753,0,0),(83759,0,0),(83769,0,0),(83771,0,0),(83808,0,0),(83811,0,0),(83815,0,0),(83819,0,0),(83822,0,0),(83824,0,0),(83825,0,0),(83835,0,0),(83839,0,0),(83843,0,0),(83830,0,0),(83853,0,0),(83834,0,0),(83850,0,0),(83851,0,0),(83838,0,0),(83862,0,0),(83856,0,0),(83870,0,0),(83860,0,0),(83879,0,0),(83867,0,0),(83886,0,0),(83876,0,0),(83883,0,0),(83894,0,0),(83884,0,0),(49816,0,0),(49868,0,0),(49869,0,0),(49815,0,0),(49814,0,0),(49866,0,0),(49867,0,0),(50190,0,0),(50191,0,0),(49812,0,0),(49803,0,0),(49806,0,0),(49808,0,0),(49809,0,0),(49810,0,0),(49811,0,0),(49813,0,0),(49862,0,0),(49863,0,0),(49864,0,0),(49865,0,0),(49802,0,0),(49260,0,0),(49262,0,0),(49263,0,0),(49264,0,0),(49265,0,0),(49272,0,0),(49273,0,0),(49274,0,0),(49278,0,0),(49418,0,0),(49419,0,0),(83845,0,0),(49258,0,0),(83890,0,0),(83905,0,0),(83893,0,0),(83908,0,0),(83916,1,0),(83918,0,0),(83914,0,0),(83921,0,0),(83915,0,0),(83925,0,0),(83926,0,0),(83930,0,0),(83944,0,0),(83948,0,0),(83951,0,0),(83954,0,0),(83938,0,0),(83940,0,0),(83970,0,0),(83973,0,0),(83976,0,0),(83979,0,0),(83981,0,0),(83985,0,0),(83987,0,0),(83990,0,0),(83993,0,0),(83996,0,0),(83959,0,0),(83960,0,0),(83961,0,0),(83969,0,0),(84002,0,0),(84008,0,0),(84015,0,0),(84057,0,0),(84060,0,0),(84064,0,0),(84068,0,0),(84072,0,0),(84076,0,0),(84080,0,0),(84084,0,0),(84088,0,0),(84092,0,0),(84096,0,0),(84100,0,0),(84104,0,0),(84108,0,0),(84112,0,0),(84117,0,0),(84121,0,0),(84125,0,0),(84129,0,0),(84133,0,0),(84138,0,0),(84043,0,0),(84054,0,0),(84116,0,0),(84166,0,0),(84169,0,0),(84172,0,0),(84176,0,0),(84179,0,0),(84182,0,0),(84185,0,0),(84162,0,0),(84164,0,0),(84200,0,0),(84191,0,0),(84192,0,0),(84195,0,0),(84198,0,0),(84225,0,0),(84209,0,0),(84234,0,0),(84262,0,0),(84265,0,0),(84270,0,0),(84277,0,0),(84282,0,0),(84287,0,0),(84295,0,0),(84299,0,0),(84304,0,0),(84307,0,0),(84311,0,0),(84312,0,0),(84320,0,0),(84313,0,0),(84314,0,0),(84317,0,0),(84319,0,0),(84333,0,0),(84341,0,0),(84355,0,0),(84359,0,0),(84361,0,0);


